66.249.74.34 - - [17/Nov/2024:06:34:53 +0000] "GET /wp-content/page/?page=%E0%B9%82%E0%B8%AB%E0%B8%A5%E0%B8%94%E0%B9%81%E0%B8%AD%E0%B8%9E%E0%B8%AA%E0%B8%A5%E0%B9%87%E0%B8%AD%E0%B8%95 HTTP/1.1" 200 2237 "-" "Mozilla/5.0 (Linux; Android 6.0.1; Nexus 5X Build/MMB29P) AppleWebKit/537.36 (KHTML, like Gecko) Chrome/131.0.6778.69 Mobile Safari/537.36 (compatible; Googlebot/2.1; +http://www.google.com/bot.html)"
207.46.13.157 - - [17/Nov/2024:06:34:54 +0000] "GET /228641870 HTTP/1.1" 200 26609 "-" "Mozilla/5.0 AppleWebKit/537.36 (KHTML, like Gecko; compatible; bingbot/2.0; +http://www.bing.com/bingbot.htm) Chrome/116.0.1938.76 Safari/537.36"
207.46.13.157 - - [17/Nov/2024:06:34:56 +0000] "GET /359129030 HTTP/1.1" 200 23482 "-" "Mozilla/5.0 AppleWebKit/537.36 (KHTML, like Gecko; compatible; bingbot/2.0; +http://www.bing.com/bingbot.htm) Chrome/116.0.1938.76 Safari/537.36"
207.46.13.157 - - [17/Nov/2024:06:34:57 +0000] "GET /96952310 HTTP/1.1" 200 27392 "-" "Mozilla/5.0 AppleWebKit/537.36 (KHTML, like Gecko; compatible; bingbot/2.0; +http://www.bing.com/bingbot.htm) Chrome/116.0.1938.76 Safari/537.36"
54.83.240.58 - - [17/Nov/2024:06:34:57 +0000] "GET /103549dboyetidm73rbr.htm HTTP/1.1" 404 30917 "-" "Mozilla/5.0 (Macintosh; Intel Mac OS X 10_10_1) AppleWebKit/600.2.5 (KHTML, like Gecko) Version/8.0.2 Safari/600.2.5 (Amazonbot/0.1; +https://developer.amazon.com/support/amazonbot)"
207.46.13.157 - - [17/Nov/2024:06:34:58 +0000] "GET /6337190 HTTP/1.1" 200 27042 "-" "Mozilla/5.0 AppleWebKit/537.36 (KHTML, like Gecko; compatible; bingbot/2.0; +http://www.bing.com/bingbot.htm) Chrome/116.0.1938.76 Safari/537.36"
40.77.189.252 - - [17/Nov/2024:06:34:58 +0000] "GET /246418430 HTTP/1.1" 200 127550 "-" "Mozilla/5.0 AppleWebKit/537.36 (KHTML, like Gecko; compatible; bingbot/2.0; +http://www.bing.com/bingbot.htm) Chrome/100.0.4896.127 Safari/537.36"
57.141.3.27 - - [17/Nov/2024:06:34:59 +0000] "GET /9056zmdditems/etidm HTTP/1.1" 404 140463 "-" "meta-externalagent/1.1 (+https://developers.facebook.com/docs/sharing/webmasters/crawler)"
207.46.13.157 - - [17/Nov/2024:06:34:59 +0000] "GET /362510750 HTTP/1.1" 200 28036 "-" "Mozilla/5.0 AppleWebKit/537.36 (KHTML, like Gecko; compatible; bingbot/2.0; +http://www.bing.com/bingbot.htm) Chrome/116.0.1938.76 Safari/537.36"
207.46.13.157 - - [17/Nov/2024:06:35:00 +0000] "GET /238016750 HTTP/1.1" 200 25199 "-" "Mozilla/5.0 AppleWebKit/537.36 (KHTML, like Gecko; compatible; bingbot/2.0; +http://www.bing.com/bingbot.htm) Chrome/116.0.1938.76 Safari/537.36"
34.234.197.175 - - [17/Nov/2024:06:35:01 +0000] "GET /284780yyynitems/etidm77cy HTTP/1.1" 404 30906 "-" "Mozilla/5.0 (Macintosh; Intel Mac OS X 10_10_1) AppleWebKit/600.2.5 (KHTML, like Gecko) Version/8.0.2 Safari/600.2.5 (Amazonbot/0.1; +https://developer.amazon.com/support/amazonbot)"
207.46.13.157 - - [17/Nov/2024:06:35:02 +0000] "GET /77386670 HTTP/1.1" 200 27249 "-" "Mozilla/5.0 AppleWebKit/537.36 (KHTML, like Gecko; compatible; bingbot/2.0; +http://www.bing.com/bingbot.htm) Chrome/116.0.1938.76 Safari/537.36"
207.46.13.157 - - [17/Nov/2024:06:35:03 +0000] "GET /23938550 HTTP/1.1" 200 29132 "-" "Mozilla/5.0 AppleWebKit/537.36 (KHTML, like Gecko; compatible; bingbot/2.0; +http://www.bing.com/bingbot.htm) Chrome/116.0.1938.76 Safari/537.36"
66.249.74.35 - - [17/Nov/2024:06:35:03 +0000] "GET /289827yyynitems/etid.html HTTP/1.1" 200 24662 "-" "Mozilla/5.0 (Linux; Android 6.0.1; Nexus 5X Build/MMB29P) AppleWebKit/537.36 (KHTML, like Gecko) Chrome/131.0.6778.69 Mobile Safari/537.36 (compatible; Googlebot/2.1; +http://www.google.com/bot.html)"
207.46.13.157 - - [17/Nov/2024:06:35:04 +0000] "GET /100734830 HTTP/1.1" 200 28103 "-" "Mozilla/5.0 AppleWebKit/537.36 (KHTML, like Gecko; compatible; bingbot/2.0; +http://www.bing.com/bingbot.htm) Chrome/116.0.1938.76 Safari/537.36"
3.212.205.90 - - [17/Nov/2024:06:35:05 +0000] "GET /331395tbjqitems/etidm88z.html HTTP/1.1" 404 30905 "-" "Mozilla/5.0 (Macintosh; Intel Mac OS X 10_10_1) AppleWebKit/600.2.5 (KHTML, like Gecko) Version/8.0.2 Safari/600.2.5 (Amazonbot/0.1; +https://developer.amazon.com/support/amazonbot)"
207.46.13.157 - - [17/Nov/2024:06:35:06 +0000] "GET /362620670 HTTP/1.1" 200 24939 "-" "Mozilla/5.0 AppleWebKit/537.36 (KHTML, like Gecko; compatible; bingbot/2.0; +http://www.bing.com/bingbot.htm) Chrome/116.0.1938.76 Safari/537.36"
207.46.13.157 - - [17/Nov/2024:06:35:07 +0000] "GET /120105470 HTTP/1.1" 200 27264 "-" "Mozilla/5.0 AppleWebKit/537.36 (KHTML, like Gecko; compatible; bingbot/2.0; +http://www.bing.com/bingbot.htm) Chrome/116.0.1938.76 Safari/537.36"
207.46.13.157 - - [17/Nov/2024:06:35:08 +0000] "GET /224277350 HTTP/1.1" 200 24433 "-" "Mozilla/5.0 AppleWebKit/537.36 (KHTML, like Gecko; compatible; bingbot/2.0; +http://www.bing.com/bingbot.htm) Chrome/116.0.1938.76 Safari/537.36"
207.46.13.157 - - [17/Nov/2024:06:35:09 +0000] "GET /363495110 HTTP/1.1" 200 25282 "-" "Mozilla/5.0 AppleWebKit/537.36 (KHTML, like Gecko; compatible; bingbot/2.0; +http://www.bing.com/bingbot.htm) Chrome/116.0.1938.76 Safari/537.36"
44.223.115.10 - - [17/Nov/2024:06:35:09 +0000] "GET /240130ygvoitems/etidm62.htm HTTP/1.1" 404 30904 "-" "Mozilla/5.0 (Macintosh; Intel Mac OS X 10_10_1) AppleWebKit/600.2.5 (KHTML, like Gecko) Version/8.0.2 Safari/600.2.5 (Amazonbot/0.1; +https://developer.amazon.com/support/amazonbot)"
207.46.13.157 - - [17/Nov/2024:06:35:10 +0000] "GET /284719070 HTTP/1.1" 200 24317 "-" "Mozilla/5.0 AppleWebKit/537.36 (KHTML, like Gecko; compatible; bingbot/2.0; +http://www.bing.com/bingbot.htm) Chrome/116.0.1938.76 Safari/537.36"
207.46.13.157 - - [17/Nov/2024:06:35:11 +0000] "GET /176113430 HTTP/1.1" 200 24271 "-" "Mozilla/5.0 AppleWebKit/537.36 (KHTML, like Gecko; compatible; bingbot/2.0; +http://www.bing.com/bingbot.htm) Chrome/116.0.1938.76 Safari/537.36"
207.46.13.157 - - [17/Nov/2024:06:35:12 +0000] "GET /343086350 HTTP/1.1" 200 25388 "-" "Mozilla/5.0 AppleWebKit/537.36 (KHTML, like Gecko; compatible; bingbot/2.0; +http://www.bing.com/bingbot.htm) Chrome/116.0.1938.76 Safari/537.36"
52.205.113.104 - - [17/Nov/2024:06:35:13 +0000] "GET /157248dboyetidm.html HTTP/1.1" 404 30915 "-" "Mozilla/5.0 (Macintosh; Intel Mac OS X 10_10_1) AppleWebKit/600.2.5 (KHTML, like Gecko) Version/8.0.2 Safari/600.2.5 (Amazonbot/0.1; +https://developer.amazon.com/support/amazonbot)"
207.46.13.157 - - [17/Nov/2024:06:35:14 +0000] "GET /177009110 HTTP/1.1" 200 24726 "-" "Mozilla/5.0 AppleWebKit/537.36 (KHTML, like Gecko; compatible; bingbot/2.0; +http://www.bing.com/bingbot.htm) Chrome/116.0.1938.76 Safari/537.36"
207.46.13.157 - - [17/Nov/2024:06:35:14 +0000] "GET /248841230 HTTP/1.1" 200 25978 "-" "Mozilla/5.0 AppleWebKit/537.36 (KHTML, like Gecko; compatible; bingbot/2.0; +http://www.bing.com/bingbot.htm) Chrome/116.0.1938.76 Safari/537.36"
207.46.13.157 - - [17/Nov/2024:06:35:15 +0000] "GET /111522590 HTTP/1.1" 200 25065 "-" "Mozilla/5.0 AppleWebKit/537.36 (KHTML, like Gecko; compatible; bingbot/2.0; +http://www.bing.com/bingbot.htm) Chrome/116.0.1938.76 Safari/537.36"
207.46.13.157 - - [17/Nov/2024:06:35:15 +0000] "GET /265907390 HTTP/1.1" 200 25019 "-" "Mozilla/5.0 AppleWebKit/537.36 (KHTML, like Gecko; compatible; bingbot/2.0; +http://www.bing.com/bingbot.htm) Chrome/116.0.1938.76 Safari/537.36"
207.46.13.157 - - [17/Nov/2024:06:35:16 +0000] "GET /215157710 HTTP/1.1" 200 24913 "-" "Mozilla/5.0 AppleWebKit/537.36 (KHTML, like Gecko; compatible; bingbot/2.0; +http://www.bing.com/bingbot.htm) Chrome/116.0.1938.76 Safari/537.36"
207.46.13.157 - - [17/Nov/2024:06:35:17 +0000] "GET /188421950 HTTP/1.1" 200 25369 "-" "Mozilla/5.0 AppleWebKit/537.36 (KHTML, like Gecko; compatible; bingbot/2.0; +http://www.bing.com/bingbot.htm) Chrome/116.0.1938.76 Safari/537.36"
34.194.14.255 - - [17/Nov/2024:06:35:17 +0000] "GET /140434yhrejp/uciriti.htm HTTP/1.1" 404 30901 "-" "Mozilla/5.0 (Macintosh; Intel Mac OS X 10_10_1) AppleWebKit/600.2.5 (KHTML, like Gecko) Version/8.0.2 Safari/600.2.5 (Amazonbot/0.1; +https://developer.amazon.com/support/amazonbot)"
207.46.13.157 - - [17/Nov/2024:06:35:17 +0000] "GET /81474350 HTTP/1.1" 200 25637 "-" "Mozilla/5.0 AppleWebKit/537.36 (KHTML, like Gecko; compatible; bingbot/2.0; +http://www.bing.com/bingbot.htm) Chrome/116.0.1938.76 Safari/537.36"
207.46.13.157 - - [17/Nov/2024:06:35:18 +0000] "GET /213343070 HTTP/1.1" 200 24690 "-" "Mozilla/5.0 AppleWebKit/537.36 (KHTML, like Gecko; compatible; bingbot/2.0; +http://www.bing.com/bingbot.htm) Chrome/116.0.1938.76 Safari/537.36"
207.46.13.157 - - [17/Nov/2024:06:35:19 +0000] "GET /153609590 HTTP/1.1" 200 28891 "-" "Mozilla/5.0 AppleWebKit/537.36 (KHTML, like Gecko; compatible; bingbot/2.0; +http://www.bing.com/bingbot.htm) Chrome/116.0.1938.76 Safari/537.36"
207.46.13.157 - - [17/Nov/2024:06:35:19 +0000] "GET /72651110 HTTP/1.1" 200 25497 "-" "Mozilla/5.0 AppleWebKit/537.36 (KHTML, like Gecko; compatible; bingbot/2.0; +http://www.bing.com/bingbot.htm) Chrome/116.0.1938.76 Safari/537.36"
207.46.13.157 - - [17/Nov/2024:06:35:20 +0000] "GET /106602950 HTTP/1.1" 200 25769 "-" "Mozilla/5.0 AppleWebKit/537.36 (KHTML, like Gecko; compatible; bingbot/2.0; +http://www.bing.com/bingbot.htm) Chrome/116.0.1938.76 Safari/537.36"
207.46.13.157 - - [17/Nov/2024:06:35:20 +0000] "GET /330974510 HTTP/1.1" 200 25340 "-" "Mozilla/5.0 AppleWebKit/537.36 (KHTML, like Gecko; compatible; bingbot/2.0; +http://www.bing.com/bingbot.htm) Chrome/116.0.1938.76 Safari/537.36"
44.210.213.220 - - [17/Nov/2024:06:35:21 +0000] "GET /162093wgwwitems/etidm91jgj.html HTTP/1.1" 404 30904 "-" "Mozilla/5.0 (Macintosh; Intel Mac OS X 10_10_1) AppleWebKit/600.2.5 (KHTML, like Gecko) Version/8.0.2 Safari/600.2.5 (Amazonbot/0.1; +https://developer.amazon.com/support/amazonbot)"
207.46.13.157 - - [17/Nov/2024:06:35:21 +0000] "GET /184103990 HTTP/1.1" 200 26910 "-" "Mozilla/5.0 AppleWebKit/537.36 (KHTML, like Gecko; compatible; bingbot/2.0; +http://www.bing.com/bingbot.htm) Chrome/116.0.1938.76 Safari/537.36"
207.46.13.157 - - [17/Nov/2024:06:35:21 +0000] "GET /78090590 HTTP/1.1" 200 27703 "-" "Mozilla/5.0 AppleWebKit/537.36 (KHTML, like Gecko; compatible; bingbot/2.0; +http://www.bing.com/bingbot.htm) Chrome/116.0.1938.76 Safari/537.36"
57.141.3.8 - - [17/Nov/2024:06:35:22 +0000] "GET /60700yhrejp/ucq HTTP/1.1" 404 140467 "-" "meta-externalagent/1.1 (+https://developers.facebook.com/docs/sharing/webmasters/crawler)"
207.46.13.157 - - [17/Nov/2024:06:35:23 +0000] "GET /216634430 HTTP/1.1" 200 24379 "-" "Mozilla/5.0 AppleWebKit/537.36 (KHTML, like Gecko; compatible; bingbot/2.0; +http://www.bing.com/bingbot.htm) Chrome/116.0.1938.76 Safari/537.36"
106.201.113.147 - - [17/Nov/2024:06:35:23 +0000] "GET /wp-content/uploads/2021/02/process-consulting-coaching.png HTTP/1.1" 200 29428 "https://www.quickscrum.com/" "Mozilla/5.0 (X11; Ubuntu; Linux x86_64; rv:131.0) Gecko/20100101 Firefox/131.0"
106.201.113.147 - - [17/Nov/2024:06:35:23 +0000] "GET /wp-content/uploads/2021/02/customization-and-Integration.png HTTP/1.1" 200 29466 "https://www.quickscrum.com/" "Mozilla/5.0 (X11; Ubuntu; Linux x86_64; rv:131.0) Gecko/20100101 Firefox/131.0"
106.201.113.147 - - [17/Nov/2024:06:35:23 +0000] "GET /wp-content/uploads/2019/03/12.jpg HTTP/1.1" 200 2959 "https://www.quickscrum.com/" "Mozilla/5.0 (X11; Ubuntu; Linux x86_64; rv:131.0) Gecko/20100101 Firefox/131.0"
106.201.113.147 - - [17/Nov/2024:06:35:23 +0000] "GET /wp-content/uploads/2021/02/free-on-boarding-training.png HTTP/1.1" 200 19291 "https://www.quickscrum.com/" "Mozilla/5.0 (X11; Ubuntu; Linux x86_64; rv:131.0) Gecko/20100101 Firefox/131.0"
106.201.113.147 - - [17/Nov/2024:06:35:23 +0000] "GET /wp-content/uploads/2019/03/11.jpg HTTP/1.1" 200 2812 "https://www.quickscrum.com/" "Mozilla/5.0 (X11; Ubuntu; Linux x86_64; rv:131.0) Gecko/20100101 Firefox/131.0"
106.201.113.147 - - [17/Nov/2024:06:35:23 +0000] "GET /wp-content/uploads/2021/02/data-migration.png HTTP/1.1" 200 17353 "https://www.quickscrum.com/" "Mozilla/5.0 (X11; Ubuntu; Linux x86_64; rv:131.0) Gecko/20100101 Firefox/131.0"
106.201.113.147 - - [17/Nov/2024:06:35:23 +0000] "GET /wp-content/uploads/2019/03/01-2.jpg HTTP/1.1" 200 2439 "https://www.quickscrum.com/" "Mozilla/5.0 (X11; Ubuntu; Linux x86_64; rv:131.0) Gecko/20100101 Firefox/131.0"
106.201.113.147 - - [17/Nov/2024:06:35:23 +0000] "GET /wp-content/uploads/2019/03/02-1.jpg HTTP/1.1" 200 2102 "https://www.quickscrum.com/" "Mozilla/5.0 (X11; Ubuntu; Linux x86_64; rv:131.0) Gecko/20100101 Firefox/131.0"
106.201.113.147 - - [17/Nov/2024:06:35:23 +0000] "GET /wp-content/uploads/2021/02/all-In-one-scrum-tool.png HTTP/1.1" 200 23390 "https://www.quickscrum.com/" "Mozilla/5.0 (X11; Ubuntu; Linux x86_64; rv:131.0) Gecko/20100101 Firefox/131.0"
106.201.113.147 - - [17/Nov/2024:06:35:23 +0000] "GET /wp-content/uploads/2021/01/reduce-bench-size.png HTTP/1.1" 200 50237 "https://www.quickscrum.com/" "Mozilla/5.0 (X11; Ubuntu; Linux x86_64; rv:131.0) Gecko/20100101 Firefox/131.0"
106.201.113.147 - - [17/Nov/2024:06:35:23 +0000] "GET /wp-content/uploads/2021/02/customer-success-manager.png HTTP/1.1" 200 26565 "https://www.quickscrum.com/" "Mozilla/5.0 (X11; Ubuntu; Linux x86_64; rv:131.0) Gecko/20100101 Firefox/131.0"
106.201.113.147 - - [17/Nov/2024:06:35:23 +0000] "GET /wp-content/uploads/2021/01/accelerate-the-project-execution.png HTTP/1.1" 200 47771 "https://www.quickscrum.com/" "Mozilla/5.0 (X11; Ubuntu; Linux x86_64; rv:131.0) Gecko/20100101 Firefox/131.0"
106.201.113.147 - - [17/Nov/2024:06:35:23 +0000] "GET /wp-content/uploads/2021/01/Kanban-36x36.png HTTP/1.1" 200 1976 "https://www.quickscrum.com/" "Mozilla/5.0 (X11; Ubuntu; Linux x86_64; rv:131.0) Gecko/20100101 Firefox/131.0"
106.201.113.147 - - [17/Nov/2024:06:35:23 +0000] "GET /wp-content/uploads/2019/03/06.jpg HTTP/1.1" 200 2665 "https://www.quickscrum.com/" "Mozilla/5.0 (X11; Ubuntu; Linux x86_64; rv:131.0) Gecko/20100101 Firefox/131.0"
106.201.113.147 - - [17/Nov/2024:06:35:23 +0000] "GET /wp-content/uploads/2020/04/05.jpg HTTP/1.1" 200 3160 "https://www.quickscrum.com/" "Mozilla/5.0 (X11; Ubuntu; Linux x86_64; rv:131.0) Gecko/20100101 Firefox/131.0"
106.201.113.147 - - [17/Nov/2024:06:35:23 +0000] "GET /wp-content/uploads/2021/01/try-quickscrum-framwork.png HTTP/1.1" 200 82619 "https://www.quickscrum.com/" "Mozilla/5.0 (X11; Ubuntu; Linux x86_64; rv:131.0) Gecko/20100101 Firefox/131.0"
106.201.113.147 - - [17/Nov/2024:06:35:23 +0000] "GET /wp-content/uploads/2019/03/03-2.jpg HTTP/1.1" 200 4383 "https://www.quickscrum.com/" "Mozilla/5.0 (X11; Ubuntu; Linux x86_64; rv:131.0) Gecko/20100101 Firefox/131.0"
106.201.113.147 - - [17/Nov/2024:06:35:23 +0000] "GET /wp-content/uploads/2021/01/scrum-36x36.png HTTP/1.1" 200 2454 "https://www.quickscrum.com/" "Mozilla/5.0 (X11; Ubuntu; Linux x86_64; rv:131.0) Gecko/20100101 Firefox/131.0"
106.201.113.147 - - [17/Nov/2024:06:35:23 +0000] "GET /wp-content/uploads/2021/01/increase-the-revenue.png HTTP/1.1" 200 30598 "https://www.quickscrum.com/" "Mozilla/5.0 (X11; Ubuntu; Linux x86_64; rv:131.0) Gecko/20100101 Firefox/131.0"
106.201.113.147 - - [17/Nov/2024:06:35:23 +0000] "GET /wp-content/uploads/2019/03/08-1.jpg HTTP/1.1" 200 3657 "https://www.quickscrum.com/" "Mozilla/5.0 (X11; Ubuntu; Linux x86_64; rv:131.0) Gecko/20100101 Firefox/131.0"
106.201.113.147 - - [17/Nov/2024:06:35:23 +0000] "GET /wp-content/uploads/2019/03/07-1.jpg HTTP/1.1" 200 4331 "https://www.quickscrum.com/" "Mozilla/5.0 (X11; Ubuntu; Linux x86_64; rv:131.0) Gecko/20100101 Firefox/131.0"
106.201.113.147 - - [17/Nov/2024:06:35:23 +0000] "GET /wp-content/uploads/2019/03/10.jpg HTTP/1.1" 200 3126 "https://www.quickscrum.com/" "Mozilla/5.0 (X11; Ubuntu; Linux x86_64; rv:131.0) Gecko/20100101 Firefox/131.0"
106.201.113.147 - - [17/Nov/2024:06:35:23 +0000] "GET /wp-content/uploads/2019/03/05.jpg HTTP/1.1" 200 2499 "https://www.quickscrum.com/" "Mozilla/5.0 (X11; Ubuntu; Linux x86_64; rv:131.0) Gecko/20100101 Firefox/131.0"
106.201.113.147 - - [17/Nov/2024:06:35:23 +0000] "GET /wp-content/uploads/2019/03/guesttalk.jpg HTTP/1.1" 200 2622 "https://www.quickscrum.com/" "Mozilla/5.0 (X11; Ubuntu; Linux x86_64; rv:131.0) Gecko/20100101 Firefox/131.0"
207.46.13.157 - - [17/Nov/2024:06:35:24 +0000] "GET /345549470 HTTP/1.1" 200 25529 "-" "Mozilla/5.0 AppleWebKit/537.36 (KHTML, like Gecko; compatible; bingbot/2.0; +http://www.bing.com/bingbot.htm) Chrome/116.0.1938.76 Safari/537.36"
207.46.13.157 - - [17/Nov/2024:06:35:25 +0000] "GET /70855550 HTTP/1.1" 200 25668 "-" "Mozilla/5.0 AppleWebKit/537.36 (KHTML, like Gecko; compatible; bingbot/2.0; +http://www.bing.com/bingbot.htm) Chrome/116.0.1938.76 Safari/537.36"
184.72.84.154 - - [17/Nov/2024:06:35:25 +0000] "GET /150897ygvoitems/etidm3.html HTTP/1.1" 404 30903 "-" "Mozilla/5.0 (Macintosh; Intel Mac OS X 10_10_1) AppleWebKit/600.2.5 (KHTML, like Gecko) Version/8.0.2 Safari/600.2.5 (Amazonbot/0.1; +https://developer.amazon.com/support/amazonbot)"
207.46.13.157 - - [17/Nov/2024:06:35:26 +0000] "GET /18179270 HTTP/1.1" 200 27110 "-" "Mozilla/5.0 AppleWebKit/537.36 (KHTML, like Gecko; compatible; bingbot/2.0; +http://www.bing.com/bingbot.htm) Chrome/116.0.1938.76 Safari/537.36"
207.46.13.157 - - [17/Nov/2024:06:35:28 +0000] "GET /6632870 HTTP/1.1" 200 25217 "-" "Mozilla/5.0 AppleWebKit/537.36 (KHTML, like Gecko; compatible; bingbot/2.0; +http://www.bing.com/bingbot.htm) Chrome/116.0.1938.76 Safari/537.36"
207.46.13.157 - - [17/Nov/2024:06:35:29 +0000] "GET /338112950 HTTP/1.1" 200 23220 "-" "Mozilla/5.0 AppleWebKit/537.36 (KHTML, like Gecko; compatible; bingbot/2.0; +http://www.bing.com/bingbot.htm) Chrome/116.0.1938.76 Safari/537.36"
52.3.104.214 - - [17/Nov/2024:06:35:29 +0000] "GET /156563ygvoetidm15r HTTP/1.1" 404 30907 "-" "Mozilla/5.0 (Macintosh; Intel Mac OS X 10_10_1) AppleWebKit/600.2.5 (KHTML, like Gecko) Version/8.0.2 Safari/600.2.5 (Amazonbot/0.1; +https://developer.amazon.com/support/amazonbot)"
207.46.13.157 - - [17/Nov/2024:06:35:30 +0000] "GET /154195190 HTTP/1.1" 200 27653 "-" "Mozilla/5.0 AppleWebKit/537.36 (KHTML, like Gecko; compatible; bingbot/2.0; +http://www.bing.com/bingbot.htm) Chrome/116.0.1938.76 Safari/537.36"
207.46.13.157 - - [17/Nov/2024:06:35:32 +0000] "GET /143263310 HTTP/1.1" 200 24285 "-" "Mozilla/5.0 AppleWebKit/537.36 (KHTML, like Gecko; compatible; bingbot/2.0; +http://www.bing.com/bingbot.htm) Chrome/116.0.1938.76 Safari/537.36"
100.28.133.214 - - [17/Nov/2024:06:35:33 +0000] "GET /221610yyynetidm54.html HTTP/1.1" 404 30915 "-" "Mozilla/5.0 (Macintosh; Intel Mac OS X 10_10_1) AppleWebKit/600.2.5 (KHTML, like Gecko) Version/8.0.2 Safari/600.2.5 (Amazonbot/0.1; +https://developer.amazon.com/support/amazonbot)"
207.46.13.157 - - [17/Nov/2024:06:35:34 +0000] "GET /273603470 HTTP/1.1" 200 24054 "-" "Mozilla/5.0 AppleWebKit/537.36 (KHTML, like Gecko; compatible; bingbot/2.0; +http://www.bing.com/bingbot.htm) Chrome/116.0.1938.76 Safari/537.36"
85.208.96.193 - - [17/Nov/2024:06:35:34 +0000] "GET /175475ygvoetidm87b HTTP/1.1" 500 5 "-" "Mozilla/5.0 (compatible; SemrushBot/7~bl; +http://www.semrush.com/bot.html)"
207.46.13.157 - - [17/Nov/2024:06:35:36 +0000] "GET /118684070 HTTP/1.1" 200 24574 "-" "Mozilla/5.0 AppleWebKit/537.36 (KHTML, like Gecko; compatible; bingbot/2.0; +http://www.bing.com/bingbot.htm) Chrome/116.0.1938.76 Safari/537.36"
34.193.2.57 - - [17/Nov/2024:06:35:36 +0000] "GET /301317zmdditems/etidm43dmd.html HTTP/1.1" 404 30906 "-" "Mozilla/5.0 (Macintosh; Intel Mac OS X 10_10_1) AppleWebKit/600.2.5 (KHTML, like Gecko) Version/8.0.2 Safari/600.2.5 (Amazonbot/0.1; +https://developer.amazon.com/support/amazonbot)"
207.46.13.157 - - [17/Nov/2024:06:35:37 +0000] "GET /5484590 HTTP/1.1" 200 30134 "-" "Mozilla/5.0 AppleWebKit/537.36 (KHTML, like Gecko; compatible; bingbot/2.0; +http://www.bing.com/bingbot.htm) Chrome/116.0.1938.76 Safari/537.36"
207.46.13.157 - - [17/Nov/2024:06:35:38 +0000] "GET /165760070 HTTP/1.1" 200 28388 "-" "Mozilla/5.0 AppleWebKit/537.36 (KHTML, like Gecko; compatible; bingbot/2.0; +http://www.bing.com/bingbot.htm) Chrome/116.0.1938.76 Safari/537.36"
207.46.13.157 - - [17/Nov/2024:06:35:40 +0000] "GET /354857990 HTTP/1.1" 200 24857 "-" "Mozilla/5.0 AppleWebKit/537.36 (KHTML, like Gecko; compatible; bingbot/2.0; +http://www.bing.com/bingbot.htm) Chrome/116.0.1938.76 Safari/537.36"
184.72.95.195 - - [17/Nov/2024:06:35:41 +0000] "GET /293996zmdditems/etidm81oz HTTP/1.1" 404 30905 "-" "Mozilla/5.0 (Macintosh; Intel Mac OS X 10_10_1) AppleWebKit/600.2.5 (KHTML, like Gecko) Version/8.0.2 Safari/600.2.5 (Amazonbot/0.1; +https://developer.amazon.com/support/amazonbot)"
207.46.13.157 - - [17/Nov/2024:06:35:41 +0000] "GET /57359870 HTTP/1.1" 200 33587 "-" "Mozilla/5.0 AppleWebKit/537.36 (KHTML, like Gecko; compatible; bingbot/2.0; +http://www.bing.com/bingbot.htm) Chrome/116.0.1938.76 Safari/537.36"
207.46.13.157 - - [17/Nov/2024:06:35:42 +0000] "GET /155196230 HTTP/1.1" 200 26123 "-" "Mozilla/5.0 AppleWebKit/537.36 (KHTML, like Gecko; compatible; bingbot/2.0; +http://www.bing.com/bingbot.htm) Chrome/116.0.1938.76 Safari/537.36"
207.46.13.157 - - [17/Nov/2024:06:35:43 +0000] "GET /81546830 HTTP/1.1" 200 25750 "-" "Mozilla/5.0 AppleWebKit/537.36 (KHTML, like Gecko; compatible; bingbot/2.0; +http://www.bing.com/bingbot.htm) Chrome/116.0.1938.76 Safari/537.36"
207.46.13.157 - - [17/Nov/2024:06:35:44 +0000] "GET /268710350 HTTP/1.1" 200 24803 "-" "Mozilla/5.0 AppleWebKit/537.36 (KHTML, like Gecko; compatible; bingbot/2.0; +http://www.bing.com/bingbot.htm) Chrome/116.0.1938.76 Safari/537.36"
127.0.0.1 - - [17/Nov/2024:06:35:44 +0000] "POST /wp-cron.php?doing_wp_cron=1731825344.3801920413970947265625 HTTP/1.1" 500 5 "-" "WordPress/6.6.2; https://guide.quickscrum.com"
207.46.13.157 - - [17/Nov/2024:06:35:44 +0000] "GET /312211910 HTTP/1.1" 200 24736 "-" "Mozilla/5.0 AppleWebKit/537.36 (KHTML, like Gecko; compatible; bingbot/2.0; +http://www.bing.com/bingbot.htm) Chrome/116.0.1938.76 Safari/537.36"
54.84.250.51 - - [17/Nov/2024:06:35:44 +0000] "GET /200171tbjqetidm12x HTTP/1.1" 404 30908 "-" "Mozilla/5.0 (Macintosh; Intel Mac OS X 10_10_1) AppleWebKit/600.2.5 (KHTML, like Gecko) Version/8.0.2 Safari/600.2.5 (Amazonbot/0.1; +https://developer.amazon.com/support/amazonbot)"
207.46.13.157 - - [17/Nov/2024:06:35:45 +0000] "GET /147329990 HTTP/1.1" 200 27887 "-" "Mozilla/5.0 AppleWebKit/537.36 (KHTML, like Gecko; compatible; bingbot/2.0; +http://www.bing.com/bingbot.htm) Chrome/116.0.1938.76 Safari/537.36"
207.46.13.157 - - [17/Nov/2024:06:35:46 +0000] "GET /126758870 HTTP/1.1" 200 31844 "-" "Mozilla/5.0 AppleWebKit/537.36 (KHTML, like Gecko; compatible; bingbot/2.0; +http://www.bing.com/bingbot.htm) Chrome/116.0.1938.76 Safari/537.36"
57.141.3.21 - - [17/Nov/2024:06:35:46 +0000] "GET /48514zmdditems/etidm83.htm HTTP/1.1" 404 140457 "-" "meta-externalagent/1.1 (+https://developers.facebook.com/docs/sharing/webmasters/crawler)"
207.46.13.157 - - [17/Nov/2024:06:35:47 +0000] "GET /156596630 HTTP/1.1" 200 27375 "-" "Mozilla/5.0 AppleWebKit/537.36 (KHTML, like Gecko; compatible; bingbot/2.0; +http://www.bing.com/bingbot.htm) Chrome/116.0.1938.76 Safari/537.36"
207.46.13.157 - - [17/Nov/2024:06:35:47 +0000] "GET /251928230 HTTP/1.1" 200 24794 "-" "Mozilla/5.0 AppleWebKit/537.36 (KHTML, like Gecko; compatible; bingbot/2.0; +http://www.bing.com/bingbot.htm) Chrome/116.0.1938.76 Safari/537.36"
207.46.13.157 - - [17/Nov/2024:06:35:48 +0000] "GET /120222710 HTTP/1.1" 200 29368 "-" "Mozilla/5.0 AppleWebKit/537.36 (KHTML, like Gecko; compatible; bingbot/2.0; +http://www.bing.com/bingbot.htm) Chrome/116.0.1938.76 Safari/537.36"
18.215.77.19 - - [17/Nov/2024:06:35:48 +0000] "GET /232872qmpietidm.html HTTP/1.1" 404 30912 "-" "Mozilla/5.0 (Macintosh; Intel Mac OS X 10_10_1) AppleWebKit/600.2.5 (KHTML, like Gecko) Version/8.0.2 Safari/600.2.5 (Amazonbot/0.1; +https://developer.amazon.com/support/amazonbot)"
207.46.13.157 - - [17/Nov/2024:06:35:49 +0000] "GET /16269830 HTTP/1.1" 200 37131 "-" "Mozilla/5.0 AppleWebKit/537.36 (KHTML, like Gecko; compatible; bingbot/2.0; +http://www.bing.com/bingbot.htm) Chrome/116.0.1938.76 Safari/537.36"
207.46.13.157 - - [17/Nov/2024:06:35:49 +0000] "GET /76814750 HTTP/1.1" 200 24918 "-" "Mozilla/5.0 AppleWebKit/537.36 (KHTML, like Gecko; compatible; bingbot/2.0; +http://www.bing.com/bingbot.htm) Chrome/116.0.1938.76 Safari/537.36"
207.46.13.157 - - [17/Nov/2024:06:35:50 +0000] "GET /298323830 HTTP/1.1" 200 23762 "-" "Mozilla/5.0 AppleWebKit/537.36 (KHTML, like Gecko; compatible; bingbot/2.0; +http://www.bing.com/bingbot.htm) Chrome/116.0.1938.76 Safari/537.36"
207.46.13.157 - - [17/Nov/2024:06:35:50 +0000] "GET /90378950 HTTP/1.1" 200 27146 "-" "Mozilla/5.0 AppleWebKit/537.36 (KHTML, like Gecko; compatible; bingbot/2.0; +http://www.bing.com/bingbot.htm) Chrome/116.0.1938.76 Safari/537.36"
207.46.13.157 - - [17/Nov/2024:06:35:51 +0000] "GET /287658470 HTTP/1.1" 200 23967 "-" "Mozilla/5.0 AppleWebKit/537.36 (KHTML, like Gecko; compatible; bingbot/2.0; +http://www.bing.com/bingbot.htm) Chrome/116.0.1938.76 Safari/537.36"
207.46.13.157 - - [17/Nov/2024:06:35:52 +0000] "GET /177298070 HTTP/1.1" 200 25958 "-" "Mozilla/5.0 AppleWebKit/537.36 (KHTML, like Gecko; compatible; bingbot/2.0; +http://www.bing.com/bingbot.htm) Chrome/116.0.1938.76 Safari/537.36"
207.46.13.157 - - [17/Nov/2024:06:35:53 +0000] "GET /145063550 HTTP/1.1" 200 26914 "-" "Mozilla/5.0 AppleWebKit/537.36 (KHTML, like Gecko; compatible; bingbot/2.0; +http://www.bing.com/bingbot.htm) Chrome/116.0.1938.76 Safari/537.36"
52.1.157.90 - - [17/Nov/2024:06:35:53 +0000] "GET /181777gvsfetidm5.htm HTTP/1.1" 404 30912 "-" "Mozilla/5.0 (Macintosh; Intel Mac OS X 10_10_1) AppleWebKit/600.2.5 (KHTML, like Gecko) Version/8.0.2 Safari/600.2.5 (Amazonbot/0.1; +https://developer.amazon.com/support/amazonbot)"
207.46.13.157 - - [17/Nov/2024:06:35:54 +0000] "GET /168753710 HTTP/1.1" 200 27978 "-" "Mozilla/5.0 AppleWebKit/537.36 (KHTML, like Gecko; compatible; bingbot/2.0; +http://www.bing.com/bingbot.htm) Chrome/116.0.1938.76 Safari/537.36"
207.46.13.157 - - [17/Nov/2024:06:35:55 +0000] "GET /312611390 HTTP/1.1" 200 26360 "-" "Mozilla/5.0 AppleWebKit/537.36 (KHTML, like Gecko; compatible; bingbot/2.0; +http://www.bing.com/bingbot.htm) Chrome/116.0.1938.76 Safari/537.36"
207.46.13.157 - - [17/Nov/2024:06:35:56 +0000] "GET /37763750 HTTP/1.1" 200 35702 "-" "Mozilla/5.0 AppleWebKit/537.36 (KHTML, like Gecko; compatible; bingbot/2.0; +http://www.bing.com/bingbot.htm) Chrome/116.0.1938.76 Safari/537.36"
23.21.250.48 - - [17/Nov/2024:06:35:57 +0000] "GET /236862gvsfeti.html HTTP/1.1" 404 30910 "-" "Mozilla/5.0 (Macintosh; Intel Mac OS X 10_10_1) AppleWebKit/600.2.5 (KHTML, like Gecko) Version/8.0.2 Safari/600.2.5 (Amazonbot/0.1; +https://developer.amazon.com/support/amazonbot)"
207.46.13.157 - - [17/Nov/2024:06:35:58 +0000] "GET /86798390 HTTP/1.1" 200 26710 "-" "Mozilla/5.0 AppleWebKit/537.36 (KHTML, like Gecko; compatible; bingbot/2.0; +http://www.bing.com/bingbot.htm) Chrome/116.0.1938.76 Safari/537.36"
207.46.13.157 - - [17/Nov/2024:06:35:59 +0000] "GET /46506470 HTTP/1.1" 200 27186 "-" "Mozilla/5.0 AppleWebKit/537.36 (KHTML, like Gecko; compatible; bingbot/2.0; +http://www.bing.com/bingbot.htm) Chrome/116.0.1938.76 Safari/537.36"
207.46.13.157 - - [17/Nov/2024:06:36:00 +0000] "GET /268841270 HTTP/1.1" 200 25336 "-" "Mozilla/5.0 AppleWebKit/537.36 (KHTML, like Gecko; compatible; bingbot/2.0; +http://www.bing.com/bingbot.htm) Chrome/116.0.1938.76 Safari/537.36"
44.209.35.147 - - [17/Nov/2024:06:36:01 +0000] "GET /178768gvsfitems/etidm.htm HTTP/1.1" 404 30905 "-" "Mozilla/5.0 (Macintosh; Intel Mac OS X 10_10_1) AppleWebKit/600.2.5 (KHTML, like Gecko) Version/8.0.2 Safari/600.2.5 (Amazonbot/0.1; +https://developer.amazon.com/support/amazonbot)"
207.46.13.157 - - [17/Nov/2024:06:36:01 +0000] "GET /176313230 HTTP/1.1" 200 25287 "-" "Mozilla/5.0 AppleWebKit/537.36 (KHTML, like Gecko; compatible; bingbot/2.0; +http://www.bing.com/bingbot.htm) Chrome/116.0.1938.76 Safari/537.36"
207.46.13.157 - - [17/Nov/2024:06:36:02 +0000] "GET /356607830 HTTP/1.1" 200 27052 "-" "Mozilla/5.0 AppleWebKit/537.36 (KHTML, like Gecko; compatible; bingbot/2.0; +http://www.bing.com/bingbot.htm) Chrome/116.0.1938.76 Safari/537.36"
207.46.13.157 - - [17/Nov/2024:06:36:04 +0000] "GET /161793590 HTTP/1.1" 200 23984 "-" "Mozilla/5.0 AppleWebKit/537.36 (KHTML, like Gecko; compatible; bingbot/2.0; +http://www.bing.com/bingbot.htm) Chrome/116.0.1938.76 Safari/537.36"
98.82.66.172 - - [17/Nov/2024:06:36:05 +0000] "GET /166624tbjqitems/etidm.htm HTTP/1.1" 404 30903 "-" "Mozilla/5.0 (Macintosh; Intel Mac OS X 10_10_1) AppleWebKit/600.2.5 (KHTML, like Gecko) Version/8.0.2 Safari/600.2.5 (Amazonbot/0.1; +https://developer.amazon.com/support/amazonbot)"
207.46.13.157 - - [17/Nov/2024:06:36:05 +0000] "GET /116934830 HTTP/1.1" 200 28151 "-" "Mozilla/5.0 AppleWebKit/537.36 (KHTML, like Gecko; compatible; bingbot/2.0; +http://www.bing.com/bingbot.htm) Chrome/116.0.1938.76 Safari/537.36"
207.46.13.157 - - [17/Nov/2024:06:36:07 +0000] "GET /13492070 HTTP/1.1" 200 32286 "-" "Mozilla/5.0 AppleWebKit/537.36 (KHTML, like Gecko; compatible; bingbot/2.0; +http://www.bing.com/bingbot.htm) Chrome/116.0.1938.76 Safari/537.36"
207.46.13.157 - - [17/Nov/2024:06:36:08 +0000] "GET /132244550 HTTP/1.1" 200 26581 "-" "Mozilla/5.0 AppleWebKit/537.36 (KHTML, like Gecko; compatible; bingbot/2.0; +http://www.bing.com/bingbot.htm) Chrome/116.0.1938.76 Safari/537.36"
52.205.222.214 - - [17/Nov/2024:06:36:09 +0000] "GET /146815qmpietid.htm HTTP/1.1" 404 30914 "-" "Mozilla/5.0 (Macintosh; Intel Mac OS X 10_10_1) AppleWebKit/600.2.5 (KHTML, like Gecko) Version/8.0.2 Safari/600.2.5 (Amazonbot/0.1; +https://developer.amazon.com/support/amazonbot)"
207.46.13.157 - - [17/Nov/2024:06:36:09 +0000] "GET /360924350 HTTP/1.1" 200 23130 "-" "Mozilla/5.0 AppleWebKit/537.36 (KHTML, like Gecko; compatible; bingbot/2.0; +http://www.bing.com/bingbot.htm) Chrome/116.0.1938.76 Safari/537.36"
57.141.3.22 - - [17/Nov/2024:06:36:10 +0000] "GET /41160wgwwetidm.html HTTP/1.1" 404 140462 "-" "meta-externalagent/1.1 (+https://developers.facebook.com/docs/sharing/webmasters/crawler)"
20.15.133.175 - - [17/Nov/2024:06:36:10 +0000] "GET /173139350 HTTP/1.1" 200 24619 "-" "Mozilla/5.0 AppleWebKit/537.36 (KHTML, like Gecko; compatible; bingbot/2.0; +http://www.bing.com/bingbot.htm) Chrome/116.0.1938.76 Safari/537.36"
207.46.13.157 - - [17/Nov/2024:06:36:11 +0000] "GET /30294710 HTTP/1.1" 200 26688 "-" "Mozilla/5.0 AppleWebKit/537.36 (KHTML, like Gecko; compatible; bingbot/2.0; +http://www.bing.com/bingbot.htm) Chrome/116.0.1938.76 Safari/537.36"
207.46.13.157 - - [17/Nov/2024:06:36:12 +0000] "GET /360171950 HTTP/1.1" 200 26021 "-" "Mozilla/5.0 AppleWebKit/537.36 (KHTML, like Gecko; compatible; bingbot/2.0; +http://www.bing.com/bingbot.htm) Chrome/116.0.1938.76 Safari/537.36"
207.46.13.157 - - [17/Nov/2024:06:36:12 +0000] "GET /116243270 HTTP/1.1" 200 26635 "-" "Mozilla/5.0 AppleWebKit/537.36 (KHTML, like Gecko; compatible; bingbot/2.0; +http://www.bing.com/bingbot.htm) Chrome/116.0.1938.76 Safari/537.36"
54.197.178.107 - - [17/Nov/2024:06:36:13 +0000] "GET /162906tbjqetidm89.html HTTP/1.1" 404 30917 "-" "Mozilla/5.0 (Macintosh; Intel Mac OS X 10_10_1) AppleWebKit/600.2.5 (KHTML, like Gecko) Version/8.0.2 Safari/600.2.5 (Amazonbot/0.1; +https://developer.amazon.com/support/amazonbot)"
207.46.13.157 - - [17/Nov/2024:06:36:13 +0000] "GET /137783030 HTTP/1.1" 200 24142 "-" "Mozilla/5.0 AppleWebKit/537.36 (KHTML, like Gecko; compatible; bingbot/2.0; +http://www.bing.com/bingbot.htm) Chrome/116.0.1938.76 Safari/537.36"
207.46.13.157 - - [17/Nov/2024:06:36:14 +0000] "GET /110993870 HTTP/1.1" 200 26236 "-" "Mozilla/5.0 AppleWebKit/537.36 (KHTML, like Gecko; compatible; bingbot/2.0; +http://www.bing.com/bingbot.htm) Chrome/116.0.1938.76 Safari/537.36"
207.46.13.157 - - [17/Nov/2024:06:36:15 +0000] "GET /306665750 HTTP/1.1" 200 25571 "-" "Mozilla/5.0 AppleWebKit/537.36 (KHTML, like Gecko; compatible; bingbot/2.0; +http://www.bing.com/bingbot.htm) Chrome/116.0.1938.76 Safari/537.36"
207.46.13.157 - - [17/Nov/2024:06:36:16 +0000] "GET /179338430 HTTP/1.1" 200 27120 "-" "Mozilla/5.0 AppleWebKit/537.36 (KHTML, like Gecko; compatible; bingbot/2.0; +http://www.bing.com/bingbot.htm) Chrome/116.0.1938.76 Safari/537.36"
207.46.13.157 - - [17/Nov/2024:06:36:16 +0000] "GET /281092310 HTTP/1.1" 200 24103 "-" "Mozilla/5.0 AppleWebKit/537.36 (KHTML, like Gecko; compatible; bingbot/2.0; +http://www.bing.com/bingbot.htm) Chrome/116.0.1938.76 Safari/537.36"
50.16.248.61 - - [17/Nov/2024:06:36:17 +0000] "GET /92323yyynetidm21x.htm HTTP/1.1" 404 30912 "-" "Mozilla/5.0 (Macintosh; Intel Mac OS X 10_10_1) AppleWebKit/600.2.5 (KHTML, like Gecko) Version/8.0.2 Safari/600.2.5 (Amazonbot/0.1; +https://developer.amazon.com/support/amazonbot)"
207.46.13.157 - - [17/Nov/2024:06:36:17 +0000] "GET /294903110 HTTP/1.1" 200 23617 "-" "Mozilla/5.0 AppleWebKit/537.36 (KHTML, like Gecko; compatible; bingbot/2.0; +http://www.bing.com/bingbot.htm) Chrome/116.0.1938.76 Safari/537.36"
207.46.13.157 - - [17/Nov/2024:06:36:17 +0000] "GET /127086110 HTTP/1.1" 200 25564 "-" "Mozilla/5.0 AppleWebKit/537.36 (KHTML, like Gecko; compatible; bingbot/2.0; +http://www.bing.com/bingbot.htm) Chrome/116.0.1938.76 Safari/537.36"
20.15.133.175 - - [17/Nov/2024:06:36:18 +0000] "GET /197577230 HTTP/1.1" 200 23470 "-" "Mozilla/5.0 AppleWebKit/537.36 (KHTML, like Gecko; compatible; bingbot/2.0; +http://www.bing.com/bingbot.htm) Chrome/116.0.1938.76 Safari/537.36"
207.46.13.157 - - [17/Nov/2024:06:36:18 +0000] "GET /241824230 HTTP/1.1" 200 27095 "-" "Mozilla/5.0 AppleWebKit/537.36 (KHTML, like Gecko; compatible; bingbot/2.0; +http://www.bing.com/bingbot.htm) Chrome/116.0.1938.76 Safari/537.36"
207.46.13.157 - - [17/Nov/2024:06:36:18 +0000] "GET /204475310 HTTP/1.1" 200 26575 "-" "Mozilla/5.0 AppleWebKit/537.36 (KHTML, like Gecko; compatible; bingbot/2.0; +http://www.bing.com/bingbot.htm) Chrome/116.0.1938.76 Safari/537.36"
20.15.133.175 - - [17/Nov/2024:06:36:19 +0000] "GET /95234630 HTTP/1.1" 200 26336 "-" "Mozilla/5.0 AppleWebKit/537.36 (KHTML, like Gecko; compatible; bingbot/2.0; +http://www.bing.com/bingbot.htm) Chrome/116.0.1938.76 Safari/537.36"
207.46.13.157 - - [17/Nov/2024:06:36:19 +0000] "GET /172980470 HTTP/1.1" 200 25256 "-" "Mozilla/5.0 AppleWebKit/537.36 (KHTML, like Gecko; compatible; bingbot/2.0; +http://www.bing.com/bingbot.htm) Chrome/116.0.1938.76 Safari/537.36"
207.46.13.157 - - [17/Nov/2024:06:36:19 +0000] "GET /326769470 HTTP/1.1" 200 25812 "-" "Mozilla/5.0 AppleWebKit/537.36 (KHTML, like Gecko; compatible; bingbot/2.0; +http://www.bing.com/bingbot.htm) Chrome/116.0.1938.76 Safari/537.36"
207.46.13.157 - - [17/Nov/2024:06:36:21 +0000] "GET /172521830 HTTP/1.1" 200 23557 "-" "Mozilla/5.0 AppleWebKit/537.36 (KHTML, like Gecko; compatible; bingbot/2.0; +http://www.bing.com/bingbot.htm) Chrome/116.0.1938.76 Safari/537.36"
207.46.13.157 - - [17/Nov/2024:06:36:21 +0000] "GET /271798670 HTTP/1.1" 200 25584 "-" "Mozilla/5.0 AppleWebKit/537.36 (KHTML, like Gecko; compatible; bingbot/2.0; +http://www.bing.com/bingbot.htm) Chrome/116.0.1938.76 Safari/537.36"
54.197.178.107 - - [17/Nov/2024:06:36:21 +0000] "GET /104340zmddetidm47cz.html HTTP/1.1" 404 30919 "-" "Mozilla/5.0 (Macintosh; Intel Mac OS X 10_10_1) AppleWebKit/600.2.5 (KHTML, like Gecko) Version/8.0.2 Safari/600.2.5 (Amazonbot/0.1; +https://developer.amazon.com/support/amazonbot)"
20.15.133.175 - - [17/Nov/2024:06:36:22 +0000] "GET /13907750 HTTP/1.1" 200 26407 "-" "Mozilla/5.0 AppleWebKit/537.36 (KHTML, like Gecko; compatible; bingbot/2.0; +http://www.bing.com/bingbot.htm) Chrome/116.0.1938.76 Safari/537.36"
207.46.13.157 - - [17/Nov/2024:06:36:22 +0000] "GET /277524470 HTTP/1.1" 200 28517 "-" "Mozilla/5.0 AppleWebKit/537.36 (KHTML, like Gecko; compatible; bingbot/2.0; +http://www.bing.com/bingbot.htm) Chrome/116.0.1938.76 Safari/537.36"
207.46.13.157 - - [17/Nov/2024:06:36:22 +0000] "GET /123314990 HTTP/1.1" 200 25299 "-" "Mozilla/5.0 AppleWebKit/537.36 (KHTML, like Gecko; compatible; bingbot/2.0; +http://www.bing.com/bingbot.htm) Chrome/116.0.1938.76 Safari/537.36"
207.46.13.157 - - [17/Nov/2024:06:36:25 +0000] "GET /267343310 HTTP/1.1" 200 24264 "-" "Mozilla/5.0 AppleWebKit/537.36 (KHTML, like Gecko; compatible; bingbot/2.0; +http://www.bing.com/bingbot.htm) Chrome/116.0.1938.76 Safari/537.36"
44.223.232.55 - - [17/Nov/2024:06:36:25 +0000] "GET /145275tbjqitems/etidm54n.html HTTP/1.1" 404 30902 "-" "Mozilla/5.0 (Macintosh; Intel Mac OS X 10_10_1) AppleWebKit/600.2.5 (KHTML, like Gecko) Version/8.0.2 Safari/600.2.5 (Amazonbot/0.1; +https://developer.amazon.com/support/amazonbot)"
207.46.13.157 - - [17/Nov/2024:06:36:26 +0000] "GET /88753310 HTTP/1.1" 200 33194 "-" "Mozilla/5.0 AppleWebKit/537.36 (KHTML, like Gecko; compatible; bingbot/2.0; +http://www.bing.com/bingbot.htm) Chrome/116.0.1938.76 Safari/537.36"
207.46.13.157 - - [17/Nov/2024:06:36:28 +0000] "GET /341407430 HTTP/1.1" 200 26741 "-" "Mozilla/5.0 AppleWebKit/537.36 (KHTML, like Gecko; compatible; bingbot/2.0; +http://www.bing.com/bingbot.htm) Chrome/116.0.1938.76 Safari/537.36"
207.46.13.157 - - [17/Nov/2024:06:36:29 +0000] "GET /349354670 HTTP/1.1" 200 23862 "-" "Mozilla/5.0 AppleWebKit/537.36 (KHTML, like Gecko; compatible; bingbot/2.0; +http://www.bing.com/bingbot.htm) Chrome/116.0.1938.76 Safari/537.36"
207.46.13.157 - - [17/Nov/2024:06:36:30 +0000] "GET /123349910 HTTP/1.1" 200 27204 "-" "Mozilla/5.0 AppleWebKit/537.36 (KHTML, like Gecko; compatible; bingbot/2.0; +http://www.bing.com/bingbot.htm) Chrome/116.0.1938.76 Safari/537.36"
98.84.131.195 - - [17/Nov/2024:06:36:31 +0000] "GET /90272wgwwitems/etidm HTTP/1.1" 404 30904 "-" "Mozilla/5.0 (Macintosh; Intel Mac OS X 10_10_1) AppleWebKit/600.2.5 (KHTML, like Gecko) Version/8.0.2 Safari/600.2.5 (Amazonbot/0.1; +https://developer.amazon.com/support/amazonbot)"
207.46.13.157 - - [17/Nov/2024:06:36:32 +0000] "GET /197843390 HTTP/1.1" 200 26013 "-" "Mozilla/5.0 AppleWebKit/537.36 (KHTML, like Gecko; compatible; bingbot/2.0; +http://www.bing.com/bingbot.htm) Chrome/116.0.1938.76 Safari/537.36"
34.206.249.188 - - [17/Nov/2024:06:36:33 +0000] "GET /39795gvsfitems/etidm90p.html HTTP/1.1" 404 30903 "-" "Mozilla/5.0 (Macintosh; Intel Mac OS X 10_10_1) AppleWebKit/600.2.5 (KHTML, like Gecko) Version/8.0.2 Safari/600.2.5 (Amazonbot/0.1; +https://developer.amazon.com/support/amazonbot)"
207.46.13.157 - - [17/Nov/2024:06:36:33 +0000] "GET /193188350 HTTP/1.1" 200 25004 "-" "Mozilla/5.0 AppleWebKit/537.36 (KHTML, like Gecko; compatible; bingbot/2.0; +http://www.bing.com/bingbot.htm) Chrome/116.0.1938.76 Safari/537.36"
57.141.3.16 - - [17/Nov/2024:06:36:34 +0000] "GET /157216ygvoitems/etidm.htm HTTP/1.1" 404 140473 "-" "meta-externalagent/1.1 (+https://developers.facebook.com/docs/sharing/webmasters/crawler)"
207.46.13.157 - - [17/Nov/2024:06:36:35 +0000] "GET /141763910 HTTP/1.1" 200 24373 "-" "Mozilla/5.0 AppleWebKit/537.36 (KHTML, like Gecko; compatible; bingbot/2.0; +http://www.bing.com/bingbot.htm) Chrome/116.0.1938.76 Safari/537.36"
85.208.96.196 - - [17/Nov/2024:06:36:36 +0000] "GET /10639dboyetid.htm HTTP/1.1" 500 5 "-" "Mozilla/5.0 (compatible; SemrushBot/7~bl; +http://www.semrush.com/bot.html)"
207.46.13.157 - - [17/Nov/2024:06:36:36 +0000] "GET /326861150 HTTP/1.1" 200 25004 "-" "Mozilla/5.0 AppleWebKit/537.36 (KHTML, like Gecko; compatible; bingbot/2.0; +http://www.bing.com/bingbot.htm) Chrome/116.0.1938.76 Safari/537.36"
34.225.243.131 - - [17/Nov/2024:06:36:37 +0000] "GET /169546qmpiitems/etidm91.htm HTTP/1.1" 404 30904 "-" "Mozilla/5.0 (Macintosh; Intel Mac OS X 10_10_1) AppleWebKit/600.2.5 (KHTML, like Gecko) Version/8.0.2 Safari/600.2.5 (Amazonbot/0.1; +https://developer.amazon.com/support/amazonbot)"
207.46.13.157 - - [17/Nov/2024:06:36:38 +0000] "GET /216828110 HTTP/1.1" 200 24697 "-" "Mozilla/5.0 AppleWebKit/537.36 (KHTML, like Gecko; compatible; bingbot/2.0; +http://www.bing.com/bingbot.htm) Chrome/116.0.1938.76 Safari/537.36"
207.46.13.157 - - [17/Nov/2024:06:36:39 +0000] "GET /294593630 HTTP/1.1" 200 25966 "-" "Mozilla/5.0 AppleWebKit/537.36 (KHTML, like Gecko; compatible; bingbot/2.0; +http://www.bing.com/bingbot.htm) Chrome/116.0.1938.76 Safari/537.36"
207.46.13.157 - - [17/Nov/2024:06:36:40 +0000] "GET /356692790 HTTP/1.1" 200 25356 "-" "Mozilla/5.0 AppleWebKit/537.36 (KHTML, like Gecko; compatible; bingbot/2.0; +http://www.bing.com/bingbot.htm) Chrome/116.0.1938.76 Safari/537.36"
207.46.13.157 - - [17/Nov/2024:06:36:41 +0000] "GET /80560670 HTTP/1.1" 200 28529 "-" "Mozilla/5.0 AppleWebKit/537.36 (KHTML, like Gecko; compatible; bingbot/2.0; +http://www.bing.com/bingbot.htm) Chrome/116.0.1938.76 Safari/537.36"
54.210.155.69 - - [17/Nov/2024:06:36:41 +0000] "GET /79538gvsfitems/etidm40 HTTP/1.1" 404 30903 "-" "Mozilla/5.0 (Macintosh; Intel Mac OS X 10_10_1) AppleWebKit/600.2.5 (KHTML, like Gecko) Version/8.0.2 Safari/600.2.5 (Amazonbot/0.1; +https://developer.amazon.com/support/amazonbot)"
207.46.13.157 - - [17/Nov/2024:06:36:42 +0000] "GET /52890590 HTTP/1.1" 200 31140 "-" "Mozilla/5.0 AppleWebKit/537.36 (KHTML, like Gecko; compatible; bingbot/2.0; +http://www.bing.com/bingbot.htm) Chrome/116.0.1938.76 Safari/537.36"
54.197.178.107 - - [17/Nov/2024:06:36:45 +0000] "GET /125718ygvoeti.html HTTP/1.1" 404 30913 "-" "Mozilla/5.0 (Macintosh; Intel Mac OS X 10_10_1) AppleWebKit/600.2.5 (KHTML, like Gecko) Version/8.0.2 Safari/600.2.5 (Amazonbot/0.1; +https://developer.amazon.com/support/amazonbot)"
157.55.39.61 - - [17/Nov/2024:06:36:45 +0000] "GET /144381590 HTTP/1.1" 200 27599 "-" "Mozilla/5.0 AppleWebKit/537.36 (KHTML, like Gecko; compatible; bingbot/2.0; +http://www.bing.com/bingbot.htm) Chrome/116.0.1938.76 Safari/537.36"
157.55.39.61 - - [17/Nov/2024:06:36:46 +0000] "GET /197223230 HTTP/1.1" 200 24252 "-" "Mozilla/5.0 AppleWebKit/537.36 (KHTML, like Gecko; compatible; bingbot/2.0; +http://www.bing.com/bingbot.htm) Chrome/116.0.1938.76 Safari/537.36"
127.0.0.1 - - [17/Nov/2024:06:36:47 +0000] "POST /wp-cron.php?doing_wp_cron=1731825407.2586700916290283203125 HTTP/1.1" 500 5 "-" "WordPress/6.6.2; https://guide.quickscrum.com"
157.55.39.61 - - [17/Nov/2024:06:36:47 +0000] "GET /322742270 HTTP/1.1" 200 29783 "-" "Mozilla/5.0 AppleWebKit/537.36 (KHTML, like Gecko; compatible; bingbot/2.0; +http://www.bing.com/bingbot.htm) Chrome/116.0.1938.76 Safari/537.36"
157.55.39.61 - - [17/Nov/2024:06:36:48 +0000] "GET /135099230 HTTP/1.1" 200 26637 "-" "Mozilla/5.0 AppleWebKit/537.36 (KHTML, like Gecko; compatible; bingbot/2.0; +http://www.bing.com/bingbot.htm) Chrome/116.0.1938.76 Safari/537.36"
157.55.39.61 - - [17/Nov/2024:06:36:48 +0000] "GET /294505070 HTTP/1.1" 200 24570 "-" "Mozilla/5.0 AppleWebKit/537.36 (KHTML, like Gecko; compatible; bingbot/2.0; +http://www.bing.com/bingbot.htm) Chrome/116.0.1938.76 Safari/537.36"
92.242.36.2 - - [17/Nov/2024:06:36:49 +0000] "GET /agile-software-development-model HTTP/1.1" 301 194 "-" "Mozilla/5.0 (X11; Ubuntu; Linux x86_64; rv:82.0) Gecko/20100101 Firefox/82.0"
54.90.8.255 - - [17/Nov/2024:06:36:49 +0000] "GET /205650gbzsetidm82.html HTTP/1.1" 404 30913 "-" "Mozilla/5.0 (Macintosh; Intel Mac OS X 10_10_1) AppleWebKit/600.2.5 (KHTML, like Gecko) Version/8.0.2 Safari/600.2.5 (Amazonbot/0.1; +https://developer.amazon.com/support/amazonbot)"
157.55.39.61 - - [17/Nov/2024:06:36:50 +0000] "GET /339560870 HTTP/1.1" 200 25620 "-" "Mozilla/5.0 AppleWebKit/537.36 (KHTML, like Gecko; compatible; bingbot/2.0; +http://www.bing.com/bingbot.htm) Chrome/116.0.1938.76 Safari/537.36"
157.55.39.61 - - [17/Nov/2024:06:36:50 +0000] "GET /343660790 HTTP/1.1" 200 29609 "-" "Mozilla/5.0 AppleWebKit/537.36 (KHTML, like Gecko; compatible; bingbot/2.0; +http://www.bing.com/bingbot.htm) Chrome/116.0.1938.76 Safari/537.36"
216.244.66.249 - - [17/Nov/2024:06:36:51 +0000] "GET /177397qmpietidm86zmz.htm HTTP/1.1" 500 5 "-" "Mozilla/5.0 (compatible; DotBot/1.2; +https://opensiteexplorer.org/dotbot; help@moz.com)"
157.55.39.61 - - [17/Nov/2024:06:36:51 +0000] "GET /32856950 HTTP/1.1" 200 27527 "-" "Mozilla/5.0 AppleWebKit/537.36 (KHTML, like Gecko; compatible; bingbot/2.0; +http://www.bing.com/bingbot.htm) Chrome/116.0.1938.76 Safari/537.36"
157.55.39.61 - - [17/Nov/2024:06:36:51 +0000] "GET /173704190 HTTP/1.1" 200 23661 "-" "Mozilla/5.0 AppleWebKit/537.36 (KHTML, like Gecko; compatible; bingbot/2.0; +http://www.bing.com/bingbot.htm) Chrome/116.0.1938.76 Safari/537.36"
157.55.39.61 - - [17/Nov/2024:06:36:53 +0000] "GET /115599350 HTTP/1.1" 200 25831 "-" "Mozilla/5.0 AppleWebKit/537.36 (KHTML, like Gecko; compatible; bingbot/2.0; +http://www.bing.com/bingbot.htm) Chrome/116.0.1938.76 Safari/537.36"
157.55.39.61 - - [17/Nov/2024:06:36:53 +0000] "GET /232846550 HTTP/1.1" 200 25725 "-" "Mozilla/5.0 AppleWebKit/537.36 (KHTML, like Gecko; compatible; bingbot/2.0; +http://www.bing.com/bingbot.htm) Chrome/116.0.1938.76 Safari/537.36"
57.141.3.13 - - [17/Nov/2024:06:36:53 +0000] "GET /wp-json/oembed/1.0/embed?url=https%3A%2F%2Fguide.quickscrum.com%2Fmostbet-474-giris-yeni-mostbet474-com-resmiyetteki-adresidir-mostbet-474-guencel-giris-mostbet474-com-bahis-aktifligiyle-buradadr-11%2F HTTP/1.1" 500 5 "-" "meta-externalagent/1.1 (+https://developers.facebook.com/docs/sharing/webmasters/crawler)"
54.225.148.123 - - [17/Nov/2024:06:36:53 +0000] "GET /244944gbzsetidm.html HTTP/1.1" 404 30914 "-" "Mozilla/5.0 (Macintosh; Intel Mac OS X 10_10_1) AppleWebKit/600.2.5 (KHTML, like Gecko) Version/8.0.2 Safari/600.2.5 (Amazonbot/0.1; +https://developer.amazon.com/support/amazonbot)"
157.55.39.61 - - [17/Nov/2024:06:36:55 +0000] "GET /186142070 HTTP/1.1" 200 24712 "-" "Mozilla/5.0 AppleWebKit/537.36 (KHTML, like Gecko; compatible; bingbot/2.0; +http://www.bing.com/bingbot.htm) Chrome/116.0.1938.76 Safari/537.36"
157.55.39.61 - - [17/Nov/2024:06:36:55 +0000] "GET /288193430 HTTP/1.1" 200 24147 "-" "Mozilla/5.0 AppleWebKit/537.36 (KHTML, like Gecko; compatible; bingbot/2.0; +http://www.bing.com/bingbot.htm) Chrome/116.0.1938.76 Safari/537.36"
157.55.39.61 - - [17/Nov/2024:06:36:56 +0000] "GET /357955910 HTTP/1.1" 200 23680 "-" "Mozilla/5.0 AppleWebKit/537.36 (KHTML, like Gecko; compatible; bingbot/2.0; +http://www.bing.com/bingbot.htm) Chrome/116.0.1938.76 Safari/537.36"
18.204.89.56 - - [17/Nov/2024:06:36:57 +0000] "GET /267293yyynetidm99nyn HTTP/1.1" 404 30902 "-" "Mozilla/5.0 (Macintosh; Intel Mac OS X 10_10_1) AppleWebKit/600.2.5 (KHTML, like Gecko) Version/8.0.2 Safari/600.2.5 (Amazonbot/0.1; +https://developer.amazon.com/support/amazonbot)"
157.55.39.61 - - [17/Nov/2024:06:36:57 +0000] "GET /80077910 HTTP/1.1" 200 23841 "-" "Mozilla/5.0 AppleWebKit/537.36 (KHTML, like Gecko; compatible; bingbot/2.0; +http://www.bing.com/bingbot.htm) Chrome/116.0.1938.76 Safari/537.36"
157.55.39.61 - - [17/Nov/2024:06:36:58 +0000] "GET /35303510 HTTP/1.1" 200 33174 "-" "Mozilla/5.0 AppleWebKit/537.36 (KHTML, like Gecko; compatible; bingbot/2.0; +http://www.bing.com/bingbot.htm) Chrome/116.0.1938.76 Safari/537.36"
157.55.39.61 - - [17/Nov/2024:06:37:00 +0000] "GET /82427630 HTTP/1.1" 200 28221 "-" "Mozilla/5.0 AppleWebKit/537.36 (KHTML, like Gecko; compatible; bingbot/2.0; +http://www.bing.com/bingbot.htm) Chrome/116.0.1938.76 Safari/537.36"
157.55.39.61 - - [17/Nov/2024:06:37:01 +0000] "GET /322754870 HTTP/1.1" 200 38315 "-" "Mozilla/5.0 AppleWebKit/537.36 (KHTML, like Gecko; compatible; bingbot/2.0; +http://www.bing.com/bingbot.htm) Chrome/116.0.1938.76 Safari/537.36"
92.242.36.2 - - [17/Nov/2024:06:37:01 +0000] "GET /agile-software-development-model HTTP/1.1" 404 30906 "-" "Mozilla/5.0 (X11; Ubuntu; Linux x86_64; rv:82.0) Gecko/20100101 Firefox/82.0"
52.0.63.151 - - [17/Nov/2024:06:37:01 +0000] "GET /253105gvsfetidm8.htm HTTP/1.1" 404 30912 "-" "Mozilla/5.0 (Macintosh; Intel Mac OS X 10_10_1) AppleWebKit/600.2.5 (KHTML, like Gecko) Version/8.0.2 Safari/600.2.5 (Amazonbot/0.1; +https://developer.amazon.com/support/amazonbot)"
216.244.66.249 - - [17/Nov/2024:06:37:02 +0000] "GET /238669gbzsetidm66pbp.htm HTTP/1.1" 500 5 "-" "Mozilla/5.0 (compatible; DotBot/1.2; +https://opensiteexplorer.org/dotbot; help@moz.com)"
157.55.39.61 - - [17/Nov/2024:06:37:03 +0000] "GET /270657110 HTTP/1.1" 200 23500 "-" "Mozilla/5.0 AppleWebKit/537.36 (KHTML, like Gecko; compatible; bingbot/2.0; +http://www.bing.com/bingbot.htm) Chrome/116.0.1938.76 Safari/537.36"
157.55.39.61 - - [17/Nov/2024:06:37:04 +0000] "GET /270367910 HTTP/1.1" 200 25956 "-" "Mozilla/5.0 AppleWebKit/537.36 (KHTML, like Gecko; compatible; bingbot/2.0; +http://www.bing.com/bingbot.htm) Chrome/116.0.1938.76 Safari/537.36"
66.249.74.33 - - [17/Nov/2024:06:37:05 +0000] "GET /wp-content/page/?page=%E0%B9%80%E0%B8%81%E0%B8%A1%E0%B8%AA%E0%B8%A5%E0%B9%87%E0%B8%AD%E0%B8%95%E0%B8%9D%E0%B8%B2%E0%B8%8120%E0%B8%A3%E0%B8%B1%E0%B8%9A100 HTTP/1.1" 200 2262 "-" "Mozilla/5.0 (Linux; Android 6.0.1; Nexus 5X Build/MMB29P) AppleWebKit/537.36 (KHTML, like Gecko) Chrome/131.0.6778.69 Mobile Safari/537.36 (compatible; Googlebot/2.1; +http://www.google.com/bot.html)"
52.7.33.248 - - [17/Nov/2024:06:37:05 +0000] "GET /18988gbzsitems/etidm68ig.htm HTTP/1.1" 404 30901 "-" "Mozilla/5.0 (Macintosh; Intel Mac OS X 10_10_1) AppleWebKit/600.2.5 (KHTML, like Gecko) Version/8.0.2 Safari/600.2.5 (Amazonbot/0.1; +https://developer.amazon.com/support/amazonbot)"
157.55.39.61 - - [17/Nov/2024:06:37:06 +0000] "GET /334000430 HTTP/1.1" 200 26601 "-" "Mozilla/5.0 AppleWebKit/537.36 (KHTML, like Gecko; compatible; bingbot/2.0; +http://www.bing.com/bingbot.htm) Chrome/116.0.1938.76 Safari/537.36"
157.55.39.61 - - [17/Nov/2024:06:37:07 +0000] "GET /144546110 HTTP/1.1" 200 34575 "-" "Mozilla/5.0 AppleWebKit/537.36 (KHTML, like Gecko; compatible; bingbot/2.0; +http://www.bing.com/bingbot.htm) Chrome/116.0.1938.76 Safari/537.36"
157.55.39.61 - - [17/Nov/2024:06:37:09 +0000] "GET /25673030 HTTP/1.1" 200 35995 "-" "Mozilla/5.0 AppleWebKit/537.36 (KHTML, like Gecko; compatible; bingbot/2.0; +http://www.bing.com/bingbot.htm) Chrome/116.0.1938.76 Safari/537.36"
