52.2.191.202 - - [17/Nov/2024:06:39:41 +0000] "GET /102158yyynitems/eti HTTP/1.1" 404 30904 "-" "Mozilla/5.0 (Macintosh; Intel Mac OS X 10_10_1) AppleWebKit/600.2.5 (KHTML, like Gecko) Version/8.0.2 Safari/600.2.5 (Amazonbot/0.1; +https://developer.amazon.com/support/amazonbot)"
40.77.167.75 - - [17/Nov/2024:06:39:41 +0000] "GET /67758110 HTTP/1.1" 200 28198 "-" "Mozilla/5.0 AppleWebKit/537.36 (KHTML, like Gecko; compatible; bingbot/2.0; +http://www.bing.com/bingbot.htm) Chrome/116.0.1938.76 Safari/537.36"
40.77.167.75 - - [17/Nov/2024:06:39:42 +0000] "GET /102228710 HTTP/1.1" 200 28659 "-" "Mozilla/5.0 AppleWebKit/537.36 (KHTML, like Gecko; compatible; bingbot/2.0; +http://www.bing.com/bingbot.htm) Chrome/116.0.1938.76 Safari/537.36"
40.77.167.75 - - [17/Nov/2024:06:39:43 +0000] "GET /50843750 HTTP/1.1" 200 27613 "-" "Mozilla/5.0 AppleWebKit/537.36 (KHTML, like Gecko; compatible; bingbot/2.0; +http://www.bing.com/bingbot.htm) Chrome/116.0.1938.76 Safari/537.36"
40.77.167.75 - - [17/Nov/2024:06:39:44 +0000] "GET /281653430 HTTP/1.1" 200 24596 "-" "Mozilla/5.0 AppleWebKit/537.36 (KHTML, like Gecko; compatible; bingbot/2.0; +http://www.bing.com/bingbot.htm) Chrome/116.0.1938.76 Safari/537.36"
35.170.205.140 - - [17/Nov/2024:06:39:45 +0000] "GET /229954yhrejp/uckrkti.htm HTTP/1.1" 404 30902 "-" "Mozilla/5.0 (Macintosh; Intel Mac OS X 10_10_1) AppleWebKit/600.2.5 (KHTML, like Gecko) Version/8.0.2 Safari/600.2.5 (Amazonbot/0.1; +https://developer.amazon.com/support/amazonbot)"
40.77.167.75 - - [17/Nov/2024:06:39:45 +0000] "GET /12229310 HTTP/1.1" 200 28399 "-" "Mozilla/5.0 AppleWebKit/537.36 (KHTML, like Gecko; compatible; bingbot/2.0; +http://www.bing.com/bingbot.htm) Chrome/116.0.1938.76 Safari/537.36"
40.77.167.75 - - [17/Nov/2024:06:39:47 +0000] "GET /119884190 HTTP/1.1" 200 24927 "-" "Mozilla/5.0 AppleWebKit/537.36 (KHTML, like Gecko; compatible; bingbot/2.0; +http://www.bing.com/bingbot.htm) Chrome/116.0.1938.76 Safari/537.36"
40.77.167.75 - - [17/Nov/2024:06:39:48 +0000] "GET /83449670 HTTP/1.1" 200 33601 "-" "Mozilla/5.0 AppleWebKit/537.36 (KHTML, like Gecko; compatible; bingbot/2.0; +http://www.bing.com/bingbot.htm) Chrome/116.0.1938.76 Safari/537.36"
40.77.167.75 - - [17/Nov/2024:06:39:50 +0000] "GET /305470190 HTTP/1.1" 200 25329 "-" "Mozilla/5.0 AppleWebKit/537.36 (KHTML, like Gecko; compatible; bingbot/2.0; +http://www.bing.com/bingbot.htm) Chrome/116.0.1938.76 Safari/537.36"
34.194.233.48 - - [17/Nov/2024:06:39:50 +0000] "GET /206347qmpietidm41l.htm HTTP/1.1" 404 30915 "-" "Mozilla/5.0 (Macintosh; Intel Mac OS X 10_10_1) AppleWebKit/600.2.5 (KHTML, like Gecko) Version/8.0.2 Safari/600.2.5 (Amazonbot/0.1; +https://developer.amazon.com/support/amazonbot)"
127.0.0.1 - - [17/Nov/2024:06:39:51 +0000] "POST /wp-cron.php?doing_wp_cron=1731825591.2569990158081054687500 HTTP/1.1" 500 5 "-" "WordPress/6.6.2; https://guide.quickscrum.com"
40.77.167.75 - - [17/Nov/2024:06:39:51 +0000] "GET /179365790 HTTP/1.1" 200 25757 "-" "Mozilla/5.0 AppleWebKit/537.36 (KHTML, like Gecko; compatible; bingbot/2.0; +http://www.bing.com/bingbot.htm) Chrome/116.0.1938.76 Safari/537.36"
40.77.167.75 - - [17/Nov/2024:06:39:53 +0000] "GET /327542510 HTTP/1.1" 200 30700 "-" "Mozilla/5.0 AppleWebKit/537.36 (KHTML, like Gecko; compatible; bingbot/2.0; +http://www.bing.com/bingbot.htm) Chrome/116.0.1938.76 Safari/537.36"
54.84.161.62 - - [17/Nov/2024:06:39:53 +0000] "GET /207442tbjqitems/etidm97.htm HTTP/1.1" 404 30904 "-" "Mozilla/5.0 (Macintosh; Intel Mac OS X 10_10_1) AppleWebKit/600.2.5 (KHTML, like Gecko) Version/8.0.2 Safari/600.2.5 (Amazonbot/0.1; +https://developer.amazon.com/support/amazonbot)"
40.77.167.75 - - [17/Nov/2024:06:39:54 +0000] "GET /312149390 HTTP/1.1" 200 24475 "-" "Mozilla/5.0 AppleWebKit/537.36 (KHTML, like Gecko; compatible; bingbot/2.0; +http://www.bing.com/bingbot.htm) Chrome/116.0.1938.76 Safari/537.36"
40.77.167.75 - - [17/Nov/2024:06:39:55 +0000] "GET /65389910 HTTP/1.1" 200 30256 "-" "Mozilla/5.0 AppleWebKit/537.36 (KHTML, like Gecko; compatible; bingbot/2.0; +http://www.bing.com/bingbot.htm) Chrome/116.0.1938.76 Safari/537.36"
40.77.167.75 - - [17/Nov/2024:06:39:56 +0000] "GET /185834270 HTTP/1.1" 200 23647 "-" "Mozilla/5.0 AppleWebKit/537.36 (KHTML, like Gecko; compatible; bingbot/2.0; +http://www.bing.com/bingbot.htm) Chrome/116.0.1938.76 Safari/537.36"
98.83.72.38 - - [17/Nov/2024:06:39:57 +0000] "GET /160454ygvoitems/eti HTTP/1.1" 404 30903 "-" "Mozilla/5.0 (Macintosh; Intel Mac OS X 10_10_1) AppleWebKit/600.2.5 (KHTML, like Gecko) Version/8.0.2 Safari/600.2.5 (Amazonbot/0.1; +https://developer.amazon.com/support/amazonbot)"
40.77.167.75 - - [17/Nov/2024:06:39:58 +0000] "GET /151161230 HTTP/1.1" 200 28769 "-" "Mozilla/5.0 AppleWebKit/537.36 (KHTML, like Gecko; compatible; bingbot/2.0; +http://www.bing.com/bingbot.htm) Chrome/116.0.1938.76 Safari/537.36"
40.77.167.75 - - [17/Nov/2024:06:39:59 +0000] "GET /242795870 HTTP/1.1" 200 23495 "-" "Mozilla/5.0 AppleWebKit/537.36 (KHTML, like Gecko; compatible; bingbot/2.0; +http://www.bing.com/bingbot.htm) Chrome/116.0.1938.76 Safari/537.36"
57.141.3.3 - - [17/Nov/2024:06:40:00 +0000] "GET /175316tbjqitems/etidm96yt HTTP/1.1" 404 140463 "-" "meta-externalagent/1.1 (+https://developers.facebook.com/docs/sharing/webmasters/crawler)"
44.214.19.8 - - [17/Nov/2024:06:40:00 +0000] "GET /175502gbzsitems/eti HTTP/1.1" 404 30902 "-" "Mozilla/5.0 (Macintosh; Intel Mac OS X 10_10_1) AppleWebKit/600.2.5 (KHTML, like Gecko) Version/8.0.2 Safari/600.2.5 (Amazonbot/0.1; +https://developer.amazon.com/support/amazonbot)"
40.77.167.75 - - [17/Nov/2024:06:40:00 +0000] "GET /268913630 HTTP/1.1" 200 25332 "-" "Mozilla/5.0 AppleWebKit/537.36 (KHTML, like Gecko; compatible; bingbot/2.0; +http://www.bing.com/bingbot.htm) Chrome/116.0.1938.76 Safari/537.36"
40.77.167.75 - - [17/Nov/2024:06:40:02 +0000] "GET /225112070 HTTP/1.1" 200 24084 "-" "Mozilla/5.0 AppleWebKit/537.36 (KHTML, like Gecko; compatible; bingbot/2.0; +http://www.bing.com/bingbot.htm) Chrome/116.0.1938.76 Safari/537.36"
40.77.167.75 - - [17/Nov/2024:06:40:03 +0000] "GET /123268430 HTTP/1.1" 200 28651 "-" "Mozilla/5.0 AppleWebKit/537.36 (KHTML, like Gecko; compatible; bingbot/2.0; +http://www.bing.com/bingbot.htm) Chrome/116.0.1938.76 Safari/537.36"
44.218.6.93 - - [17/Nov/2024:06:40:05 +0000] "GET /139571gbzsetidm15d HTTP/1.1" 404 30906 "-" "Mozilla/5.0 (Macintosh; Intel Mac OS X 10_10_1) AppleWebKit/600.2.5 (KHTML, like Gecko) Version/8.0.2 Safari/600.2.5 (Amazonbot/0.1; +https://developer.amazon.com/support/amazonbot)"
40.77.167.75 - - [17/Nov/2024:06:40:05 +0000] "GET /229048310 HTTP/1.1" 200 26154 "-" "Mozilla/5.0 AppleWebKit/537.36 (KHTML, like Gecko; compatible; bingbot/2.0; +http://www.bing.com/bingbot.htm) Chrome/116.0.1938.76 Safari/537.36"
40.77.167.75 - - [17/Nov/2024:06:40:06 +0000] "GET /237856790 HTTP/1.1" 200 24792 "-" "Mozilla/5.0 AppleWebKit/537.36 (KHTML, like Gecko; compatible; bingbot/2.0; +http://www.bing.com/bingbot.htm) Chrome/116.0.1938.76 Safari/537.36"
40.77.167.75 - - [17/Nov/2024:06:40:07 +0000] "GET /236769710 HTTP/1.1" 200 24022 "-" "Mozilla/5.0 AppleWebKit/537.36 (KHTML, like Gecko; compatible; bingbot/2.0; +http://www.bing.com/bingbot.htm) Chrome/116.0.1938.76 Safari/537.36"
40.77.167.75 - - [17/Nov/2024:06:40:09 +0000] "GET /167802590 HTTP/1.1" 200 25747 "-" "Mozilla/5.0 AppleWebKit/537.36 (KHTML, like Gecko; compatible; bingbot/2.0; +http://www.bing.com/bingbot.htm) Chrome/116.0.1938.76 Safari/537.36"
52.73.6.26 - - [17/Nov/2024:06:40:09 +0000] "GET /48615wgwwitems/etid.html HTTP/1.1" 404 30900 "-" "Mozilla/5.0 (Macintosh; Intel Mac OS X 10_10_1) AppleWebKit/600.2.5 (KHTML, like Gecko) Version/8.0.2 Safari/600.2.5 (Amazonbot/0.1; +https://developer.amazon.com/support/amazonbot)"
52.167.144.194 - - [17/Nov/2024:06:40:10 +0000] "GET /158905550 HTTP/1.1" 200 25887 "-" "Mozilla/5.0 AppleWebKit/537.36 (KHTML, like Gecko; compatible; bingbot/2.0; +http://www.bing.com/bingbot.htm) Chrome/116.0.1938.76 Safari/537.36"
40.77.167.75 - - [17/Nov/2024:06:40:10 +0000] "GET /109070270 HTTP/1.1" 200 27032 "-" "Mozilla/5.0 AppleWebKit/537.36 (KHTML, like Gecko; compatible; bingbot/2.0; +http://www.bing.com/bingbot.htm) Chrome/116.0.1938.76 Safari/537.36"
52.167.144.194 - - [17/Nov/2024:06:40:11 +0000] "GET /16868750 HTTP/1.1" 200 28009 "-" "Mozilla/5.0 AppleWebKit/537.36 (KHTML, like Gecko; compatible; bingbot/2.0; +http://www.bing.com/bingbot.htm) Chrome/116.0.1938.76 Safari/537.36"
157.55.39.61 - - [17/Nov/2024:06:40:11 +0000] "GET /317459630 HTTP/1.1" 200 26525 "-" "Mozilla/5.0 AppleWebKit/537.36 (KHTML, like Gecko; compatible; bingbot/2.0; +http://www.bing.com/bingbot.htm) Chrome/116.0.1938.76 Safari/537.36"
40.77.167.75 - - [17/Nov/2024:06:40:12 +0000] "GET /269511470 HTTP/1.1" 200 25563 "-" "Mozilla/5.0 AppleWebKit/537.36 (KHTML, like Gecko; compatible; bingbot/2.0; +http://www.bing.com/bingbot.htm) Chrome/116.0.1938.76 Safari/537.36"
52.167.144.194 - - [17/Nov/2024:06:40:12 +0000] "GET /6650870 HTTP/1.1" 200 33554 "-" "Mozilla/5.0 AppleWebKit/537.36 (KHTML, like Gecko; compatible; bingbot/2.0; +http://www.bing.com/bingbot.htm) Chrome/116.0.1938.76 Safari/537.36"
54.225.98.148 - - [17/Nov/2024:06:40:13 +0000] "GET /203603yyynetidm98x HTTP/1.1" 404 30906 "-" "Mozilla/5.0 (Macintosh; Intel Mac OS X 10_10_1) AppleWebKit/600.2.5 (KHTML, like Gecko) Version/8.0.2 Safari/600.2.5 (Amazonbot/0.1; +https://developer.amazon.com/support/amazonbot)"
52.167.144.194 - - [17/Nov/2024:06:40:13 +0000] "GET /163847510 HTTP/1.1" 200 24622 "-" "Mozilla/5.0 AppleWebKit/537.36 (KHTML, like Gecko; compatible; bingbot/2.0; +http://www.bing.com/bingbot.htm) Chrome/116.0.1938.76 Safari/537.36"
40.77.167.75 - - [17/Nov/2024:06:40:14 +0000] "GET /206829230 HTTP/1.1" 200 26108 "-" "Mozilla/5.0 AppleWebKit/537.36 (KHTML, like Gecko; compatible; bingbot/2.0; +http://www.bing.com/bingbot.htm) Chrome/116.0.1938.76 Safari/537.36"
52.167.144.194 - - [17/Nov/2024:06:40:15 +0000] "GET /191978390 HTTP/1.1" 200 24115 "-" "Mozilla/5.0 AppleWebKit/537.36 (KHTML, like Gecko; compatible; bingbot/2.0; +http://www.bing.com/bingbot.htm) Chrome/116.0.1938.76 Safari/537.36"
40.77.167.75 - - [17/Nov/2024:06:40:15 +0000] "GET /318116150 HTTP/1.1" 200 23184 "-" "Mozilla/5.0 AppleWebKit/537.36 (KHTML, like Gecko; compatible; bingbot/2.0; +http://www.bing.com/bingbot.htm) Chrome/116.0.1938.76 Safari/537.36"
52.167.144.194 - - [17/Nov/2024:06:40:16 +0000] "GET /240305390 HTTP/1.1" 200 23632 "-" "Mozilla/5.0 AppleWebKit/537.36 (KHTML, like Gecko; compatible; bingbot/2.0; +http://www.bing.com/bingbot.htm) Chrome/116.0.1938.76 Safari/537.36"
40.77.167.75 - - [17/Nov/2024:06:40:16 +0000] "GET /310741670 HTTP/1.1" 200 24799 "-" "Mozilla/5.0 AppleWebKit/537.36 (KHTML, like Gecko; compatible; bingbot/2.0; +http://www.bing.com/bingbot.htm) Chrome/116.0.1938.76 Safari/537.36"
52.71.216.196 - - [17/Nov/2024:06:40:17 +0000] "GET /226470dboyeti.html HTTP/1.1" 404 30910 "-" "Mozilla/5.0 (Macintosh; Intel Mac OS X 10_10_1) AppleWebKit/600.2.5 (KHTML, like Gecko) Version/8.0.2 Safari/600.2.5 (Amazonbot/0.1; +https://developer.amazon.com/support/amazonbot)"
52.167.144.194 - - [17/Nov/2024:06:40:17 +0000] "GET /247709630 HTTP/1.1" 200 24483 "-" "Mozilla/5.0 AppleWebKit/537.36 (KHTML, like Gecko; compatible; bingbot/2.0; +http://www.bing.com/bingbot.htm) Chrome/116.0.1938.76 Safari/537.36"
20.15.133.175 - - [17/Nov/2024:06:40:18 +0000] "GET /76981070 HTTP/1.1" 200 26386 "-" "Mozilla/5.0 AppleWebKit/537.36 (KHTML, like Gecko; compatible; bingbot/2.0; +http://www.bing.com/bingbot.htm) Chrome/116.0.1938.76 Safari/537.36"
40.77.167.75 - - [17/Nov/2024:06:40:18 +0000] "GET /23383670 HTTP/1.1" 200 32359 "-" "Mozilla/5.0 AppleWebKit/537.36 (KHTML, like Gecko; compatible; bingbot/2.0; +http://www.bing.com/bingbot.htm) Chrome/116.0.1938.76 Safari/537.36"
52.167.144.194 - - [17/Nov/2024:06:40:18 +0000] "GET /75998630 HTTP/1.1" 200 30621 "-" "Mozilla/5.0 AppleWebKit/537.36 (KHTML, like Gecko; compatible; bingbot/2.0; +http://www.bing.com/bingbot.htm) Chrome/116.0.1938.76 Safari/537.36"
20.15.133.175 - - [17/Nov/2024:06:40:19 +0000] "GET /283094870 HTTP/1.1" 200 25552 "-" "Mozilla/5.0 AppleWebKit/537.36 (KHTML, like Gecko; compatible; bingbot/2.0; +http://www.bing.com/bingbot.htm) Chrome/116.0.1938.76 Safari/537.36"
40.77.167.75 - - [17/Nov/2024:06:40:19 +0000] "GET /85732550 HTTP/1.1" 200 28032 "-" "Mozilla/5.0 AppleWebKit/537.36 (KHTML, like Gecko; compatible; bingbot/2.0; +http://www.bing.com/bingbot.htm) Chrome/116.0.1938.76 Safari/537.36"
52.167.144.194 - - [17/Nov/2024:06:40:20 +0000] "GET /202586390 HTTP/1.1" 200 23505 "-" "Mozilla/5.0 AppleWebKit/537.36 (KHTML, like Gecko; compatible; bingbot/2.0; +http://www.bing.com/bingbot.htm) Chrome/116.0.1938.76 Safari/537.36"
40.77.167.75 - - [17/Nov/2024:06:40:20 +0000] "GET /134151830 HTTP/1.1" 200 25107 "-" "Mozilla/5.0 AppleWebKit/537.36 (KHTML, like Gecko; compatible; bingbot/2.0; +http://www.bing.com/bingbot.htm) Chrome/116.0.1938.76 Safari/537.36"
52.167.144.194 - - [17/Nov/2024:06:40:21 +0000] "GET /195683390 HTTP/1.1" 200 24448 "-" "Mozilla/5.0 AppleWebKit/537.36 (KHTML, like Gecko; compatible; bingbot/2.0; +http://www.bing.com/bingbot.htm) Chrome/116.0.1938.76 Safari/537.36"
18.235.158.19 - - [17/Nov/2024:06:40:22 +0000] "GET /58392zmddetidm.html HTTP/1.1" 404 30913 "-" "Mozilla/5.0 (Macintosh; Intel Mac OS X 10_10_1) AppleWebKit/600.2.5 (KHTML, like Gecko) Version/8.0.2 Safari/600.2.5 (Amazonbot/0.1; +https://developer.amazon.com/support/amazonbot)"
52.167.144.194 - - [17/Nov/2024:06:40:22 +0000] "GET /116832350 HTTP/1.1" 200 24997 "-" "Mozilla/5.0 AppleWebKit/537.36 (KHTML, like Gecko; compatible; bingbot/2.0; +http://www.bing.com/bingbot.htm) Chrome/116.0.1938.76 Safari/537.36"
52.167.144.194 - - [17/Nov/2024:06:40:24 +0000] "GET /235361990 HTTP/1.1" 200 24258 "-" "Mozilla/5.0 AppleWebKit/537.36 (KHTML, like Gecko; compatible; bingbot/2.0; +http://www.bing.com/bingbot.htm) Chrome/116.0.1938.76 Safari/537.36"
52.3.104.214 - - [17/Nov/2024:06:40:25 +0000] "GET /69421qmpietidm12bmb.htm HTTP/1.1" 404 30914 "-" "Mozilla/5.0 (Macintosh; Intel Mac OS X 10_10_1) AppleWebKit/600.2.5 (KHTML, like Gecko) Version/8.0.2 Safari/600.2.5 (Amazonbot/0.1; +https://developer.amazon.com/support/amazonbot)"
52.167.144.194 - - [17/Nov/2024:06:40:25 +0000] "GET /207794390 HTTP/1.1" 200 24469 "-" "Mozilla/5.0 AppleWebKit/537.36 (KHTML, like Gecko; compatible; bingbot/2.0; +http://www.bing.com/bingbot.htm) Chrome/116.0.1938.76 Safari/537.36"
52.167.144.194 - - [17/Nov/2024:06:40:26 +0000] "GET /304548950 HTTP/1.1" 200 24433 "-" "Mozilla/5.0 AppleWebKit/537.36 (KHTML, like Gecko; compatible; bingbot/2.0; +http://www.bing.com/bingbot.htm) Chrome/116.0.1938.76 Safari/537.36"
57.141.3.4 - - [17/Nov/2024:06:40:27 +0000] "GET /135689yyynetidm4 HTTP/1.1" 404 140472 "-" "meta-externalagent/1.1 (+https://developers.facebook.com/docs/sharing/webmasters/crawler)"
52.167.144.194 - - [17/Nov/2024:06:40:28 +0000] "GET /357275030 HTTP/1.1" 200 24054 "-" "Mozilla/5.0 AppleWebKit/537.36 (KHTML, like Gecko; compatible; bingbot/2.0; +http://www.bing.com/bingbot.htm) Chrome/116.0.1938.76 Safari/537.36"
3.213.213.161 - - [17/Nov/2024:06:40:28 +0000] "GET /246712tbjqitems/etidm.htm HTTP/1.1" 404 30899 "-" "Mozilla/5.0 (Macintosh; Intel Mac OS X 10_10_1) AppleWebKit/600.2.5 (KHTML, like Gecko) Version/8.0.2 Safari/600.2.5 (Amazonbot/0.1; +https://developer.amazon.com/support/amazonbot)"
52.167.144.194 - - [17/Nov/2024:06:40:29 +0000] "GET /234129950 HTTP/1.1" 200 27581 "-" "Mozilla/5.0 AppleWebKit/537.36 (KHTML, like Gecko; compatible; bingbot/2.0; +http://www.bing.com/bingbot.htm) Chrome/116.0.1938.76 Safari/537.36"
52.167.144.194 - - [17/Nov/2024:06:40:30 +0000] "GET /92056790 HTTP/1.1" 200 34691 "-" "Mozilla/5.0 AppleWebKit/537.36 (KHTML, like Gecko; compatible; bingbot/2.0; +http://www.bing.com/bingbot.htm) Chrome/116.0.1938.76 Safari/537.36"
52.167.144.194 - - [17/Nov/2024:06:40:32 +0000] "GET /15857030 HTTP/1.1" 200 25217 "-" "Mozilla/5.0 AppleWebKit/537.36 (KHTML, like Gecko; compatible; bingbot/2.0; +http://www.bing.com/bingbot.htm) Chrome/116.0.1938.76 Safari/537.36"
44.205.180.155 - - [17/Nov/2024:06:40:33 +0000] "GET /290928gvsfetidm.html HTTP/1.1" 404 30914 "-" "Mozilla/5.0 (Macintosh; Intel Mac OS X 10_10_1) AppleWebKit/600.2.5 (KHTML, like Gecko) Version/8.0.2 Safari/600.2.5 (Amazonbot/0.1; +https://developer.amazon.com/support/amazonbot)"
52.167.144.194 - - [17/Nov/2024:06:40:33 +0000] "GET /105610430 HTTP/1.1" 200 24051 "-" "Mozilla/5.0 AppleWebKit/537.36 (KHTML, like Gecko; compatible; bingbot/2.0; +http://www.bing.com/bingbot.htm) Chrome/116.0.1938.76 Safari/537.36"
52.167.144.194 - - [17/Nov/2024:06:40:34 +0000] "GET /191338790 HTTP/1.1" 200 28226 "-" "Mozilla/5.0 AppleWebKit/537.36 (KHTML, like Gecko; compatible; bingbot/2.0; +http://www.bing.com/bingbot.htm) Chrome/116.0.1938.76 Safari/537.36"
52.167.144.194 - - [17/Nov/2024:06:40:35 +0000] "GET /258180590 HTTP/1.1" 200 24458 "-" "Mozilla/5.0 AppleWebKit/537.36 (KHTML, like Gecko; compatible; bingbot/2.0; +http://www.bing.com/bingbot.htm) Chrome/116.0.1938.76 Safari/537.36"
52.167.144.194 - - [17/Nov/2024:06:40:37 +0000] "GET /132315110 HTTP/1.1" 200 32603 "-" "Mozilla/5.0 AppleWebKit/537.36 (KHTML, like Gecko; compatible; bingbot/2.0; +http://www.bing.com/bingbot.htm) Chrome/116.0.1938.76 Safari/537.36"
52.167.144.194 - - [17/Nov/2024:06:40:38 +0000] "GET /345654950 HTTP/1.1" 200 25048 "-" "Mozilla/5.0 AppleWebKit/537.36 (KHTML, like Gecko; compatible; bingbot/2.0; +http://www.bing.com/bingbot.htm) Chrome/116.0.1938.76 Safari/537.36"
20.15.133.175 - - [17/Nov/2024:06:40:38 +0000] "GET /210282830 HTTP/1.1" 200 23926 "-" "Mozilla/5.0 AppleWebKit/537.36 (KHTML, like Gecko; compatible; bingbot/2.0; +http://www.bing.com/bingbot.htm) Chrome/116.0.1938.76 Safari/537.36"
52.167.144.194 - - [17/Nov/2024:06:40:39 +0000] "GET /67723790 HTTP/1.1" 200 25418 "-" "Mozilla/5.0 AppleWebKit/537.36 (KHTML, like Gecko; compatible; bingbot/2.0; +http://www.bing.com/bingbot.htm) Chrome/116.0.1938.76 Safari/537.36"
20.15.133.175 - - [17/Nov/2024:06:40:40 +0000] "GET /215732990 HTTP/1.1" 200 24732 "-" "Mozilla/5.0 AppleWebKit/537.36 (KHTML, like Gecko; compatible; bingbot/2.0; +http://www.bing.com/bingbot.htm) Chrome/116.0.1938.76 Safari/537.36"
52.167.144.159 - - [17/Nov/2024:06:40:40 +0000] "GET /157887710 HTTP/1.1" 200 24339 "-" "Mozilla/5.0 AppleWebKit/537.36 (KHTML, like Gecko; compatible; bingbot/2.0; +http://www.bing.com/bingbot.htm) Chrome/116.0.1938.76 Safari/537.36"
44.221.227.90 - - [17/Nov/2024:06:40:40 +0000] "GET /257305qmpietidm3.htm HTTP/1.1" 404 30911 "-" "Mozilla/5.0 (Macintosh; Intel Mac OS X 10_10_1) AppleWebKit/600.2.5 (KHTML, like Gecko) Version/8.0.2 Safari/600.2.5 (Amazonbot/0.1; +https://developer.amazon.com/support/amazonbot)"
52.167.144.194 - - [17/Nov/2024:06:40:41 +0000] "GET /88887110 HTTP/1.1" 200 25385 "-" "Mozilla/5.0 AppleWebKit/537.36 (KHTML, like Gecko; compatible; bingbot/2.0; +http://www.bing.com/bingbot.htm) Chrome/116.0.1938.76 Safari/537.36"
34.199.252.22 - - [17/Nov/2024:06:40:41 +0000] "GET /206773zmddetidm13vmv.htm HTTP/1.1" 404 30920 "-" "Mozilla/5.0 (Macintosh; Intel Mac OS X 10_10_1) AppleWebKit/600.2.5 (KHTML, like Gecko) Version/8.0.2 Safari/600.2.5 (Amazonbot/0.1; +https://developer.amazon.com/support/amazonbot)"
52.167.144.159 - - [17/Nov/2024:06:40:42 +0000] "GET /342893150 HTTP/1.1" 200 31514 "-" "Mozilla/5.0 AppleWebKit/537.36 (KHTML, like Gecko; compatible; bingbot/2.0; +http://www.bing.com/bingbot.htm) Chrome/116.0.1938.76 Safari/537.36"
52.167.144.194 - - [17/Nov/2024:06:40:42 +0000] "GET /320731550 HTTP/1.1" 200 24918 "-" "Mozilla/5.0 AppleWebKit/537.36 (KHTML, like Gecko; compatible; bingbot/2.0; +http://www.bing.com/bingbot.htm) Chrome/116.0.1938.76 Safari/537.36"
185.191.171.12 - - [17/Nov/2024:06:40:43 +0000] "GET /133631dboyetid HTTP/1.1" 500 5 "-" "Mozilla/5.0 (compatible; SemrushBot/7~bl; +http://www.semrush.com/bot.html)"
52.167.144.159 - - [17/Nov/2024:06:40:43 +0000] "GET /183865430 HTTP/1.1" 200 25433 "-" "Mozilla/5.0 AppleWebKit/537.36 (KHTML, like Gecko; compatible; bingbot/2.0; +http://www.bing.com/bingbot.htm) Chrome/116.0.1938.76 Safari/537.36"
52.167.144.194 - - [17/Nov/2024:06:40:43 +0000] "GET /5945270 HTTP/1.1" 200 29298 "-" "Mozilla/5.0 AppleWebKit/537.36 (KHTML, like Gecko; compatible; bingbot/2.0; +http://www.bing.com/bingbot.htm) Chrome/116.0.1938.76 Safari/537.36"
52.167.144.194 - - [17/Nov/2024:06:40:44 +0000] "GET /341407670 HTTP/1.1" 200 29282 "-" "Mozilla/5.0 AppleWebKit/537.36 (KHTML, like Gecko; compatible; bingbot/2.0; +http://www.bing.com/bingbot.htm) Chrome/116.0.1938.76 Safari/537.36"
3.226.106.93 - - [17/Nov/2024:06:40:44 +0000] "GET /74332gvsfitems/etidm59yg.htm HTTP/1.1" 404 30902 "-" "Mozilla/5.0 (Macintosh; Intel Mac OS X 10_10_1) AppleWebKit/600.2.5 (KHTML, like Gecko) Version/8.0.2 Safari/600.2.5 (Amazonbot/0.1; +https://developer.amazon.com/support/amazonbot)"
52.167.144.159 - - [17/Nov/2024:06:40:45 +0000] "GET /7819190 HTTP/1.1" 200 27489 "-" "Mozilla/5.0 AppleWebKit/537.36 (KHTML, like Gecko; compatible; bingbot/2.0; +http://www.bing.com/bingbot.htm) Chrome/116.0.1938.76 Safari/537.36"
52.167.144.194 - - [17/Nov/2024:06:40:45 +0000] "GET /4542470 HTTP/1.1" 200 28780 "-" "Mozilla/5.0 AppleWebKit/537.36 (KHTML, like Gecko; compatible; bingbot/2.0; +http://www.bing.com/bingbot.htm) Chrome/116.0.1938.76 Safari/537.36"
52.167.144.194 - - [17/Nov/2024:06:40:46 +0000] "GET /308539070 HTTP/1.1" 200 25146 "-" "Mozilla/5.0 AppleWebKit/537.36 (KHTML, like Gecko; compatible; bingbot/2.0; +http://www.bing.com/bingbot.htm) Chrome/116.0.1938.76 Safari/537.36"
52.167.144.159 - - [17/Nov/2024:06:40:46 +0000] "GET /202423910 HTTP/1.1" 200 27747 "-" "Mozilla/5.0 AppleWebKit/537.36 (KHTML, like Gecko; compatible; bingbot/2.0; +http://www.bing.com/bingbot.htm) Chrome/116.0.1938.76 Safari/537.36"
52.167.144.194 - - [17/Nov/2024:06:40:46 +0000] "GET /54937070 HTTP/1.1" 200 35023 "-" "Mozilla/5.0 AppleWebKit/537.36 (KHTML, like Gecko; compatible; bingbot/2.0; +http://www.bing.com/bingbot.htm) Chrome/116.0.1938.76 Safari/537.36"
52.167.144.194 - - [17/Nov/2024:06:40:47 +0000] "GET /260327630 HTTP/1.1" 200 24488 "-" "Mozilla/5.0 AppleWebKit/537.36 (KHTML, like Gecko; compatible; bingbot/2.0; +http://www.bing.com/bingbot.htm) Chrome/116.0.1938.76 Safari/537.36"
52.167.144.194 - - [17/Nov/2024:06:40:48 +0000] "GET /346196750 HTTP/1.1" 200 24817 "-" "Mozilla/5.0 AppleWebKit/537.36 (KHTML, like Gecko; compatible; bingbot/2.0; +http://www.bing.com/bingbot.htm) Chrome/116.0.1938.76 Safari/537.36"
54.88.84.219 - - [17/Nov/2024:06:40:48 +0000] "GET /138612dboyetidm80gd.html HTTP/1.1" 404 30916 "-" "Mozilla/5.0 (Macintosh; Intel Mac OS X 10_10_1) AppleWebKit/600.2.5 (KHTML, like Gecko) Version/8.0.2 Safari/600.2.5 (Amazonbot/0.1; +https://developer.amazon.com/support/amazonbot)"
52.167.144.194 - - [17/Nov/2024:06:40:48 +0000] "GET /357836750 HTTP/1.1" 200 26474 "-" "Mozilla/5.0 AppleWebKit/537.36 (KHTML, like Gecko; compatible; bingbot/2.0; +http://www.bing.com/bingbot.htm) Chrome/116.0.1938.76 Safari/537.36"
52.167.144.194 - - [17/Nov/2024:06:40:50 +0000] "GET /241738430 HTTP/1.1" 200 28214 "-" "Mozilla/5.0 AppleWebKit/537.36 (KHTML, like Gecko; compatible; bingbot/2.0; +http://www.bing.com/bingbot.htm) Chrome/116.0.1938.76 Safari/537.36"
127.0.0.1 - - [17/Nov/2024:06:40:51 +0000] "POST /wp-cron.php?doing_wp_cron=1731825651.4212028980255126953125 HTTP/1.1" 500 5 "-" "WordPress/6.6.2; https://guide.quickscrum.com"
52.167.144.194 - - [17/Nov/2024:06:40:51 +0000] "GET /100090190 HTTP/1.1" 200 31458 "-" "Mozilla/5.0 AppleWebKit/537.36 (KHTML, like Gecko; compatible; bingbot/2.0; +http://www.bing.com/bingbot.htm) Chrome/116.0.1938.76 Safari/537.36"
127.0.0.1 - - [17/Nov/2024:06:40:52 +0000] "POST /wp-cron.php?doing_wp_cron=1731825652.1272931098937988281250 HTTP/1.1" 500 5 "-" "WordPress/6.6.2; https://guide.quickscrum.com"
52.167.144.159 - - [17/Nov/2024:06:40:52 +0000] "GET /56216990 HTTP/1.1" 200 39696 "-" "Mozilla/5.0 AppleWebKit/537.36 (KHTML, like Gecko; compatible; bingbot/2.0; +http://www.bing.com/bingbot.htm) Chrome/116.0.1938.76 Safari/537.36"
107.20.255.194 - - [17/Nov/2024:06:40:53 +0000] "GET /47642zmdditems/etidm27 HTTP/1.1" 404 30903 "-" "Mozilla/5.0 (Macintosh; Intel Mac OS X 10_10_1) AppleWebKit/600.2.5 (KHTML, like Gecko) Version/8.0.2 Safari/600.2.5 (Amazonbot/0.1; +https://developer.amazon.com/support/amazonbot)"
52.167.144.194 - - [17/Nov/2024:06:40:53 +0000] "GET /44914070 HTTP/1.1" 200 28289 "-" "Mozilla/5.0 AppleWebKit/537.36 (KHTML, like Gecko; compatible; bingbot/2.0; +http://www.bing.com/bingbot.htm) Chrome/116.0.1938.76 Safari/537.36"
57.141.3.4 - - [17/Nov/2024:06:40:53 +0000] "GET /112803yyynetidm57pn.html HTTP/1.1" 404 140472 "-" "meta-externalagent/1.1 (+https://developers.facebook.com/docs/sharing/webmasters/crawler)"
52.167.144.194 - - [17/Nov/2024:06:40:54 +0000] "GET /25179590 HTTP/1.1" 200 26383 "-" "Mozilla/5.0 AppleWebKit/537.36 (KHTML, like Gecko; compatible; bingbot/2.0; +http://www.bing.com/bingbot.htm) Chrome/116.0.1938.76 Safari/537.36"
52.167.144.194 - - [17/Nov/2024:06:40:55 +0000] "GET /227851550 HTTP/1.1" 200 23925 "-" "Mozilla/5.0 AppleWebKit/537.36 (KHTML, like Gecko; compatible; bingbot/2.0; +http://www.bing.com/bingbot.htm) Chrome/116.0.1938.76 Safari/537.36"
54.225.199.17 - - [17/Nov/2024:06:40:56 +0000] "GET /75989tbjqetidm93rbr HTTP/1.1" 404 30901 "-" "Mozilla/5.0 (Macintosh; Intel Mac OS X 10_10_1) AppleWebKit/600.2.5 (KHTML, like Gecko) Version/8.0.2 Safari/600.2.5 (Amazonbot/0.1; +https://developer.amazon.com/support/amazonbot)"
52.167.144.194 - - [17/Nov/2024:06:40:57 +0000] "GET /55867070 HTTP/1.1" 200 27146 "-" "Mozilla/5.0 AppleWebKit/537.36 (KHTML, like Gecko; compatible; bingbot/2.0; +http://www.bing.com/bingbot.htm) Chrome/116.0.1938.76 Safari/537.36"
52.167.144.194 - - [17/Nov/2024:06:40:58 +0000] "GET /7772510 HTTP/1.1" 200 33276 "-" "Mozilla/5.0 AppleWebKit/537.36 (KHTML, like Gecko; compatible; bingbot/2.0; +http://www.bing.com/bingbot.htm) Chrome/116.0.1938.76 Safari/537.36"
20.15.133.175 - - [17/Nov/2024:06:40:58 +0000] "GET /128207750 HTTP/1.1" 200 24537 "-" "Mozilla/5.0 AppleWebKit/537.36 (KHTML, like Gecko; compatible; bingbot/2.0; +http://www.bing.com/bingbot.htm) Chrome/116.0.1938.76 Safari/537.36"
52.167.144.194 - - [17/Nov/2024:06:40:59 +0000] "GET /191380790 HTTP/1.1" 200 23269 "-" "Mozilla/5.0 AppleWebKit/537.36 (KHTML, like Gecko; compatible; bingbot/2.0; +http://www.bing.com/bingbot.htm) Chrome/116.0.1938.76 Safari/537.36"
52.167.144.194 - - [17/Nov/2024:06:41:01 +0000] "GET /308056070 HTTP/1.1" 200 25825 "-" "Mozilla/5.0 AppleWebKit/537.36 (KHTML, like Gecko; compatible; bingbot/2.0; +http://www.bing.com/bingbot.htm) Chrome/116.0.1938.76 Safari/537.36"
98.82.63.147 - - [17/Nov/2024:06:41:01 +0000] "GET /127291yhreucvevtio.htm HTTP/1.1" 404 30914 "-" "Mozilla/5.0 (Macintosh; Intel Mac OS X 10_10_1) AppleWebKit/600.2.5 (KHTML, like Gecko) Version/8.0.2 Safari/600.2.5 (Amazonbot/0.1; +https://developer.amazon.com/support/amazonbot)"
20.15.133.175 - - [17/Nov/2024:06:41:02 +0000] "GET /162920870 HTTP/1.1" 200 33755 "-" "Mozilla/5.0 AppleWebKit/537.36 (KHTML, like Gecko; compatible; bingbot/2.0; +http://www.bing.com/bingbot.htm) Chrome/116.0.1938.76 Safari/537.36"
52.167.144.194 - - [17/Nov/2024:06:41:02 +0000] "GET /76477190 HTTP/1.1" 200 33280 "-" "Mozilla/5.0 AppleWebKit/537.36 (KHTML, like Gecko; compatible; bingbot/2.0; +http://www.bing.com/bingbot.htm) Chrome/116.0.1938.76 Safari/537.36"
52.167.144.194 - - [17/Nov/2024:06:41:03 +0000] "GET /98851190 HTTP/1.1" 200 24461 "-" "Mozilla/5.0 AppleWebKit/537.36 (KHTML, like Gecko; compatible; bingbot/2.0; +http://www.bing.com/bingbot.htm) Chrome/116.0.1938.76 Safari/537.36"
3.221.50.71 - - [17/Nov/2024:06:41:04 +0000] "GET /288634yyynitems/etidm60.htm HTTP/1.1" 404 30902 "-" "Mozilla/5.0 (Macintosh; Intel Mac OS X 10_10_1) AppleWebKit/600.2.5 (KHTML, like Gecko) Version/8.0.2 Safari/600.2.5 (Amazonbot/0.1; +https://developer.amazon.com/support/amazonbot)"
52.167.144.194 - - [17/Nov/2024:06:41:04 +0000] "GET /116714150 HTTP/1.1" 200 33234 "-" "Mozilla/5.0 AppleWebKit/537.36 (KHTML, like Gecko; compatible; bingbot/2.0; +http://www.bing.com/bingbot.htm) Chrome/116.0.1938.76 Safari/537.36"
52.167.144.194 - - [17/Nov/2024:06:41:06 +0000] "GET /53686310 HTTP/1.1" 200 30760 "-" "Mozilla/5.0 AppleWebKit/537.36 (KHTML, like Gecko; compatible; bingbot/2.0; +http://www.bing.com/bingbot.htm) Chrome/116.0.1938.76 Safari/537.36"
52.167.144.194 - - [17/Nov/2024:06:41:08 +0000] "GET /164591270 HTTP/1.1" 200 24329 "-" "Mozilla/5.0 AppleWebKit/537.36 (KHTML, like Gecko; compatible; bingbot/2.0; +http://www.bing.com/bingbot.htm) Chrome/116.0.1938.76 Safari/537.36"
3.229.95.193 - - [17/Nov/2024:06:41:08 +0000] "GET /125426ygvoitems/etidm29 HTTP/1.1" 404 30903 "-" "Mozilla/5.0 (Macintosh; Intel Mac OS X 10_10_1) AppleWebKit/600.2.5 (KHTML, like Gecko) Version/8.0.2 Safari/600.2.5 (Amazonbot/0.1; +https://developer.amazon.com/support/amazonbot)"
52.167.144.194 - - [17/Nov/2024:06:41:09 +0000] "GET /303968870 HTTP/1.1" 200 25034 "-" "Mozilla/5.0 AppleWebKit/537.36 (KHTML, like Gecko; compatible; bingbot/2.0; +http://www.bing.com/bingbot.htm) Chrome/116.0.1938.76 Safari/537.36"
52.167.144.194 - - [17/Nov/2024:06:41:10 +0000] "GET /180851510 HTTP/1.1" 200 25250 "-" "Mozilla/5.0 AppleWebKit/537.36 (KHTML, like Gecko; compatible; bingbot/2.0; +http://www.bing.com/bingbot.htm) Chrome/116.0.1938.76 Safari/537.36"
52.167.144.194 - - [17/Nov/2024:06:41:12 +0000] "GET /64743950 HTTP/1.1" 200 29237 "-" "Mozilla/5.0 AppleWebKit/537.36 (KHTML, like Gecko; compatible; bingbot/2.0; +http://www.bing.com/bingbot.htm) Chrome/116.0.1938.76 Safari/537.36"
52.7.13.143 - - [17/Nov/2024:06:41:13 +0000] "GET /302128tbjqitems/etidm.htm HTTP/1.1" 404 30906 "-" "Mozilla/5.0 (Macintosh; Intel Mac OS X 10_10_1) AppleWebKit/600.2.5 (KHTML, like Gecko) Version/8.0.2 Safari/600.2.5 (Amazonbot/0.1; +https://developer.amazon.com/support/amazonbot)"
52.167.144.194 - - [17/Nov/2024:06:41:13 +0000] "GET /37877630 HTTP/1.1" 200 24450 "-" "Mozilla/5.0 AppleWebKit/537.36 (KHTML, like Gecko; compatible; bingbot/2.0; +http://www.bing.com/bingbot.htm) Chrome/116.0.1938.76 Safari/537.36"
40.77.190.54 - - [17/Nov/2024:06:41:14 +0000] "GET /357836750 HTTP/1.1" 200 139618 "-" "Mozilla/5.0 AppleWebKit/537.36 (KHTML, like Gecko; compatible; bingbot/2.0; +http://www.bing.com/bingbot.htm) Chrome/100.0.4896.127 Safari/537.36"
52.167.144.194 - - [17/Nov/2024:06:41:14 +0000] "GET /352394150 HTTP/1.1" 200 23887 "-" "Mozilla/5.0 AppleWebKit/537.36 (KHTML, like Gecko; compatible; bingbot/2.0; +http://www.bing.com/bingbot.htm) Chrome/116.0.1938.76 Safari/537.36"
52.167.144.194 - - [17/Nov/2024:06:41:15 +0000] "GET /313053590 HTTP/1.1" 200 25083 "-" "Mozilla/5.0 AppleWebKit/537.36 (KHTML, like Gecko; compatible; bingbot/2.0; +http://www.bing.com/bingbot.htm) Chrome/116.0.1938.76 Safari/537.36"
52.167.144.194 - - [17/Nov/2024:06:41:15 +0000] "GET /83913110 HTTP/1.1" 200 24379 "-" "Mozilla/5.0 AppleWebKit/537.36 (KHTML, like Gecko; compatible; bingbot/2.0; +http://www.bing.com/bingbot.htm) Chrome/116.0.1938.76 Safari/537.36"
52.167.144.194 - - [17/Nov/2024:06:41:16 +0000] "GET /102297590 HTTP/1.1" 200 27035 "-" "Mozilla/5.0 AppleWebKit/537.36 (KHTML, like Gecko; compatible; bingbot/2.0; +http://www.bing.com/bingbot.htm) Chrome/116.0.1938.76 Safari/537.36"
52.167.144.194 - - [17/Nov/2024:06:41:16 +0000] "GET /319637390 HTTP/1.1" 200 24055 "-" "Mozilla/5.0 AppleWebKit/537.36 (KHTML, like Gecko; compatible; bingbot/2.0; +http://www.bing.com/bingbot.htm) Chrome/116.0.1938.76 Safari/537.36"
34.194.165.45 - - [17/Nov/2024:06:41:17 +0000] "GET /359428tbjqitems/etidm46et.htm HTTP/1.1" 404 30904 "-" "Mozilla/5.0 (Macintosh; Intel Mac OS X 10_10_1) AppleWebKit/600.2.5 (KHTML, like Gecko) Version/8.0.2 Safari/600.2.5 (Amazonbot/0.1; +https://developer.amazon.com/support/amazonbot)"
52.167.144.194 - - [17/Nov/2024:06:41:17 +0000] "GET /18418910 HTTP/1.1" 200 28488 "-" "Mozilla/5.0 AppleWebKit/537.36 (KHTML, like Gecko; compatible; bingbot/2.0; +http://www.bing.com/bingbot.htm) Chrome/116.0.1938.76 Safari/537.36"
52.167.144.194 - - [17/Nov/2024:06:41:18 +0000] "GET /229996310 HTTP/1.1" 200 26362 "-" "Mozilla/5.0 AppleWebKit/537.36 (KHTML, like Gecko; compatible; bingbot/2.0; +http://www.bing.com/bingbot.htm) Chrome/116.0.1938.76 Safari/537.36"
52.167.144.194 - - [17/Nov/2024:06:41:19 +0000] "GET /207907190 HTTP/1.1" 200 24075 "-" "Mozilla/5.0 AppleWebKit/537.36 (KHTML, like Gecko; compatible; bingbot/2.0; +http://www.bing.com/bingbot.htm) Chrome/116.0.1938.76 Safari/537.36"
52.167.144.194 - - [17/Nov/2024:06:41:19 +0000] "GET /363059150 HTTP/1.1" 200 24732 "-" "Mozilla/5.0 AppleWebKit/537.36 (KHTML, like Gecko; compatible; bingbot/2.0; +http://www.bing.com/bingbot.htm) Chrome/116.0.1938.76 Safari/537.36"
57.141.3.6 - - [17/Nov/2024:06:41:20 +0000] "GET /20027dboyetidm75h HTTP/1.1" 404 140458 "-" "meta-externalagent/1.1 (+https://developers.facebook.com/docs/sharing/webmasters/crawler)"
52.167.144.194 - - [17/Nov/2024:06:41:20 +0000] "GET /102173510 HTTP/1.1" 200 41930 "-" "Mozilla/5.0 AppleWebKit/537.36 (KHTML, like Gecko; compatible; bingbot/2.0; +http://www.bing.com/bingbot.htm) Chrome/116.0.1938.76 Safari/537.36"
52.167.144.194 - - [17/Nov/2024:06:41:20 +0000] "GET /195510350 HTTP/1.1" 200 27164 "-" "Mozilla/5.0 AppleWebKit/537.36 (KHTML, like Gecko; compatible; bingbot/2.0; +http://www.bing.com/bingbot.htm) Chrome/116.0.1938.76 Safari/537.36"
52.167.144.194 - - [17/Nov/2024:06:41:21 +0000] "GET /177217910 HTTP/1.1" 200 23974 "-" "Mozilla/5.0 AppleWebKit/537.36 (KHTML, like Gecko; compatible; bingbot/2.0; +http://www.bing.com/bingbot.htm) Chrome/116.0.1938.76 Safari/537.36"
52.0.63.151 - - [17/Nov/2024:06:41:21 +0000] "GET /281346ygvoetidm47.html HTTP/1.1" 404 30914 "-" "Mozilla/5.0 (Macintosh; Intel Mac OS X 10_10_1) AppleWebKit/600.2.5 (KHTML, like Gecko) Version/8.0.2 Safari/600.2.5 (Amazonbot/0.1; +https://developer.amazon.com/support/amazonbot)"
52.167.144.194 - - [17/Nov/2024:06:41:21 +0000] "GET /48526670 HTTP/1.1" 200 24977 "-" "Mozilla/5.0 AppleWebKit/537.36 (KHTML, like Gecko; compatible; bingbot/2.0; +http://www.bing.com/bingbot.htm) Chrome/116.0.1938.76 Safari/537.36"
52.167.144.194 - - [17/Nov/2024:06:41:22 +0000] "GET /319777310 HTTP/1.1" 200 23933 "-" "Mozilla/5.0 AppleWebKit/537.36 (KHTML, like Gecko; compatible; bingbot/2.0; +http://www.bing.com/bingbot.htm) Chrome/116.0.1938.76 Safari/537.36"
52.167.144.194 - - [17/Nov/2024:06:41:23 +0000] "GET /174932150 HTTP/1.1" 200 26799 "-" "Mozilla/5.0 AppleWebKit/537.36 (KHTML, like Gecko; compatible; bingbot/2.0; +http://www.bing.com/bingbot.htm) Chrome/116.0.1938.76 Safari/537.36"
52.167.144.194 - - [17/Nov/2024:06:41:24 +0000] "GET /53102630 HTTP/1.1" 200 28240 "-" "Mozilla/5.0 AppleWebKit/537.36 (KHTML, like Gecko; compatible; bingbot/2.0; +http://www.bing.com/bingbot.htm) Chrome/116.0.1938.76 Safari/537.36"
52.203.152.231 - - [17/Nov/2024:06:41:25 +0000] "GET /110333yyynetidm72pyp HTTP/1.1" 404 30911 "-" "Mozilla/5.0 (Macintosh; Intel Mac OS X 10_10_1) AppleWebKit/600.2.5 (KHTML, like Gecko) Version/8.0.2 Safari/600.2.5 (Amazonbot/0.1; +https://developer.amazon.com/support/amazonbot)"
52.167.144.194 - - [17/Nov/2024:06:41:26 +0000] "GET /206295830 HTTP/1.1" 200 24180 "-" "Mozilla/5.0 AppleWebKit/537.36 (KHTML, like Gecko; compatible; bingbot/2.0; +http://www.bing.com/bingbot.htm) Chrome/116.0.1938.76 Safari/537.36"
52.167.144.194 - - [17/Nov/2024:06:41:27 +0000] "GET /145681190 HTTP/1.1" 200 27078 "-" "Mozilla/5.0 AppleWebKit/537.36 (KHTML, like Gecko; compatible; bingbot/2.0; +http://www.bing.com/bingbot.htm) Chrome/116.0.1938.76 Safari/537.36"
52.167.144.194 - - [17/Nov/2024:06:41:28 +0000] "GET /310431950 HTTP/1.1" 200 26532 "-" "Mozilla/5.0 AppleWebKit/537.36 (KHTML, like Gecko; compatible; bingbot/2.0; +http://www.bing.com/bingbot.htm) Chrome/116.0.1938.76 Safari/537.36"
100.25.120.246 - - [17/Nov/2024:06:41:29 +0000] "GET /293673zmdditems/etidm1.html HTTP/1.1" 404 30904 "-" "Mozilla/5.0 (Macintosh; Intel Mac OS X 10_10_1) AppleWebKit/600.2.5 (KHTML, like Gecko) Version/8.0.2 Safari/600.2.5 (Amazonbot/0.1; +https://developer.amazon.com/support/amazonbot)"
52.167.144.194 - - [17/Nov/2024:06:41:30 +0000] "GET /314667950 HTTP/1.1" 200 24024 "-" "Mozilla/5.0 AppleWebKit/537.36 (KHTML, like Gecko; compatible; bingbot/2.0; +http://www.bing.com/bingbot.htm) Chrome/116.0.1938.76 Safari/537.36"
52.167.144.194 - - [17/Nov/2024:06:41:31 +0000] "GET /236312990 HTTP/1.1" 200 25024 "-" "Mozilla/5.0 AppleWebKit/537.36 (KHTML, like Gecko; compatible; bingbot/2.0; +http://www.bing.com/bingbot.htm) Chrome/116.0.1938.76 Safari/537.36"
52.167.144.194 - - [17/Nov/2024:06:41:32 +0000] "GET /14337110 HTTP/1.1" 200 27258 "-" "Mozilla/5.0 AppleWebKit/537.36 (KHTML, like Gecko; compatible; bingbot/2.0; +http://www.bing.com/bingbot.htm) Chrome/116.0.1938.76 Safari/537.36"
47.128.96.225 - - [17/Nov/2024:06:41:34 +0000] "GET /features/plan-timebox HTTP/1.1" 404 30893 "-" "Mozilla/5.0 (compatible; Bytespider; spider-feedback@bytedance.com) AppleWebKit/537.36 (KHTML, like Gecko) Chrome/70.0.0.0 Safari/537.36"
52.167.144.194 - - [17/Nov/2024:06:41:34 +0000] "GET /37087910 HTTP/1.1" 200 33699 "-" "Mozilla/5.0 AppleWebKit/537.36 (KHTML, like Gecko; compatible; bingbot/2.0; +http://www.bing.com/bingbot.htm) Chrome/116.0.1938.76 Safari/537.36"
47.128.96.225 - - [17/Nov/2024:06:41:34 +0000] "GET /wp-content/uploads/2019/07/scrum-guide.png HTTP/1.1" 404 580 "https://guide.quickscrum.com/features/plan-timebox" "Mozilla/5.0 (compatible; Bytespider; spider-feedback@bytedance.com) AppleWebKit/537.36 (KHTML, like Gecko) Chrome/70.0.0.0 Safari/537.36"
47.128.96.225 - - [17/Nov/2024:06:41:34 +0000] "GET /wp-content/cache/min/1/25b84fb4bc9548711d6d1bd543666e48.css HTTP/1.1" 404 209 "https://guide.quickscrum.com/features/plan-timebox" "Mozilla/5.0 (compatible; Bytespider; spider-feedback@bytedance.com) AppleWebKit/537.36 (KHTML, like Gecko) Chrome/70.0.0.0 Safari/537.36"
47.128.96.225 - - [17/Nov/2024:06:41:34 +0000] "GET /wp-content/uploads/2019/07/case-study.png HTTP/1.1" 404 580 "https://guide.quickscrum.com/features/plan-timebox" "Mozilla/5.0 (compatible; Bytespider; spider-feedback@bytedance.com) AppleWebKit/537.36 (KHTML, like Gecko) Chrome/70.0.0.0 Safari/537.36"
47.128.96.225 - - [17/Nov/2024:06:41:34 +0000] "GET /wp-content/uploads/2019/07/ebook.png HTTP/1.1" 404 580 "https://guide.quickscrum.com/features/plan-timebox" "Mozilla/5.0 (compatible; Bytespider; spider-feedback@bytedance.com) AppleWebKit/537.36 (KHTML, like Gecko) Chrome/70.0.0.0 Safari/537.36"
52.0.105.244 - - [17/Nov/2024:06:41:34 +0000] "GET /69834gbzsetidm31.html HTTP/1.1" 404 30913 "-" "Mozilla/5.0 (Macintosh; Intel Mac OS X 10_10_1) AppleWebKit/600.2.5 (KHTML, like Gecko) Version/8.0.2 Safari/600.2.5 (Amazonbot/0.1; +https://developer.amazon.com/support/amazonbot)"
52.167.144.194 - - [17/Nov/2024:06:41:35 +0000] "GET /337901270 HTTP/1.1" 200 27243 "-" "Mozilla/5.0 AppleWebKit/537.36 (KHTML, like Gecko; compatible; bingbot/2.0; +http://www.bing.com/bingbot.htm) Chrome/116.0.1938.76 Safari/537.36"
52.167.144.194 - - [17/Nov/2024:06:41:36 +0000] "GET /298193630 HTTP/1.1" 200 25142 "-" "Mozilla/5.0 AppleWebKit/537.36 (KHTML, like Gecko; compatible; bingbot/2.0; +http://www.bing.com/bingbot.htm) Chrome/116.0.1938.76 Safari/537.36"
3.216.13.10 - - [17/Nov/2024:06:41:36 +0000] "GET /284809qmpietidm4.htm HTTP/1.1" 404 30906 "-" "Mozilla/5.0 (Macintosh; Intel Mac OS X 10_10_1) AppleWebKit/600.2.5 (KHTML, like Gecko) Version/8.0.2 Safari/600.2.5 (Amazonbot/0.1; +https://developer.amazon.com/support/amazonbot)"
52.167.144.194 - - [17/Nov/2024:06:41:37 +0000] "GET /90493550 HTTP/1.1" 200 26222 "-" "Mozilla/5.0 AppleWebKit/537.36 (KHTML, like Gecko; compatible; bingbot/2.0; +http://www.bing.com/bingbot.htm) Chrome/116.0.1938.76 Safari/537.36"
52.167.144.194 - - [17/Nov/2024:06:41:38 +0000] "GET /14166110 HTTP/1.1" 200 27142 "-" "Mozilla/5.0 AppleWebKit/537.36 (KHTML, like Gecko; compatible; bingbot/2.0; +http://www.bing.com/bingbot.htm) Chrome/116.0.1938.76 Safari/537.36"
52.167.144.194 - - [17/Nov/2024:06:41:40 +0000] "GET /16644830 HTTP/1.1" 200 25635 "-" "Mozilla/5.0 AppleWebKit/537.36 (KHTML, like Gecko; compatible; bingbot/2.0; +http://www.bing.com/bingbot.htm) Chrome/116.0.1938.76 Safari/537.36"
52.167.144.194 - - [17/Nov/2024:06:41:41 +0000] "GET /108567710 HTTP/1.1" 200 26618 "-" "Mozilla/5.0 AppleWebKit/537.36 (KHTML, like Gecko; compatible; bingbot/2.0; +http://www.bing.com/bingbot.htm) Chrome/116.0.1938.76 Safari/537.36"
184.72.84.154 - - [17/Nov/2024:06:41:42 +0000] "GET /58299yyynitems/etidm9hn.html HTTP/1.1" 404 30903 "-" "Mozilla/5.0 (Macintosh; Intel Mac OS X 10_10_1) AppleWebKit/600.2.5 (KHTML, like Gecko) Version/8.0.2 Safari/600.2.5 (Amazonbot/0.1; +https://developer.amazon.com/support/amazonbot)"
52.167.144.194 - - [17/Nov/2024:06:41:42 +0000] "GET /153202070 HTTP/1.1" 200 27049 "-" "Mozilla/5.0 AppleWebKit/537.36 (KHTML, like Gecko; compatible; bingbot/2.0; +http://www.bing.com/bingbot.htm) Chrome/116.0.1938.76 Safari/537.36"
52.167.144.194 - - [17/Nov/2024:06:41:43 +0000] "GET /298745270 HTTP/1.1" 200 25578 "-" "Mozilla/5.0 AppleWebKit/537.36 (KHTML, like Gecko; compatible; bingbot/2.0; +http://www.bing.com/bingbot.htm) Chrome/116.0.1938.76 Safari/537.36"
52.167.144.194 - - [17/Nov/2024:06:41:44 +0000] "GET /344022110 HTTP/1.1" 200 25231 "-" "Mozilla/5.0 AppleWebKit/537.36 (KHTML, like Gecko; compatible; bingbot/2.0; +http://www.bing.com/bingbot.htm) Chrome/116.0.1938.76 Safari/537.36"
185.191.171.9 - - [17/Nov/2024:06:41:45 +0000] "GET /261353qmpietidm7 HTTP/1.1" 500 5 "-" "Mozilla/5.0 (compatible; SemrushBot/7~bl; +http://www.semrush.com/bot.html)"
44.214.19.8 - - [17/Nov/2024:06:41:45 +0000] "GET /108509qmpietidm17lml HTTP/1.1" 404 30913 "-" "Mozilla/5.0 (Macintosh; Intel Mac OS X 10_10_1) AppleWebKit/600.2.5 (KHTML, like Gecko) Version/8.0.2 Safari/600.2.5 (Amazonbot/0.1; +https://developer.amazon.com/support/amazonbot)"
52.167.144.194 - - [17/Nov/2024:06:41:45 +0000] "GET /101220230 HTTP/1.1" 200 33147 "-" "Mozilla/5.0 AppleWebKit/537.36 (KHTML, like Gecko; compatible; bingbot/2.0; +http://www.bing.com/bingbot.htm) Chrome/116.0.1938.76 Safari/537.36"
40.77.190.102 - - [17/Nov/2024:06:41:46 +0000] "GET /191338790 HTTP/1.1" 200 27996 "https://guide.quickscrum.com/191338790" "Mozilla/5.0 AppleWebKit/537.36 (KHTML, like Gecko; compatible; bingbot/2.0; +http://www.bing.com/bingbot.htm) Chrome/112.0.0.0 Safari/537.36"
52.167.144.194 - - [17/Nov/2024:06:41:46 +0000] "GET /163400150 HTTP/1.1" 200 24241 "-" "Mozilla/5.0 AppleWebKit/537.36 (KHTML, like Gecko; compatible; bingbot/2.0; +http://www.bing.com/bingbot.htm) Chrome/116.0.1938.76 Safari/537.36"
57.141.3.29 - - [17/Nov/2024:06:41:46 +0000] "GET /310494zmdditems/etidm75cdp.html HTTP/1.1" 404 140458 "-" "meta-externalagent/1.1 (+https://developers.facebook.com/docs/sharing/webmasters/crawler)"
52.167.144.194 - - [17/Nov/2024:06:41:47 +0000] "GET /181058270 HTTP/1.1" 200 25342 "-" "Mozilla/5.0 AppleWebKit/537.36 (KHTML, like Gecko; compatible; bingbot/2.0; +http://www.bing.com/bingbot.htm) Chrome/116.0.1938.76 Safari/537.36"
52.167.144.194 - - [17/Nov/2024:06:41:48 +0000] "GET /44445950 HTTP/1.1" 200 27052 "-" "Mozilla/5.0 AppleWebKit/537.36 (KHTML, like Gecko; compatible; bingbot/2.0; +http://www.bing.com/bingbot.htm) Chrome/116.0.1938.76 Safari/537.36"
20.15.133.175 - - [17/Nov/2024:06:41:48 +0000] "GET /174439670 HTTP/1.1" 200 25170 "-" "Mozilla/5.0 AppleWebKit/537.36 (KHTML, like Gecko; compatible; bingbot/2.0; +http://www.bing.com/bingbot.htm) Chrome/116.0.1938.76 Safari/537.36"
52.167.144.194 - - [17/Nov/2024:06:41:48 +0000] "GET /23438990 HTTP/1.1" 200 26458 "-" "Mozilla/5.0 AppleWebKit/537.36 (KHTML, like Gecko; compatible; bingbot/2.0; +http://www.bing.com/bingbot.htm) Chrome/116.0.1938.76 Safari/537.36"
52.167.144.194 - - [17/Nov/2024:06:41:49 +0000] "GET /55255310 HTTP/1.1" 200 33118 "-" "Mozilla/5.0 AppleWebKit/537.36 (KHTML, like Gecko; compatible; bingbot/2.0; +http://www.bing.com/bingbot.htm) Chrome/116.0.1938.76 Safari/537.36"
54.162.69.192 - - [17/Nov/2024:06:41:49 +0000] "GET /289977dboyitems/etidm9.html HTTP/1.1" 404 30900 "-" "Mozilla/5.0 (Macintosh; Intel Mac OS X 10_10_1) AppleWebKit/600.2.5 (KHTML, like Gecko) Version/8.0.2 Safari/600.2.5 (Amazonbot/0.1; +https://developer.amazon.com/support/amazonbot)"
20.15.133.175 - - [17/Nov/2024:06:41:49 +0000] "GET /183019790 HTTP/1.1" 200 25284 "-" "Mozilla/5.0 AppleWebKit/537.36 (KHTML, like Gecko; compatible; bingbot/2.0; +http://www.bing.com/bingbot.htm) Chrome/116.0.1938.76 Safari/537.36"
52.167.144.194 - - [17/Nov/2024:06:41:49 +0000] "GET /301083950 HTTP/1.1" 200 23415 "-" "Mozilla/5.0 AppleWebKit/537.36 (KHTML, like Gecko; compatible; bingbot/2.0; +http://www.bing.com/bingbot.htm) Chrome/116.0.1938.76 Safari/537.36"
157.55.39.61 - - [17/Nov/2024:06:41:50 +0000] "GET /sitemap.xml HTTP/1.1" 200 1948 "-" "Mozilla/5.0 AppleWebKit/537.36 (KHTML, like Gecko; compatible; bingbot/2.0; +http://www.bing.com/bingbot.htm) Chrome/116.0.1938.76 Safari/537.36"
52.167.144.194 - - [17/Nov/2024:06:41:50 +0000] "GET /269775470 HTTP/1.1" 200 24925 "-" "Mozilla/5.0 AppleWebKit/537.36 (KHTML, like Gecko; compatible; bingbot/2.0; +http://www.bing.com/bingbot.htm) Chrome/116.0.1938.76 Safari/537.36"
52.167.144.194 - - [17/Nov/2024:06:41:51 +0000] "GET /33905750 HTTP/1.1" 200 27078 "-" "Mozilla/5.0 AppleWebKit/537.36 (KHTML, like Gecko; compatible; bingbot/2.0; +http://www.bing.com/bingbot.htm) Chrome/116.0.1938.76 Safari/537.36"
52.167.144.194 - - [17/Nov/2024:06:41:52 +0000] "GET /22814030 HTTP/1.1" 200 29050 "-" "Mozilla/5.0 AppleWebKit/537.36 (KHTML, like Gecko; compatible; bingbot/2.0; +http://www.bing.com/bingbot.htm) Chrome/116.0.1938.76 Safari/537.36"
52.167.144.194 - - [17/Nov/2024:06:41:52 +0000] "GET /306168830 HTTP/1.1" 200 24312 "-" "Mozilla/5.0 AppleWebKit/537.36 (KHTML, like Gecko; compatible; bingbot/2.0; +http://www.bing.com/bingbot.htm) Chrome/116.0.1938.76 Safari/537.36"
52.167.144.194 - - [17/Nov/2024:06:41:53 +0000] "GET /212522510 HTTP/1.1" 200 23951 "-" "Mozilla/5.0 AppleWebKit/537.36 (KHTML, like Gecko; compatible; bingbot/2.0; +http://www.bing.com/bingbot.htm) Chrome/116.0.1938.76 Safari/537.36"
52.167.144.194 - - [17/Nov/2024:06:41:53 +0000] "GET /191164430 HTTP/1.1" 200 25930 "-" "Mozilla/5.0 AppleWebKit/537.36 (KHTML, like Gecko; compatible; bingbot/2.0; +http://www.bing.com/bingbot.htm) Chrome/116.0.1938.76 Safari/537.36"
52.167.144.194 - - [17/Nov/2024:06:41:54 +0000] "GET /148018790 HTTP/1.1" 200 28553 "-" "Mozilla/5.0 AppleWebKit/537.36 (KHTML, like Gecko; compatible; bingbot/2.0; +http://www.bing.com/bingbot.htm) Chrome/116.0.1938.76 Safari/537.36"
127.0.0.1 - - [17/Nov/2024:06:41:55 +0000] "POST /wp-cron.php?doing_wp_cron=1731825715.0331089496612548828125 HTTP/1.1" 500 5 "-" "WordPress/6.6.2; https://guide.quickscrum.com"
127.0.0.1 - - [17/Nov/2024:06:41:55 +0000] "POST /wp-cron.php?doing_wp_cron=1731825715.3446791172027587890625 HTTP/1.1" 500 5 "-" "WordPress/6.6.2; https://guide.quickscrum.com"
52.167.144.194 - - [17/Nov/2024:06:41:56 +0000] "GET /221123270 HTTP/1.1" 200 25381 "-" "Mozilla/5.0 AppleWebKit/537.36 (KHTML, like Gecko; compatible; bingbot/2.0; +http://www.bing.com/bingbot.htm) Chrome/116.0.1938.76 Safari/537.36"
23.21.228.180 - - [17/Nov/2024:06:41:57 +0000] "GET /54956yyynitems/etidm49sy HTTP/1.1" 404 30903 "-" "Mozilla/5.0 (Macintosh; Intel Mac OS X 10_10_1) AppleWebKit/600.2.5 (KHTML, like Gecko) Version/8.0.2 Safari/600.2.5 (Amazonbot/0.1; +https://developer.amazon.com/support/amazonbot)"
34.192.67.98 - - [17/Nov/2024:06:41:57 +0000] "GET /265934gvsfitems/eti HTTP/1.1" 404 30904 "-" "Mozilla/5.0 (Macintosh; Intel Mac OS X 10_10_1) AppleWebKit/600.2.5 (KHTML, like Gecko) Version/8.0.2 Safari/600.2.5 (Amazonbot/0.1; +https://developer.amazon.com/support/amazonbot)"
52.167.144.194 - - [17/Nov/2024:06:41:57 +0000] "GET /272204150 HTTP/1.1" 200 26210 "-" "Mozilla/5.0 AppleWebKit/537.36 (KHTML, like Gecko; compatible; bingbot/2.0; +http://www.bing.com/bingbot.htm) Chrome/116.0.1938.76 Safari/537.36"
52.167.144.194 - - [17/Nov/2024:06:41:58 +0000] "GET /290211110 HTTP/1.1" 200 26721 "-" "Mozilla/5.0 AppleWebKit/537.36 (KHTML, like Gecko; compatible; bingbot/2.0; +http://www.bing.com/bingbot.htm) Chrome/116.0.1938.76 Safari/537.36"
20.15.133.175 - - [17/Nov/2024:06:41:59 +0000] "GET /149924390 HTTP/1.1" 200 24029 "-" "Mozilla/5.0 AppleWebKit/537.36 (KHTML, like Gecko; compatible; bingbot/2.0; +http://www.bing.com/bingbot.htm) Chrome/116.0.1938.76 Safari/537.36"
52.167.144.194 - - [17/Nov/2024:06:42:00 +0000] "GET /180739190 HTTP/1.1" 200 24950 "-" "Mozilla/5.0 AppleWebKit/537.36 (KHTML, like Gecko; compatible; bingbot/2.0; +http://www.bing.com/bingbot.htm) Chrome/116.0.1938.76 Safari/537.36"
44.223.232.55 - - [17/Nov/2024:06:42:00 +0000] "GET /99327wgwwitems/etid.html HTTP/1.1" 404 30902 "-" "Mozilla/5.0 (Macintosh; Intel Mac OS X 10_10_1) AppleWebKit/600.2.5 (KHTML, like Gecko) Version/8.0.2 Safari/600.2.5 (Amazonbot/0.1; +https://developer.amazon.com/support/amazonbot)"
52.167.144.194 - - [17/Nov/2024:06:42:01 +0000] "GET /212819630 HTTP/1.1" 200 23926 "-" "Mozilla/5.0 AppleWebKit/537.36 (KHTML, like Gecko; compatible; bingbot/2.0; +http://www.bing.com/bingbot.htm) Chrome/116.0.1938.76 Safari/537.36"
52.167.144.194 - - [17/Nov/2024:06:42:02 +0000] "GET /142048070 HTTP/1.1" 200 27686 "-" "Mozilla/5.0 AppleWebKit/537.36 (KHTML, like Gecko; compatible; bingbot/2.0; +http://www.bing.com/bingbot.htm) Chrome/116.0.1938.76 Safari/537.36"
52.167.144.194 - - [17/Nov/2024:06:42:03 +0000] "GET /61993550 HTTP/1.1" 200 26127 "-" "Mozilla/5.0 AppleWebKit/537.36 (KHTML, like Gecko; compatible; bingbot/2.0; +http://www.bing.com/bingbot.htm) Chrome/116.0.1938.76 Safari/537.36"
