34.231.45.47 - - [17/Nov/2024:07:07:28 +0000] "GET /57183gbzsitems/etid.html HTTP/1.1" 404 30902 "-" "Mozilla/5.0 (Macintosh; Intel Mac OS X 10_10_1) AppleWebKit/600.2.5 (KHTML, like Gecko) Version/8.0.2 Safari/600.2.5 (Amazonbot/0.1; +https://developer.amazon.com/support/amazonbot)"
52.167.144.215 - - [17/Nov/2024:07:07:28 +0000] "GET /107939870 HTTP/1.1" 200 26708 "-" "Mozilla/5.0 AppleWebKit/537.36 (KHTML, like Gecko; compatible; bingbot/2.0; +http://www.bing.com/bingbot.htm) Chrome/116.0.1938.76 Safari/537.36"
185.191.171.8 - - [17/Nov/2024:07:07:29 +0000] "GET /32159gbzsetid HTTP/1.1" 500 5 "-" "Mozilla/5.0 (compatible; SemrushBot/7~bl; +http://www.semrush.com/bot.html)"
52.167.144.215 - - [17/Nov/2024:07:07:30 +0000] "GET /70062830 HTTP/1.1" 200 28166 "-" "Mozilla/5.0 AppleWebKit/537.36 (KHTML, like Gecko; compatible; bingbot/2.0; +http://www.bing.com/bingbot.htm) Chrome/116.0.1938.76 Safari/537.36"
52.167.144.215 - - [17/Nov/2024:07:07:31 +0000] "GET /348779150 HTTP/1.1" 200 27234 "-" "Mozilla/5.0 AppleWebKit/537.36 (KHTML, like Gecko; compatible; bingbot/2.0; +http://www.bing.com/bingbot.htm) Chrome/116.0.1938.76 Safari/537.36"
18.204.89.56 - - [17/Nov/2024:07:07:32 +0000] "GET /300637tbjqetidm50zbz.htm HTTP/1.1" 404 30918 "-" "Mozilla/5.0 (Macintosh; Intel Mac OS X 10_10_1) AppleWebKit/600.2.5 (KHTML, like Gecko) Version/8.0.2 Safari/600.2.5 (Amazonbot/0.1; +https://developer.amazon.com/support/amazonbot)"
52.167.144.215 - - [17/Nov/2024:07:07:32 +0000] "GET /54598790 HTTP/1.1" 200 28225 "-" "Mozilla/5.0 AppleWebKit/537.36 (KHTML, like Gecko; compatible; bingbot/2.0; +http://www.bing.com/bingbot.htm) Chrome/116.0.1938.76 Safari/537.36"
52.167.144.215 - - [17/Nov/2024:07:07:34 +0000] "GET /353968790 HTTP/1.1" 200 26115 "-" "Mozilla/5.0 AppleWebKit/537.36 (KHTML, like Gecko; compatible; bingbot/2.0; +http://www.bing.com/bingbot.htm) Chrome/116.0.1938.76 Safari/537.36"
52.167.144.215 - - [17/Nov/2024:07:07:35 +0000] "GET /320351150 HTTP/1.1" 200 24054 "-" "Mozilla/5.0 AppleWebKit/537.36 (KHTML, like Gecko; compatible; bingbot/2.0; +http://www.bing.com/bingbot.htm) Chrome/116.0.1938.76 Safari/537.36"
57.141.3.18 - - [17/Nov/2024:07:07:36 +0000] "GET /74905ygvoetidm9.htm HTTP/1.1" 404 140477 "-" "meta-externalagent/1.1 (+https://developers.facebook.com/docs/sharing/webmasters/crawler)"
98.83.226.125 - - [17/Nov/2024:07:07:36 +0000] "GET /71020yhrejp/ucoyotion.htm HTTP/1.1" 404 30902 "-" "Mozilla/5.0 (Macintosh; Intel Mac OS X 10_10_1) AppleWebKit/600.2.5 (KHTML, like Gecko) Version/8.0.2 Safari/600.2.5 (Amazonbot/0.1; +https://developer.amazon.com/support/amazonbot)"
52.167.144.215 - - [17/Nov/2024:07:07:36 +0000] "GET /349260110 HTTP/1.1" 200 24407 "-" "Mozilla/5.0 AppleWebKit/537.36 (KHTML, like Gecko; compatible; bingbot/2.0; +http://www.bing.com/bingbot.htm) Chrome/116.0.1938.76 Safari/537.36"
52.167.144.215 - - [17/Nov/2024:07:07:37 +0000] "GET /331488350 HTTP/1.1" 200 25909 "-" "Mozilla/5.0 AppleWebKit/537.36 (KHTML, like Gecko; compatible; bingbot/2.0; +http://www.bing.com/bingbot.htm) Chrome/116.0.1938.76 Safari/537.36"
52.167.144.215 - - [17/Nov/2024:07:07:38 +0000] "GET /43989350 HTTP/1.1" 200 27269 "-" "Mozilla/5.0 AppleWebKit/537.36 (KHTML, like Gecko; compatible; bingbot/2.0; +http://www.bing.com/bingbot.htm) Chrome/116.0.1938.76 Safari/537.36"
52.167.144.215 - - [17/Nov/2024:07:07:40 +0000] "GET /236342870 HTTP/1.1" 200 25732 "-" "Mozilla/5.0 AppleWebKit/537.36 (KHTML, like Gecko; compatible; bingbot/2.0; +http://www.bing.com/bingbot.htm) Chrome/116.0.1938.76 Safari/537.36"
3.232.102.111 - - [17/Nov/2024:07:07:41 +0000] "GET /208502yhrejp/uci HTTP/1.1" 404 30898 "-" "Mozilla/5.0 (Macintosh; Intel Mac OS X 10_10_1) AppleWebKit/600.2.5 (KHTML, like Gecko) Version/8.0.2 Safari/600.2.5 (Amazonbot/0.1; +https://developer.amazon.com/support/amazonbot)"
52.167.144.215 - - [17/Nov/2024:07:07:42 +0000] "GET /201609350 HTTP/1.1" 200 24301 "-" "Mozilla/5.0 AppleWebKit/537.36 (KHTML, like Gecko; compatible; bingbot/2.0; +http://www.bing.com/bingbot.htm) Chrome/116.0.1938.76 Safari/537.36"
40.77.167.7 - - [17/Nov/2024:07:07:43 +0000] "GET /214497590 HTTP/1.1" 200 23657 "-" "Mozilla/5.0 AppleWebKit/537.36 (KHTML, like Gecko; compatible; bingbot/2.0; +http://www.bing.com/bingbot.htm) Chrome/116.0.1938.76 Safari/537.36"
52.167.144.215 - - [17/Nov/2024:07:07:43 +0000] "GET /296283590 HTTP/1.1" 200 24479 "-" "Mozilla/5.0 AppleWebKit/537.36 (KHTML, like Gecko; compatible; bingbot/2.0; +http://www.bing.com/bingbot.htm) Chrome/116.0.1938.76 Safari/537.36"
40.77.167.7 - - [17/Nov/2024:07:07:44 +0000] "GET /94577990 HTTP/1.1" 200 25895 "-" "Mozilla/5.0 AppleWebKit/537.36 (KHTML, like Gecko; compatible; bingbot/2.0; +http://www.bing.com/bingbot.htm) Chrome/116.0.1938.76 Safari/537.36"
44.218.170.184 - - [17/Nov/2024:07:07:45 +0000] "GET /72028yhrejp/uciyition.htm HTTP/1.1" 404 30903 "-" "Mozilla/5.0 (Macintosh; Intel Mac OS X 10_10_1) AppleWebKit/600.2.5 (KHTML, like Gecko) Version/8.0.2 Safari/600.2.5 (Amazonbot/0.1; +https://developer.amazon.com/support/amazonbot)"
52.167.144.215 - - [17/Nov/2024:07:07:45 +0000] "GET /284189630 HTTP/1.1" 200 26934 "-" "Mozilla/5.0 AppleWebKit/537.36 (KHTML, like Gecko; compatible; bingbot/2.0; +http://www.bing.com/bingbot.htm) Chrome/116.0.1938.76 Safari/537.36"
40.77.167.7 - - [17/Nov/2024:07:07:45 +0000] "GET /82333190 HTTP/1.1" 200 26023 "-" "Mozilla/5.0 AppleWebKit/537.36 (KHTML, like Gecko; compatible; bingbot/2.0; +http://www.bing.com/bingbot.htm) Chrome/116.0.1938.76 Safari/537.36"
52.167.144.215 - - [17/Nov/2024:07:07:46 +0000] "GET /48246710 HTTP/1.1" 200 30533 "-" "Mozilla/5.0 AppleWebKit/537.36 (KHTML, like Gecko; compatible; bingbot/2.0; +http://www.bing.com/bingbot.htm) Chrome/116.0.1938.76 Safari/537.36"
40.77.167.7 - - [17/Nov/2024:07:07:46 +0000] "GET /19508390 HTTP/1.1" 200 30354 "-" "Mozilla/5.0 AppleWebKit/537.36 (KHTML, like Gecko; compatible; bingbot/2.0; +http://www.bing.com/bingbot.htm) Chrome/116.0.1938.76 Safari/537.36"
40.77.167.7 - - [17/Nov/2024:07:07:47 +0000] "GET /36350990 HTTP/1.1" 200 28343 "-" "Mozilla/5.0 AppleWebKit/537.36 (KHTML, like Gecko; compatible; bingbot/2.0; +http://www.bing.com/bingbot.htm) Chrome/116.0.1938.76 Safari/537.36"
52.167.144.215 - - [17/Nov/2024:07:07:48 +0000] "GET /18203030 HTTP/1.1" 200 27714 "-" "Mozilla/5.0 AppleWebKit/537.36 (KHTML, like Gecko; compatible; bingbot/2.0; +http://www.bing.com/bingbot.htm) Chrome/116.0.1938.76 Safari/537.36"
52.167.144.215 - - [17/Nov/2024:07:07:49 +0000] "GET /294047390 HTTP/1.1" 200 24715 "-" "Mozilla/5.0 AppleWebKit/537.36 (KHTML, like Gecko; compatible; bingbot/2.0; +http://www.bing.com/bingbot.htm) Chrome/116.0.1938.76 Safari/537.36"
40.77.167.7 - - [17/Nov/2024:07:07:49 +0000] "GET /89624150 HTTP/1.1" 200 30477 "-" "Mozilla/5.0 AppleWebKit/537.36 (KHTML, like Gecko; compatible; bingbot/2.0; +http://www.bing.com/bingbot.htm) Chrome/116.0.1938.76 Safari/537.36"
54.84.147.79 - - [17/Nov/2024:07:07:49 +0000] "GET /305181yyynitems/etidm88tyt.html HTTP/1.1" 404 30904 "-" "Mozilla/5.0 (Macintosh; Intel Mac OS X 10_10_1) AppleWebKit/600.2.5 (KHTML, like Gecko) Version/8.0.2 Safari/600.2.5 (Amazonbot/0.1; +https://developer.amazon.com/support/amazonbot)"
40.77.167.7 - - [17/Nov/2024:07:07:50 +0000] "GET /70886270 HTTP/1.1" 200 26258 "-" "Mozilla/5.0 AppleWebKit/537.36 (KHTML, like Gecko; compatible; bingbot/2.0; +http://www.bing.com/bingbot.htm) Chrome/116.0.1938.76 Safari/537.36"
20.15.133.174 - - [17/Nov/2024:07:07:50 +0000] "GET /290312150 HTTP/1.1" 200 24557 "-" "Mozilla/5.0 AppleWebKit/537.36 (KHTML, like Gecko; compatible; bingbot/2.0; +http://www.bing.com/bingbot.htm) Chrome/116.0.1938.76 Safari/537.36"
127.0.0.1 - - [17/Nov/2024:07:07:51 +0000] "POST /wp-cron.php?doing_wp_cron=1731827271.6035799980163574218750 HTTP/1.1" 500 5 "-" "WordPress/6.6.2; https://guide.quickscrum.com"
20.15.133.174 - - [17/Nov/2024:07:07:51 +0000] "GET /362664830 HTTP/1.1" 200 25695 "-" "Mozilla/5.0 AppleWebKit/537.36 (KHTML, like Gecko; compatible; bingbot/2.0; +http://www.bing.com/bingbot.htm) Chrome/116.0.1938.76 Safari/537.36"
40.77.167.7 - - [17/Nov/2024:07:07:52 +0000] "GET /13682870 HTTP/1.1" 200 31331 "-" "Mozilla/5.0 AppleWebKit/537.36 (KHTML, like Gecko; compatible; bingbot/2.0; +http://www.bing.com/bingbot.htm) Chrome/116.0.1938.76 Safari/537.36"
20.15.133.174 - - [17/Nov/2024:07:07:53 +0000] "GET /182298110 HTTP/1.1" 200 24819 "-" "Mozilla/5.0 AppleWebKit/537.36 (KHTML, like Gecko; compatible; bingbot/2.0; +http://www.bing.com/bingbot.htm) Chrome/116.0.1938.76 Safari/537.36"
40.77.167.7 - - [17/Nov/2024:07:07:53 +0000] "GET /255479630 HTTP/1.1" 200 23835 "-" "Mozilla/5.0 AppleWebKit/537.36 (KHTML, like Gecko; compatible; bingbot/2.0; +http://www.bing.com/bingbot.htm) Chrome/116.0.1938.76 Safari/537.36"
50.19.79.213 - - [17/Nov/2024:07:07:53 +0000] "GET /72976yhrejp/ucuyu.htm HTTP/1.1" 404 30902 "-" "Mozilla/5.0 (Macintosh; Intel Mac OS X 10_10_1) AppleWebKit/600.2.5 (KHTML, like Gecko) Version/8.0.2 Safari/600.2.5 (Amazonbot/0.1; +https://developer.amazon.com/support/amazonbot)"
40.77.167.7 - - [17/Nov/2024:07:07:54 +0000] "GET /92161070 HTTP/1.1" 200 26877 "-" "Mozilla/5.0 AppleWebKit/537.36 (KHTML, like Gecko; compatible; bingbot/2.0; +http://www.bing.com/bingbot.htm) Chrome/116.0.1938.76 Safari/537.36"
20.15.133.174 - - [17/Nov/2024:07:07:54 +0000] "GET /18350990 HTTP/1.1" 200 33769 "-" "Mozilla/5.0 AppleWebKit/537.36 (KHTML, like Gecko; compatible; bingbot/2.0; +http://www.bing.com/bingbot.htm) Chrome/116.0.1938.76 Safari/537.36"
40.77.167.7 - - [17/Nov/2024:07:07:55 +0000] "GET /253268150 HTTP/1.1" 200 23519 "-" "Mozilla/5.0 AppleWebKit/537.36 (KHTML, like Gecko; compatible; bingbot/2.0; +http://www.bing.com/bingbot.htm) Chrome/116.0.1938.76 Safari/537.36"
40.77.167.7 - - [17/Nov/2024:07:07:56 +0000] "GET /40887110 HTTP/1.1" 200 31182 "-" "Mozilla/5.0 AppleWebKit/537.36 (KHTML, like Gecko; compatible; bingbot/2.0; +http://www.bing.com/bingbot.htm) Chrome/116.0.1938.76 Safari/537.36"
34.235.239.240 - - [17/Nov/2024:07:07:57 +0000] "GET /199627tbjqetidm52z.htm HTTP/1.1" 404 30916 "-" "Mozilla/5.0 (Macintosh; Intel Mac OS X 10_10_1) AppleWebKit/600.2.5 (KHTML, like Gecko) Version/8.0.2 Safari/600.2.5 (Amazonbot/0.1; +https://developer.amazon.com/support/amazonbot)"
40.77.167.7 - - [17/Nov/2024:07:07:57 +0000] "GET /164887910 HTTP/1.1" 200 25814 "-" "Mozilla/5.0 AppleWebKit/537.36 (KHTML, like Gecko; compatible; bingbot/2.0; +http://www.bing.com/bingbot.htm) Chrome/116.0.1938.76 Safari/537.36"
20.15.133.174 - - [17/Nov/2024:07:07:57 +0000] "GET /130355150 HTTP/1.1" 200 24429 "-" "Mozilla/5.0 AppleWebKit/537.36 (KHTML, like Gecko; compatible; bingbot/2.0; +http://www.bing.com/bingbot.htm) Chrome/116.0.1938.76 Safari/537.36"
40.77.167.7 - - [17/Nov/2024:07:07:59 +0000] "GET /230608190 HTTP/1.1" 200 24716 "-" "Mozilla/5.0 AppleWebKit/537.36 (KHTML, like Gecko; compatible; bingbot/2.0; +http://www.bing.com/bingbot.htm) Chrome/116.0.1938.76 Safari/537.36"
20.15.133.174 - - [17/Nov/2024:07:07:59 +0000] "GET /166289150 HTTP/1.1" 200 23508 "-" "Mozilla/5.0 AppleWebKit/537.36 (KHTML, like Gecko; compatible; bingbot/2.0; +http://www.bing.com/bingbot.htm) Chrome/116.0.1938.76 Safari/537.36"
40.77.167.7 - - [17/Nov/2024:07:08:00 +0000] "GET /350846030 HTTP/1.1" 200 24008 "-" "Mozilla/5.0 AppleWebKit/537.36 (KHTML, like Gecko; compatible; bingbot/2.0; +http://www.bing.com/bingbot.htm) Chrome/116.0.1938.76 Safari/537.36"
54.156.248.117 - - [17/Nov/2024:07:08:01 +0000] "GET /133554zmddetidm76.html HTTP/1.1" 404 30916 "-" "Mozilla/5.0 (Macintosh; Intel Mac OS X 10_10_1) AppleWebKit/600.2.5 (KHTML, like Gecko) Version/8.0.2 Safari/600.2.5 (Amazonbot/0.1; +https://developer.amazon.com/support/amazonbot)"
40.77.167.7 - - [17/Nov/2024:07:08:02 +0000] "GET /76833710 HTTP/1.1" 200 30355 "-" "Mozilla/5.0 AppleWebKit/537.36 (KHTML, like Gecko; compatible; bingbot/2.0; +http://www.bing.com/bingbot.htm) Chrome/116.0.1938.76 Safari/537.36"
20.15.133.174 - - [17/Nov/2024:07:08:02 +0000] "GET /244965230 HTTP/1.1" 200 25127 "-" "Mozilla/5.0 AppleWebKit/537.36 (KHTML, like Gecko; compatible; bingbot/2.0; +http://www.bing.com/bingbot.htm) Chrome/116.0.1938.76 Safari/537.36"
57.141.3.26 - - [17/Nov/2024:07:08:03 +0000] "GET /282866tbjqetidm78mjv.htm HTTP/1.1" 404 140467 "-" "meta-externalagent/1.1 (+https://developers.facebook.com/docs/sharing/webmasters/crawler)"
40.77.167.7 - - [17/Nov/2024:07:08:03 +0000] "GET /91873310 HTTP/1.1" 200 30136 "-" "Mozilla/5.0 AppleWebKit/537.36 (KHTML, like Gecko; compatible; bingbot/2.0; +http://www.bing.com/bingbot.htm) Chrome/116.0.1938.76 Safari/537.36"
212.193.31.145 - - [17/Nov/2024:07:08:04 +0000] "GET /blog/ HTTP/1.0" 200 159140 "https://guide.quickscrum.com/blog/" "Mozilla/5.0 (Windows NT 6.1; Win64; x64) AppleWebKit/537.36 (KHTML, like Gecko) Chrome/103.0.5060.66 Safari/537.36"
40.77.167.7 - - [17/Nov/2024:07:08:04 +0000] "GET /186325790 HTTP/1.1" 200 24528 "-" "Mozilla/5.0 AppleWebKit/537.36 (KHTML, like Gecko; compatible; bingbot/2.0; +http://www.bing.com/bingbot.htm) Chrome/116.0.1938.76 Safari/537.36"
3.227.180.70 - - [17/Nov/2024:07:08:04 +0000] "GET /27592gvsfitems/etidm.htm HTTP/1.1" 404 30892 "-" "Mozilla/5.0 (Macintosh; Intel Mac OS X 10_10_1) AppleWebKit/600.2.5 (KHTML, like Gecko) Version/8.0.2 Safari/600.2.5 (Amazonbot/0.1; +https://developer.amazon.com/support/amazonbot)"
40.77.167.7 - - [17/Nov/2024:07:08:05 +0000] "GET /255778550 HTTP/1.1" 200 24219 "-" "Mozilla/5.0 AppleWebKit/537.36 (KHTML, like Gecko; compatible; bingbot/2.0; +http://www.bing.com/bingbot.htm) Chrome/116.0.1938.76 Safari/537.36"
20.15.133.174 - - [17/Nov/2024:07:08:06 +0000] "GET /334535750 HTTP/1.1" 200 23902 "-" "Mozilla/5.0 AppleWebKit/537.36 (KHTML, like Gecko; compatible; bingbot/2.0; +http://www.bing.com/bingbot.htm) Chrome/116.0.1938.76 Safari/537.36"
192.0.102.140 - - [17/Nov/2024:07:08:06 +0000] "GET /wp-content/uploads/2018/09/product-release-management.png HTTP/1.1" 301 194 "-" "Photon/1.0"
40.77.167.7 - - [17/Nov/2024:07:08:06 +0000] "GET /135428870 HTTP/1.1" 200 24893 "-" "Mozilla/5.0 AppleWebKit/537.36 (KHTML, like Gecko; compatible; bingbot/2.0; +http://www.bing.com/bingbot.htm) Chrome/116.0.1938.76 Safari/537.36"
192.0.102.140 - - [17/Nov/2024:07:08:07 +0000] "GET /wp-content/uploads/2018/09/product-release-management.png HTTP/1.1" 200 84088 "-" "Photon/1.0"
40.77.167.7 - - [17/Nov/2024:07:08:08 +0000] "GET /359581670 HTTP/1.1" 200 23584 "-" "Mozilla/5.0 AppleWebKit/537.36 (KHTML, like Gecko; compatible; bingbot/2.0; +http://www.bing.com/bingbot.htm) Chrome/116.0.1938.76 Safari/537.36"
212.193.31.145 - - [17/Nov/2024:07:08:08 +0000] "GET /solutions/kanban HTTP/1.0" 200 188574 "https://guide.quickscrum.com/solutions/kanban" "Mozilla/5.0 (Windows NT 6.1; Win64; x64) AppleWebKit/537.36 (KHTML, like Gecko) Chrome/103.0.5060.66 Safari/537.36"
54.90.8.255 - - [17/Nov/2024:07:08:09 +0000] "GET /163330ygvoitems/etidm39.htm HTTP/1.1" 404 30902 "-" "Mozilla/5.0 (Macintosh; Intel Mac OS X 10_10_1) AppleWebKit/600.2.5 (KHTML, like Gecko) Version/8.0.2 Safari/600.2.5 (Amazonbot/0.1; +https://developer.amazon.com/support/amazonbot)"
40.77.167.7 - - [17/Nov/2024:07:08:09 +0000] "GET /331494110 HTTP/1.1" 200 27122 "-" "Mozilla/5.0 AppleWebKit/537.36 (KHTML, like Gecko; compatible; bingbot/2.0; +http://www.bing.com/bingbot.htm) Chrome/116.0.1938.76 Safari/537.36"
20.15.133.174 - - [17/Nov/2024:07:08:10 +0000] "GET /234842270 HTTP/1.1" 200 25619 "-" "Mozilla/5.0 AppleWebKit/537.36 (KHTML, like Gecko; compatible; bingbot/2.0; +http://www.bing.com/bingbot.htm) Chrome/116.0.1938.76 Safari/537.36"
40.77.167.7 - - [17/Nov/2024:07:08:11 +0000] "GET /220768790 HTTP/1.1" 200 24909 "-" "Mozilla/5.0 AppleWebKit/537.36 (KHTML, like Gecko; compatible; bingbot/2.0; +http://www.bing.com/bingbot.htm) Chrome/116.0.1938.76 Safari/537.36"
40.77.167.7 - - [17/Nov/2024:07:08:12 +0000] "GET /177921950 HTTP/1.1" 200 23937 "-" "Mozilla/5.0 AppleWebKit/537.36 (KHTML, like Gecko; compatible; bingbot/2.0; +http://www.bing.com/bingbot.htm) Chrome/116.0.1938.76 Safari/537.36"
20.15.133.174 - - [17/Nov/2024:07:08:12 +0000] "GET /160771550 HTTP/1.1" 200 27051 "-" "Mozilla/5.0 AppleWebKit/537.36 (KHTML, like Gecko; compatible; bingbot/2.0; +http://www.bing.com/bingbot.htm) Chrome/116.0.1938.76 Safari/537.36"
40.77.167.7 - - [17/Nov/2024:07:08:13 +0000] "GET /73383710 HTTP/1.1" 200 28935 "-" "Mozilla/5.0 AppleWebKit/537.36 (KHTML, like Gecko; compatible; bingbot/2.0; +http://www.bing.com/bingbot.htm) Chrome/116.0.1938.76 Safari/537.36"
40.77.167.7 - - [17/Nov/2024:07:08:13 +0000] "GET /353256830 HTTP/1.1" 200 27364 "-" "Mozilla/5.0 AppleWebKit/537.36 (KHTML, like Gecko; compatible; bingbot/2.0; +http://www.bing.com/bingbot.htm) Chrome/116.0.1938.76 Safari/537.36"
40.77.167.7 - - [17/Nov/2024:07:08:14 +0000] "GET /344259230 HTTP/1.1" 200 24194 "-" "Mozilla/5.0 AppleWebKit/537.36 (KHTML, like Gecko; compatible; bingbot/2.0; +http://www.bing.com/bingbot.htm) Chrome/116.0.1938.76 Safari/537.36"
40.77.167.7 - - [17/Nov/2024:07:08:14 +0000] "GET /104550230 HTTP/1.1" 200 25732 "-" "Mozilla/5.0 AppleWebKit/537.36 (KHTML, like Gecko; compatible; bingbot/2.0; +http://www.bing.com/bingbot.htm) Chrome/116.0.1938.76 Safari/537.36"
54.225.181.161 - - [17/Nov/2024:07:08:14 +0000] "GET /187059tbjqitems/etidm95p.html HTTP/1.1" 404 30912 "-" "Mozilla/5.0 (Macintosh; Intel Mac OS X 10_10_1) AppleWebKit/600.2.5 (KHTML, like Gecko) Version/8.0.2 Safari/600.2.5 (Amazonbot/0.1; +https://developer.amazon.com/support/amazonbot)"
20.15.133.174 - - [17/Nov/2024:07:08:15 +0000] "GET /54109430 HTTP/1.1" 200 30225 "-" "Mozilla/5.0 AppleWebKit/537.36 (KHTML, like Gecko; compatible; bingbot/2.0; +http://www.bing.com/bingbot.htm) Chrome/116.0.1938.76 Safari/537.36"
40.77.167.7 - - [17/Nov/2024:07:08:15 +0000] "GET /241595750 HTTP/1.1" 200 26315 "-" "Mozilla/5.0 AppleWebKit/537.36 (KHTML, like Gecko; compatible; bingbot/2.0; +http://www.bing.com/bingbot.htm) Chrome/116.0.1938.76 Safari/537.36"
40.77.167.7 - - [17/Nov/2024:07:08:16 +0000] "GET /8558150 HTTP/1.1" 200 33080 "-" "Mozilla/5.0 AppleWebKit/537.36 (KHTML, like Gecko; compatible; bingbot/2.0; +http://www.bing.com/bingbot.htm) Chrome/116.0.1938.76 Safari/537.36"
20.15.133.174 - - [17/Nov/2024:07:08:16 +0000] "GET /158358590 HTTP/1.1" 200 26509 "-" "Mozilla/5.0 AppleWebKit/537.36 (KHTML, like Gecko; compatible; bingbot/2.0; +http://www.bing.com/bingbot.htm) Chrome/116.0.1938.76 Safari/537.36"
184.73.167.217 - - [17/Nov/2024:07:08:17 +0000] "GET /215569tbjqetidm6.htm HTTP/1.1" 404 30915 "-" "Mozilla/5.0 (Macintosh; Intel Mac OS X 10_10_1) AppleWebKit/600.2.5 (KHTML, like Gecko) Version/8.0.2 Safari/600.2.5 (Amazonbot/0.1; +https://developer.amazon.com/support/amazonbot)"
40.77.167.7 - - [17/Nov/2024:07:08:17 +0000] "GET /202723310 HTTP/1.1" 200 24414 "-" "Mozilla/5.0 AppleWebKit/537.36 (KHTML, like Gecko; compatible; bingbot/2.0; +http://www.bing.com/bingbot.htm) Chrome/116.0.1938.76 Safari/537.36"
40.77.167.7 - - [17/Nov/2024:07:08:17 +0000] "GET /348075830 HTTP/1.1" 200 26071 "-" "Mozilla/5.0 AppleWebKit/537.36 (KHTML, like Gecko; compatible; bingbot/2.0; +http://www.bing.com/bingbot.htm) Chrome/116.0.1938.76 Safari/537.36"
40.77.167.7 - - [17/Nov/2024:07:08:18 +0000] "GET /199608230 HTTP/1.1" 200 23831 "-" "Mozilla/5.0 AppleWebKit/537.36 (KHTML, like Gecko; compatible; bingbot/2.0; +http://www.bing.com/bingbot.htm) Chrome/116.0.1938.76 Safari/537.36"
40.77.167.7 - - [17/Nov/2024:07:08:18 +0000] "GET /166334870 HTTP/1.1" 200 25918 "-" "Mozilla/5.0 AppleWebKit/537.36 (KHTML, like Gecko; compatible; bingbot/2.0; +http://www.bing.com/bingbot.htm) Chrome/116.0.1938.76 Safari/537.36"
20.15.133.174 - - [17/Nov/2024:07:08:19 +0000] "GET /135032750 HTTP/1.1" 200 23786 "-" "Mozilla/5.0 AppleWebKit/537.36 (KHTML, like Gecko; compatible; bingbot/2.0; +http://www.bing.com/bingbot.htm) Chrome/116.0.1938.76 Safari/537.36"
40.77.167.7 - - [17/Nov/2024:07:08:19 +0000] "GET /5685710 HTTP/1.1" 200 32179 "-" "Mozilla/5.0 AppleWebKit/537.36 (KHTML, like Gecko; compatible; bingbot/2.0; +http://www.bing.com/bingbot.htm) Chrome/116.0.1938.76 Safari/537.36"
40.77.167.7 - - [17/Nov/2024:07:08:19 +0000] "GET /275555510 HTTP/1.1" 200 24718 "-" "Mozilla/5.0 AppleWebKit/537.36 (KHTML, like Gecko; compatible; bingbot/2.0; +http://www.bing.com/bingbot.htm) Chrome/116.0.1938.76 Safari/537.36"
20.15.133.174 - - [17/Nov/2024:07:08:20 +0000] "GET /233867150 HTTP/1.1" 200 22944 "-" "Mozilla/5.0 AppleWebKit/537.36 (KHTML, like Gecko; compatible; bingbot/2.0; +http://www.bing.com/bingbot.htm) Chrome/116.0.1938.76 Safari/537.36"
40.77.167.7 - - [17/Nov/2024:07:08:20 +0000] "GET /49613870 HTTP/1.1" 200 25812 "-" "Mozilla/5.0 AppleWebKit/537.36 (KHTML, like Gecko; compatible; bingbot/2.0; +http://www.bing.com/bingbot.htm) Chrome/116.0.1938.76 Safari/537.36"
54.156.124.2 - - [17/Nov/2024:07:08:21 +0000] "GET /141345tbjqitems/etidm8.html HTTP/1.1" 404 30904 "-" "Mozilla/5.0 (Macintosh; Intel Mac OS X 10_10_1) AppleWebKit/600.2.5 (KHTML, like Gecko) Version/8.0.2 Safari/600.2.5 (Amazonbot/0.1; +https://developer.amazon.com/support/amazonbot)"
40.77.167.7 - - [17/Nov/2024:07:08:22 +0000] "GET /357161150 HTTP/1.1" 200 26148 "-" "Mozilla/5.0 AppleWebKit/537.36 (KHTML, like Gecko; compatible; bingbot/2.0; +http://www.bing.com/bingbot.htm) Chrome/116.0.1938.76 Safari/537.36"
40.77.167.7 - - [17/Nov/2024:07:08:23 +0000] "GET /77911670 HTTP/1.1" 200 26351 "-" "Mozilla/5.0 AppleWebKit/537.36 (KHTML, like Gecko; compatible; bingbot/2.0; +http://www.bing.com/bingbot.htm) Chrome/116.0.1938.76 Safari/537.36"
40.77.167.7 - - [17/Nov/2024:07:08:24 +0000] "GET /100288550 HTTP/1.1" 200 31621 "-" "Mozilla/5.0 AppleWebKit/537.36 (KHTML, like Gecko; compatible; bingbot/2.0; +http://www.bing.com/bingbot.htm) Chrome/116.0.1938.76 Safari/537.36"
40.77.190.23 - - [17/Nov/2024:07:08:25 +0000] "GET /70886270 HTTP/1.1" 200 145737 "-" "Mozilla/5.0 AppleWebKit/537.36 (KHTML, like Gecko; compatible; bingbot/2.0; +http://www.bing.com/bingbot.htm) Chrome/100.0.4896.127 Safari/537.36"
40.77.167.7 - - [17/Nov/2024:07:08:25 +0000] "GET /216881030 HTTP/1.1" 200 24163 "-" "Mozilla/5.0 AppleWebKit/537.36 (KHTML, like Gecko; compatible; bingbot/2.0; +http://www.bing.com/bingbot.htm) Chrome/116.0.1938.76 Safari/537.36"
52.2.191.202 - - [17/Nov/2024:07:08:25 +0000] "GET /51064ygvoitems/etidm.htm HTTP/1.1" 404 30903 "-" "Mozilla/5.0 (Macintosh; Intel Mac OS X 10_10_1) AppleWebKit/600.2.5 (KHTML, like Gecko) Version/8.0.2 Safari/600.2.5 (Amazonbot/0.1; +https://developer.amazon.com/support/amazonbot)"
40.77.167.7 - - [17/Nov/2024:07:08:27 +0000] "GET /294598910 HTTP/1.1" 200 24256 "-" "Mozilla/5.0 AppleWebKit/537.36 (KHTML, like Gecko; compatible; bingbot/2.0; +http://www.bing.com/bingbot.htm) Chrome/116.0.1938.76 Safari/537.36"
185.198.69.94 - - [17/Nov/2024:07:08:27 +0000] "POST /xmlrpc.php HTTP/1.1" 200 2531 "-" "Mozilla/5.0 (X11; Linux x86_64) AppleWebKit/537.36 (KHTML, like Gecko) Chrome/120.0.0.0 Safari/537.36"
213.180.203.91 - - [17/Nov/2024:07:08:27 +0000] "GET /what-is-sprint-planning HTTP/1.1" 404 30913 "-" "Mozilla/5.0 (compatible; YandexBot/3.0; +http://yandex.com/bots)"
40.77.167.7 - - [17/Nov/2024:07:08:28 +0000] "GET /152908190 HTTP/1.1" 200 32900 "-" "Mozilla/5.0 AppleWebKit/537.36 (KHTML, like Gecko; compatible; bingbot/2.0; +http://www.bing.com/bingbot.htm) Chrome/116.0.1938.76 Safari/537.36"
40.77.167.7 - - [17/Nov/2024:07:08:29 +0000] "GET /298691030 HTTP/1.1" 200 24913 "-" "Mozilla/5.0 AppleWebKit/537.36 (KHTML, like Gecko; compatible; bingbot/2.0; +http://www.bing.com/bingbot.htm) Chrome/116.0.1938.76 Safari/537.36"
34.231.181.240 - - [17/Nov/2024:07:08:29 +0000] "GET /127940yhrejp/ucuyution HTTP/1.1" 404 30907 "-" "Mozilla/5.0 (Macintosh; Intel Mac OS X 10_10_1) AppleWebKit/600.2.5 (KHTML, like Gecko) Version/8.0.2 Safari/600.2.5 (Amazonbot/0.1; +https://developer.amazon.com/support/amazonbot)"
57.141.3.12 - - [17/Nov/2024:07:08:29 +0000] "GET /227773gbzsetidm14nbn.htm HTTP/1.1" 404 140467 "-" "meta-externalagent/1.1 (+https://developers.facebook.com/docs/sharing/webmasters/crawler)"
40.77.167.7 - - [17/Nov/2024:07:08:29 +0000] "GET /354381350 HTTP/1.1" 200 24183 "-" "Mozilla/5.0 AppleWebKit/537.36 (KHTML, like Gecko; compatible; bingbot/2.0; +http://www.bing.com/bingbot.htm) Chrome/116.0.1938.76 Safari/537.36"
40.77.167.7 - - [17/Nov/2024:07:08:30 +0000] "GET /182805710 HTTP/1.1" 200 23463 "-" "Mozilla/5.0 AppleWebKit/537.36 (KHTML, like Gecko; compatible; bingbot/2.0; +http://www.bing.com/bingbot.htm) Chrome/116.0.1938.76 Safari/537.36"
185.191.171.12 - - [17/Nov/2024:07:08:31 +0000] "GET /14526qmpieti.html HTTP/1.1" 500 5 "-" "Mozilla/5.0 (compatible; SemrushBot/7~bl; +http://www.semrush.com/bot.html)"
40.77.167.7 - - [17/Nov/2024:07:08:32 +0000] "GET /159206510 HTTP/1.1" 200 24123 "-" "Mozilla/5.0 AppleWebKit/537.36 (KHTML, like Gecko; compatible; bingbot/2.0; +http://www.bing.com/bingbot.htm) Chrome/116.0.1938.76 Safari/537.36"
52.204.89.12 - - [17/Nov/2024:07:08:33 +0000] "GET /59909dboyetidm46fbf HTTP/1.1" 404 30910 "-" "Mozilla/5.0 (Macintosh; Intel Mac OS X 10_10_1) AppleWebKit/600.2.5 (KHTML, like Gecko) Version/8.0.2 Safari/600.2.5 (Amazonbot/0.1; +https://developer.amazon.com/support/amazonbot)"
40.77.167.7 - - [17/Nov/2024:07:08:33 +0000] "GET /46217870 HTTP/1.1" 200 24725 "-" "Mozilla/5.0 AppleWebKit/537.36 (KHTML, like Gecko; compatible; bingbot/2.0; +http://www.bing.com/bingbot.htm) Chrome/116.0.1938.76 Safari/537.36"
40.77.167.7 - - [17/Nov/2024:07:08:35 +0000] "GET /210874070 HTTP/1.1" 200 24360 "-" "Mozilla/5.0 AppleWebKit/537.36 (KHTML, like Gecko; compatible; bingbot/2.0; +http://www.bing.com/bingbot.htm) Chrome/116.0.1938.76 Safari/537.36"
52.6.97.88 - - [17/Nov/2024:07:08:37 +0000] "GET /245813yyynetidm90jyj HTTP/1.1" 404 30907 "-" "Mozilla/5.0 (Macintosh; Intel Mac OS X 10_10_1) AppleWebKit/600.2.5 (KHTML, like Gecko) Version/8.0.2 Safari/600.2.5 (Amazonbot/0.1; +https://developer.amazon.com/support/amazonbot)"
40.77.167.7 - - [17/Nov/2024:07:08:37 +0000] "GET /96919430 HTTP/1.1" 200 28989 "-" "Mozilla/5.0 AppleWebKit/537.36 (KHTML, like Gecko; compatible; bingbot/2.0; +http://www.bing.com/bingbot.htm) Chrome/116.0.1938.76 Safari/537.36"
40.77.167.7 - - [17/Nov/2024:07:08:38 +0000] "GET /308183390 HTTP/1.1" 200 24741 "-" "Mozilla/5.0 AppleWebKit/537.36 (KHTML, like Gecko; compatible; bingbot/2.0; +http://www.bing.com/bingbot.htm) Chrome/116.0.1938.76 Safari/537.36"
40.77.167.7 - - [17/Nov/2024:07:08:39 +0000] "GET /91485350 HTTP/1.1" 200 26951 "-" "Mozilla/5.0 AppleWebKit/537.36 (KHTML, like Gecko; compatible; bingbot/2.0; +http://www.bing.com/bingbot.htm) Chrome/116.0.1938.76 Safari/537.36"
66.249.74.34 - - [17/Nov/2024:07:08:40 +0000] "GET /wp-content/page/?page=%E0%B8%AA%E0%B8%A5%E0%B9%87%E0%B8%AD%E0%B8%95%20%E0%B9%80%E0%B8%84%E0%B8%A3%E0%B8%94%E0%B8%B4%E0%B8%95%20%E0%B8%9F%E0%B8%A3%E0%B8%B5%20%E0%B9%82%E0%B8%9A%E0%B8%99%E0%B8%B1%E0%B8%AA%201%20%E0%B8%A3%E0%B8%B1%E0%B8%9A%2020%20%E0%B8%A5%E0%B9%88%E0%B8%B2%E0%B8%AA%E0%B8%B8%E0%B8%94 HTTP/1.1" 200 2305 "-" "Mozilla/5.0 (Linux; Android 6.0.1; Nexus 5X Build/MMB29P) AppleWebKit/537.36 (KHTML, like Gecko) Chrome/131.0.6778.69 Mobile Safari/537.36 (compatible; Googlebot/2.1; +http://www.google.com/bot.html)"
52.204.37.237 - - [17/Nov/2024:07:08:41 +0000] "GET /295629zmdditems/etidm10jmj.html HTTP/1.1" 404 30904 "-" "Mozilla/5.0 (Macintosh; Intel Mac OS X 10_10_1) AppleWebKit/600.2.5 (KHTML, like Gecko) Version/8.0.2 Safari/600.2.5 (Amazonbot/0.1; +https://developer.amazon.com/support/amazonbot)"
40.77.167.7 - - [17/Nov/2024:07:08:41 +0000] "GET /285834830 HTTP/1.1" 200 28651 "-" "Mozilla/5.0 AppleWebKit/537.36 (KHTML, like Gecko; compatible; bingbot/2.0; +http://www.bing.com/bingbot.htm) Chrome/116.0.1938.76 Safari/537.36"
40.77.167.7 - - [17/Nov/2024:07:08:42 +0000] "GET /281321390 HTTP/1.1" 200 25351 "-" "Mozilla/5.0 AppleWebKit/537.36 (KHTML, like Gecko; compatible; bingbot/2.0; +http://www.bing.com/bingbot.htm) Chrome/116.0.1938.76 Safari/537.36"
40.77.167.7 - - [17/Nov/2024:07:08:43 +0000] "GET /214661150 HTTP/1.1" 200 24816 "-" "Mozilla/5.0 AppleWebKit/537.36 (KHTML, like Gecko; compatible; bingbot/2.0; +http://www.bing.com/bingbot.htm) Chrome/116.0.1938.76 Safari/537.36"
40.77.167.7 - - [17/Nov/2024:07:08:44 +0000] "GET /156236750 HTTP/1.1" 200 25302 "-" "Mozilla/5.0 AppleWebKit/537.36 (KHTML, like Gecko; compatible; bingbot/2.0; +http://www.bing.com/bingbot.htm) Chrome/116.0.1938.76 Safari/537.36"
40.77.167.7 - - [17/Nov/2024:07:08:44 +0000] "GET /168538910 HTTP/1.1" 200 26053 "-" "Mozilla/5.0 AppleWebKit/537.36 (KHTML, like Gecko; compatible; bingbot/2.0; +http://www.bing.com/bingbot.htm) Chrome/116.0.1938.76 Safari/537.36"
34.194.95.99 - - [17/Nov/2024:07:08:45 +0000] "GET /140100zmddetidm99mz.html HTTP/1.1" 404 30918 "-" "Mozilla/5.0 (Macintosh; Intel Mac OS X 10_10_1) AppleWebKit/600.2.5 (KHTML, like Gecko) Version/8.0.2 Safari/600.2.5 (Amazonbot/0.1; +https://developer.amazon.com/support/amazonbot)"
40.77.167.7 - - [17/Nov/2024:07:08:45 +0000] "GET /231207350 HTTP/1.1" 200 23697 "-" "Mozilla/5.0 AppleWebKit/537.36 (KHTML, like Gecko; compatible; bingbot/2.0; +http://www.bing.com/bingbot.htm) Chrome/116.0.1938.76 Safari/537.36"
40.77.167.7 - - [17/Nov/2024:07:08:46 +0000] "GET /45147350 HTTP/1.1" 200 30573 "-" "Mozilla/5.0 AppleWebKit/537.36 (KHTML, like Gecko; compatible; bingbot/2.0; +http://www.bing.com/bingbot.htm) Chrome/116.0.1938.76 Safari/537.36"
40.77.167.7 - - [17/Nov/2024:07:08:47 +0000] "GET /120337190 HTTP/1.1" 200 26089 "-" "Mozilla/5.0 AppleWebKit/537.36 (KHTML, like Gecko; compatible; bingbot/2.0; +http://www.bing.com/bingbot.htm) Chrome/116.0.1938.76 Safari/537.36"
40.77.167.7 - - [17/Nov/2024:07:08:48 +0000] "GET /89254190 HTTP/1.1" 200 25333 "-" "Mozilla/5.0 AppleWebKit/537.36 (KHTML, like Gecko; compatible; bingbot/2.0; +http://www.bing.com/bingbot.htm) Chrome/116.0.1938.76 Safari/537.36"
54.147.80.137 - - [17/Nov/2024:07:08:48 +0000] "GET /54922yyynitems/etidm59.htm HTTP/1.1" 404 30904 "-" "Mozilla/5.0 (Macintosh; Intel Mac OS X 10_10_1) AppleWebKit/600.2.5 (KHTML, like Gecko) Version/8.0.2 Safari/600.2.5 (Amazonbot/0.1; +https://developer.amazon.com/support/amazonbot)"
40.77.167.7 - - [17/Nov/2024:07:08:48 +0000] "GET /7232390 HTTP/1.1" 200 34277 "-" "Mozilla/5.0 AppleWebKit/537.36 (KHTML, like Gecko; compatible; bingbot/2.0; +http://www.bing.com/bingbot.htm) Chrome/116.0.1938.76 Safari/537.36"
40.77.167.7 - - [17/Nov/2024:07:08:49 +0000] "GET /66208550 HTTP/1.1" 200 28908 "-" "Mozilla/5.0 AppleWebKit/537.36 (KHTML, like Gecko; compatible; bingbot/2.0; +http://www.bing.com/bingbot.htm) Chrome/116.0.1938.76 Safari/537.36"
40.77.167.7 - - [17/Nov/2024:07:08:50 +0000] "GET /237039950 HTTP/1.1" 200 25694 "-" "Mozilla/5.0 AppleWebKit/537.36 (KHTML, like Gecko; compatible; bingbot/2.0; +http://www.bing.com/bingbot.htm) Chrome/116.0.1938.76 Safari/537.36"
40.77.167.7 - - [17/Nov/2024:07:08:51 +0000] "GET /128879150 HTTP/1.1" 200 25866 "-" "Mozilla/5.0 AppleWebKit/537.36 (KHTML, like Gecko; compatible; bingbot/2.0; +http://www.bing.com/bingbot.htm) Chrome/116.0.1938.76 Safari/537.36"
40.77.167.7 - - [17/Nov/2024:07:08:51 +0000] "GET /12451790 HTTP/1.1" 200 27087 "-" "Mozilla/5.0 AppleWebKit/537.36 (KHTML, like Gecko; compatible; bingbot/2.0; +http://www.bing.com/bingbot.htm) Chrome/116.0.1938.76 Safari/537.36"
40.77.167.7 - - [17/Nov/2024:07:08:52 +0000] "GET /294242390 HTTP/1.1" 200 28327 "-" "Mozilla/5.0 AppleWebKit/537.36 (KHTML, like Gecko; compatible; bingbot/2.0; +http://www.bing.com/bingbot.htm) Chrome/116.0.1938.76 Safari/537.36"
52.3.156.186 - - [17/Nov/2024:07:08:53 +0000] "GET /229712yhrejp/uccyc HTTP/1.1" 404 30903 "-" "Mozilla/5.0 (Macintosh; Intel Mac OS X 10_10_1) AppleWebKit/600.2.5 (KHTML, like Gecko) Version/8.0.2 Safari/600.2.5 (Amazonbot/0.1; +https://developer.amazon.com/support/amazonbot)"
40.77.167.7 - - [17/Nov/2024:07:08:53 +0000] "GET /101495150 HTTP/1.1" 200 27580 "-" "Mozilla/5.0 AppleWebKit/537.36 (KHTML, like Gecko; compatible; bingbot/2.0; +http://www.bing.com/bingbot.htm) Chrome/116.0.1938.76 Safari/537.36"
127.0.0.1 - - [17/Nov/2024:07:08:54 +0000] "POST /wp-cron.php?doing_wp_cron=1731827334.1628019809722900390625 HTTP/1.1" 500 5 "-" "WordPress/6.6.2; https://guide.quickscrum.com"
40.77.167.7 - - [17/Nov/2024:07:08:54 +0000] "GET /6099950 HTTP/1.1" 200 32127 "-" "Mozilla/5.0 AppleWebKit/537.36 (KHTML, like Gecko; compatible; bingbot/2.0; +http://www.bing.com/bingbot.htm) Chrome/116.0.1938.76 Safari/537.36"
40.77.188.183 - - [17/Nov/2024:07:08:55 +0000] "GET /18203030 HTTP/1.1" 200 27648 "https://guide.quickscrum.com/18203030" "Mozilla/5.0 AppleWebKit/537.36 (KHTML, like Gecko; compatible; bingbot/2.0; +http://www.bing.com/bingbot.htm) Chrome/112.0.0.0 Safari/537.36"
40.77.167.7 - - [17/Nov/2024:07:08:56 +0000] "GET /86698310 HTTP/1.1" 200 24143 "-" "Mozilla/5.0 AppleWebKit/537.36 (KHTML, like Gecko; compatible; bingbot/2.0; +http://www.bing.com/bingbot.htm) Chrome/116.0.1938.76 Safari/537.36"
57.141.3.4 - - [17/Nov/2024:07:08:56 +0000] "GET /120538yhrejp/uccrcti.htm HTTP/1.1" 404 140453 "-" "meta-externalagent/1.1 (+https://developers.facebook.com/docs/sharing/webmasters/crawler)"
40.77.167.7 - - [17/Nov/2024:07:08:57 +0000] "GET /348430670 HTTP/1.1" 200 24394 "-" "Mozilla/5.0 AppleWebKit/537.36 (KHTML, like Gecko; compatible; bingbot/2.0; +http://www.bing.com/bingbot.htm) Chrome/116.0.1938.76 Safari/537.36"
52.70.138.176 - - [17/Nov/2024:07:08:57 +0000] "GET /2941yyynetidm65dyd.htm HTTP/1.1" 404 30915 "-" "Mozilla/5.0 (Macintosh; Intel Mac OS X 10_10_1) AppleWebKit/600.2.5 (KHTML, like Gecko) Version/8.0.2 Safari/600.2.5 (Amazonbot/0.1; +https://developer.amazon.com/support/amazonbot)"
40.77.167.7 - - [17/Nov/2024:07:08:58 +0000] "GET /41644190 HTTP/1.1" 200 27021 "-" "Mozilla/5.0 AppleWebKit/537.36 (KHTML, like Gecko; compatible; bingbot/2.0; +http://www.bing.com/bingbot.htm) Chrome/116.0.1938.76 Safari/537.36"
40.77.167.7 - - [17/Nov/2024:07:08:59 +0000] "GET /146943950 HTTP/1.1" 200 26526 "-" "Mozilla/5.0 AppleWebKit/537.36 (KHTML, like Gecko; compatible; bingbot/2.0; +http://www.bing.com/bingbot.htm) Chrome/116.0.1938.76 Safari/537.36"
40.77.167.7 - - [17/Nov/2024:07:09:00 +0000] "GET /273835670 HTTP/1.1" 200 24736 "-" "Mozilla/5.0 AppleWebKit/537.36 (KHTML, like Gecko; compatible; bingbot/2.0; +http://www.bing.com/bingbot.htm) Chrome/116.0.1938.76 Safari/537.36"
52.2.83.227 - - [17/Nov/2024:07:09:01 +0000] "GET /75173dboyetidm40hbh HTTP/1.1" 404 30908 "-" "Mozilla/5.0 (Macintosh; Intel Mac OS X 10_10_1) AppleWebKit/600.2.5 (KHTML, like Gecko) Version/8.0.2 Safari/600.2.5 (Amazonbot/0.1; +https://developer.amazon.com/support/amazonbot)"
40.77.167.7 - - [17/Nov/2024:07:09:01 +0000] "GET /111811070 HTTP/1.1" 200 26352 "-" "Mozilla/5.0 AppleWebKit/537.36 (KHTML, like Gecko; compatible; bingbot/2.0; +http://www.bing.com/bingbot.htm) Chrome/116.0.1938.76 Safari/537.36"
40.77.167.7 - - [17/Nov/2024:07:09:02 +0000] "GET /241032830 HTTP/1.1" 200 26717 "-" "Mozilla/5.0 AppleWebKit/537.36 (KHTML, like Gecko; compatible; bingbot/2.0; +http://www.bing.com/bingbot.htm) Chrome/116.0.1938.76 Safari/537.36"
40.77.167.7 - - [17/Nov/2024:07:09:04 +0000] "GET /49542110 HTTP/1.1" 200 30994 "-" "Mozilla/5.0 AppleWebKit/537.36 (KHTML, like Gecko; compatible; bingbot/2.0; +http://www.bing.com/bingbot.htm) Chrome/116.0.1938.76 Safari/537.36"
52.167.144.215 - - [17/Nov/2024:07:09:05 +0000] "GET /360817430 HTTP/1.1" 200 25423 "-" "Mozilla/5.0 AppleWebKit/537.36 (KHTML, like Gecko; compatible; bingbot/2.0; +http://www.bing.com/bingbot.htm) Chrome/116.0.1938.76 Safari/537.36"
54.84.147.79 - - [17/Nov/2024:07:09:05 +0000] "GET /44549qmpietidm38lml HTTP/1.1" 404 30912 "-" "Mozilla/5.0 (Macintosh; Intel Mac OS X 10_10_1) AppleWebKit/600.2.5 (KHTML, like Gecko) Version/8.0.2 Safari/600.2.5 (Amazonbot/0.1; +https://developer.amazon.com/support/amazonbot)"
40.77.167.7 - - [17/Nov/2024:07:09:05 +0000] "GET /335176190 HTTP/1.1" 200 27511 "-" "Mozilla/5.0 AppleWebKit/537.36 (KHTML, like Gecko; compatible; bingbot/2.0; +http://www.bing.com/bingbot.htm) Chrome/116.0.1938.76 Safari/537.36"
52.167.144.215 - - [17/Nov/2024:07:09:06 +0000] "GET /265610750 HTTP/1.1" 200 25390 "-" "Mozilla/5.0 AppleWebKit/537.36 (KHTML, like Gecko; compatible; bingbot/2.0; +http://www.bing.com/bingbot.htm) Chrome/116.0.1938.76 Safari/537.36"
40.77.167.7 - - [17/Nov/2024:07:09:06 +0000] "GET /220324550 HTTP/1.1" 200 28355 "-" "Mozilla/5.0 AppleWebKit/537.36 (KHTML, like Gecko; compatible; bingbot/2.0; +http://www.bing.com/bingbot.htm) Chrome/116.0.1938.76 Safari/537.36"
52.167.144.215 - - [17/Nov/2024:07:09:07 +0000] "GET /243863030 HTTP/1.1" 200 23972 "-" "Mozilla/5.0 AppleWebKit/537.36 (KHTML, like Gecko; compatible; bingbot/2.0; +http://www.bing.com/bingbot.htm) Chrome/116.0.1938.76 Safari/537.36"
40.77.167.7 - - [17/Nov/2024:07:09:08 +0000] "GET /297967910 HTTP/1.1" 200 25354 "-" "Mozilla/5.0 AppleWebKit/537.36 (KHTML, like Gecko; compatible; bingbot/2.0; +http://www.bing.com/bingbot.htm) Chrome/116.0.1938.76 Safari/537.36"
52.167.144.215 - - [17/Nov/2024:07:09:08 +0000] "GET /317654750 HTTP/1.1" 200 24839 "-" "Mozilla/5.0 AppleWebKit/537.36 (KHTML, like Gecko; compatible; bingbot/2.0; +http://www.bing.com/bingbot.htm) Chrome/116.0.1938.76 Safari/537.36"
98.84.70.201 - - [17/Nov/2024:07:09:09 +0000] "GET /148724yyynitems/etidm51ey HTTP/1.1" 404 30902 "-" "Mozilla/5.0 (Macintosh; Intel Mac OS X 10_10_1) AppleWebKit/600.2.5 (KHTML, like Gecko) Version/8.0.2 Safari/600.2.5 (Amazonbot/0.1; +https://developer.amazon.com/support/amazonbot)"
40.77.167.7 - - [17/Nov/2024:07:09:09 +0000] "GET /316314830 HTTP/1.1" 200 24917 "-" "Mozilla/5.0 AppleWebKit/537.36 (KHTML, like Gecko; compatible; bingbot/2.0; +http://www.bing.com/bingbot.htm) Chrome/116.0.1938.76 Safari/537.36"
203.217.109.53 - - [17/Nov/2024:07:09:09 +0000] "GET / HTTP/1.0" 200 612 "-" "Mozilla/5.0 (Linux; U; Android 4.0.3; ko-kr; LG-L160L Build/IML74K) AppleWebkit/534.30 (KHTML, like Gecko) Version/4.0 Mobile Safari/534.30"
52.167.144.215 - - [17/Nov/2024:07:09:09 +0000] "GET /92103470 HTTP/1.1" 200 29865 "-" "Mozilla/5.0 AppleWebKit/537.36 (KHTML, like Gecko; compatible; bingbot/2.0; +http://www.bing.com/bingbot.htm) Chrome/116.0.1938.76 Safari/537.36"
52.167.144.215 - - [17/Nov/2024:07:09:11 +0000] "GET /260627390 HTTP/1.1" 200 24807 "-" "Mozilla/5.0 AppleWebKit/537.36 (KHTML, like Gecko; compatible; bingbot/2.0; +http://www.bing.com/bingbot.htm) Chrome/116.0.1938.76 Safari/537.36"
52.167.144.215 - - [17/Nov/2024:07:09:12 +0000] "GET /59972510 HTTP/1.1" 200 28212 "-" "Mozilla/5.0 AppleWebKit/537.36 (KHTML, like Gecko; compatible; bingbot/2.0; +http://www.bing.com/bingbot.htm) Chrome/116.0.1938.76 Safari/537.36"
52.167.144.215 - - [17/Nov/2024:07:09:13 +0000] "GET /143311430 HTTP/1.1" 200 25867 "-" "Mozilla/5.0 AppleWebKit/537.36 (KHTML, like Gecko; compatible; bingbot/2.0; +http://www.bing.com/bingbot.htm) Chrome/116.0.1938.76 Safari/537.36"
52.167.144.215 - - [17/Nov/2024:07:09:14 +0000] "GET /wp-content/uploads/2018/09/transparency-and-collaboration-580x280.png HTTP/1.1" 200 223175 "-" "Mozilla/5.0 AppleWebKit/537.36 (KHTML, like Gecko; compatible; bingbot/2.0; +http://www.bing.com/bingbot.htm) Chrome/116.0.1938.76 Safari/537.36"
54.90.8.255 - - [17/Nov/2024:07:09:14 +0000] "GET /279856ygvoitems/etidm.htm HTTP/1.1" 404 30904 "-" "Mozilla/5.0 (Macintosh; Intel Mac OS X 10_10_1) AppleWebKit/600.2.5 (KHTML, like Gecko) Version/8.0.2 Safari/600.2.5 (Amazonbot/0.1; +https://developer.amazon.com/support/amazonbot)"
52.167.144.215 - - [17/Nov/2024:07:09:16 +0000] "GET /172849190 HTTP/1.1" 200 24249 "-" "Mozilla/5.0 AppleWebKit/537.36 (KHTML, like Gecko; compatible; bingbot/2.0; +http://www.bing.com/bingbot.htm) Chrome/116.0.1938.76 Safari/537.36"
52.167.144.215 - - [17/Nov/2024:07:09:17 +0000] "GET /262796750 HTTP/1.1" 200 24746 "-" "Mozilla/5.0 AppleWebKit/537.36 (KHTML, like Gecko; compatible; bingbot/2.0; +http://www.bing.com/bingbot.htm) Chrome/116.0.1938.76 Safari/537.36"
52.73.6.26 - - [17/Nov/2024:07:09:17 +0000] "GET /112135yhreucxe.htm HTTP/1.1" 404 30898 "-" "Mozilla/5.0 (Macintosh; Intel Mac OS X 10_10_1) AppleWebKit/600.2.5 (KHTML, like Gecko) Version/8.0.2 Safari/600.2.5 (Amazonbot/0.1; +https://developer.amazon.com/support/amazonbot)"
52.167.144.215 - - [17/Nov/2024:07:09:18 +0000] "GET /278159030 HTTP/1.1" 200 23415 "-" "Mozilla/5.0 AppleWebKit/537.36 (KHTML, like Gecko; compatible; bingbot/2.0; +http://www.bing.com/bingbot.htm) Chrome/116.0.1938.76 Safari/537.36"
52.167.144.215 - - [17/Nov/2024:07:09:19 +0000] "GET /11972510 HTTP/1.1" 200 25544 "-" "Mozilla/5.0 AppleWebKit/537.36 (KHTML, like Gecko; compatible; bingbot/2.0; +http://www.bing.com/bingbot.htm) Chrome/116.0.1938.76 Safari/537.36"
52.167.144.215 - - [17/Nov/2024:07:09:21 +0000] "GET /231288710 HTTP/1.1" 200 27533 "-" "Mozilla/5.0 AppleWebKit/537.36 (KHTML, like Gecko; compatible; bingbot/2.0; +http://www.bing.com/bingbot.htm) Chrome/116.0.1938.76 Safari/537.36"
52.0.218.219 - - [17/Nov/2024:07:09:21 +0000] "GET /185138dboyitems/etidm75 HTTP/1.1" 404 30900 "-" "Mozilla/5.0 (Macintosh; Intel Mac OS X 10_10_1) AppleWebKit/600.2.5 (KHTML, like Gecko) Version/8.0.2 Safari/600.2.5 (Amazonbot/0.1; +https://developer.amazon.com/support/amazonbot)"
57.141.3.4 - - [17/Nov/2024:07:09:21 +0000] "GET /277812zmddetidm2.htm HTTP/1.1" 404 140461 "-" "meta-externalagent/1.1 (+https://developers.facebook.com/docs/sharing/webmasters/crawler)"
52.167.144.215 - - [17/Nov/2024:07:09:22 +0000] "GET /229886870 HTTP/1.1" 200 25309 "-" "Mozilla/5.0 AppleWebKit/537.36 (KHTML, like Gecko; compatible; bingbot/2.0; +http://www.bing.com/bingbot.htm) Chrome/116.0.1938.76 Safari/537.36"
66.249.74.35 - - [17/Nov/2024:07:09:23 +0000] "GET /top-11-best-jewish-internet-dating-sites-in-2022-romancescams-org/ HTTP/1.1" 200 24899 "-" "Mozilla/5.0 (Linux; Android 6.0.1; Nexus 5X Build/MMB29P) AppleWebKit/537.36 (KHTML, like Gecko) Chrome/131.0.6778.69 Mobile Safari/537.36 (compatible; Googlebot/2.1; +http://www.google.com/bot.html)"
52.167.144.215 - - [17/Nov/2024:07:09:23 +0000] "GET /78838070 HTTP/1.1" 200 24572 "-" "Mozilla/5.0 AppleWebKit/537.36 (KHTML, like Gecko; compatible; bingbot/2.0; +http://www.bing.com/bingbot.htm) Chrome/116.0.1938.76 Safari/537.36"
52.167.144.215 - - [17/Nov/2024:07:09:25 +0000] "GET /102241910 HTTP/1.1" 200 25102 "-" "Mozilla/5.0 AppleWebKit/537.36 (KHTML, like Gecko; compatible; bingbot/2.0; +http://www.bing.com/bingbot.htm) Chrome/116.0.1938.76 Safari/537.36"
34.238.45.183 - - [17/Nov/2024:07:09:25 +0000] "GET /103646wgwwitems/eti HTTP/1.1" 404 30906 "-" "Mozilla/5.0 (Macintosh; Intel Mac OS X 10_10_1) AppleWebKit/600.2.5 (KHTML, like Gecko) Version/8.0.2 Safari/600.2.5 (Amazonbot/0.1; +https://developer.amazon.com/support/amazonbot)"
52.167.144.215 - - [17/Nov/2024:07:09:26 +0000] "GET /222321350 HTTP/1.1" 200 24427 "-" "Mozilla/5.0 AppleWebKit/537.36 (KHTML, like Gecko; compatible; bingbot/2.0; +http://www.bing.com/bingbot.htm) Chrome/116.0.1938.76 Safari/537.36"
52.167.144.215 - - [17/Nov/2024:07:09:27 +0000] "GET /253167350 HTTP/1.1" 200 23643 "-" "Mozilla/5.0 AppleWebKit/537.36 (KHTML, like Gecko; compatible; bingbot/2.0; +http://www.bing.com/bingbot.htm) Chrome/116.0.1938.76 Safari/537.36"
52.167.144.215 - - [17/Nov/2024:07:09:28 +0000] "GET /154918430 HTTP/1.1" 200 24056 "-" "Mozilla/5.0 AppleWebKit/537.36 (KHTML, like Gecko; compatible; bingbot/2.0; +http://www.bing.com/bingbot.htm) Chrome/116.0.1938.76 Safari/537.36"
3.211.181.86 - - [17/Nov/2024:07:09:29 +0000] "GET /56751qmpiitems/etid.html HTTP/1.1" 404 30902 "-" "Mozilla/5.0 (Macintosh; Intel Mac OS X 10_10_1) AppleWebKit/600.2.5 (KHTML, like Gecko) Version/8.0.2 Safari/600.2.5 (Amazonbot/0.1; +https://developer.amazon.com/support/amazonbot)"
52.167.144.215 - - [17/Nov/2024:07:09:30 +0000] "GET /102686870 HTTP/1.1" 200 31929 "-" "Mozilla/5.0 AppleWebKit/537.36 (KHTML, like Gecko; compatible; bingbot/2.0; +http://www.bing.com/bingbot.htm) Chrome/116.0.1938.76 Safari/537.36"
52.167.144.215 - - [17/Nov/2024:07:09:31 +0000] "GET /39010070 HTTP/1.1" 200 38190 "-" "Mozilla/5.0 AppleWebKit/537.36 (KHTML, like Gecko; compatible; bingbot/2.0; +http://www.bing.com/bingbot.htm) Chrome/116.0.1938.76 Safari/537.36"
85.208.96.193 - - [17/Nov/2024:07:09:32 +0000] "GET /223993tbjqetidm7.htm HTTP/1.1" 500 5 "-" "Mozilla/5.0 (compatible; SemrushBot/7~bl; +http://www.semrush.com/bot.html)"
52.167.144.215 - - [17/Nov/2024:07:09:32 +0000] "GET /228196670 HTTP/1.1" 200 24766 "-" "Mozilla/5.0 AppleWebKit/537.36 (KHTML, like Gecko; compatible; bingbot/2.0; +http://www.bing.com/bingbot.htm) Chrome/116.0.1938.76 Safari/537.36"
52.1.106.130 - - [17/Nov/2024:07:09:33 +0000] "GET /32367dboyitems/etid.html HTTP/1.1" 404 30903 "-" "Mozilla/5.0 (Macintosh; Intel Mac OS X 10_10_1) AppleWebKit/600.2.5 (KHTML, like Gecko) Version/8.0.2 Safari/600.2.5 (Amazonbot/0.1; +https://developer.amazon.com/support/amazonbot)"
52.167.144.215 - - [17/Nov/2024:07:09:34 +0000] "GET /64988750 HTTP/1.1" 200 29644 "-" "Mozilla/5.0 AppleWebKit/537.36 (KHTML, like Gecko; compatible; bingbot/2.0; +http://www.bing.com/bingbot.htm) Chrome/116.0.1938.76 Safari/537.36"
52.167.144.215 - - [17/Nov/2024:07:09:34 +0000] "GET /147458150 HTTP/1.1" 200 27971 "-" "Mozilla/5.0 AppleWebKit/537.36 (KHTML, like Gecko; compatible; bingbot/2.0; +http://www.bing.com/bingbot.htm) Chrome/116.0.1938.76 Safari/537.36"
52.167.144.215 - - [17/Nov/2024:07:09:36 +0000] "GET /153597950 HTTP/1.1" 200 26696 "-" "Mozilla/5.0 AppleWebKit/537.36 (KHTML, like Gecko; compatible; bingbot/2.0; +http://www.bing.com/bingbot.htm) Chrome/116.0.1938.76 Safari/537.36"
52.167.144.215 - - [17/Nov/2024:07:09:36 +0000] "GET /7977950 HTTP/1.1" 200 28298 "-" "Mozilla/5.0 AppleWebKit/537.36 (KHTML, like Gecko; compatible; bingbot/2.0; +http://www.bing.com/bingbot.htm) Chrome/116.0.1938.76 Safari/537.36"
34.195.60.66 - - [17/Nov/2024:07:09:37 +0000] "GET /106498gvsfitems/etidm39.htm HTTP/1.1" 404 30904 "-" "Mozilla/5.0 (Macintosh; Intel Mac OS X 10_10_1) AppleWebKit/600.2.5 (KHTML, like Gecko) Version/8.0.2 Safari/600.2.5 (Amazonbot/0.1; +https://developer.amazon.com/support/amazonbot)"
52.167.144.215 - - [17/Nov/2024:07:09:37 +0000] "GET /122130710 HTTP/1.1" 200 39048 "-" "Mozilla/5.0 AppleWebKit/537.36 (KHTML, like Gecko; compatible; bingbot/2.0; +http://www.bing.com/bingbot.htm) Chrome/116.0.1938.76 Safari/537.36"
52.167.144.215 - - [17/Nov/2024:07:09:37 +0000] "GET /246248990 HTTP/1.1" 200 28580 "-" "Mozilla/5.0 AppleWebKit/537.36 (KHTML, like Gecko; compatible; bingbot/2.0; +http://www.bing.com/bingbot.htm) Chrome/116.0.1938.76 Safari/537.36"
52.167.144.215 - - [17/Nov/2024:07:09:38 +0000] "GET /16979030 HTTP/1.1" 200 30785 "-" "Mozilla/5.0 AppleWebKit/537.36 (KHTML, like Gecko; compatible; bingbot/2.0; +http://www.bing.com/bingbot.htm) Chrome/116.0.1938.76 Safari/537.36"
52.167.144.215 - - [17/Nov/2024:07:09:38 +0000] "GET /195414710 HTTP/1.1" 200 25395 "-" "Mozilla/5.0 AppleWebKit/537.36 (KHTML, like Gecko; compatible; bingbot/2.0; +http://www.bing.com/bingbot.htm) Chrome/116.0.1938.76 Safari/537.36"
54.36.148.239 - - [17/Nov/2024:07:09:39 +0000] "GET /huren-itzehoe-finde-verfuhrung/ HTTP/1.1" 500 5 "-" "Mozilla/5.0 (compatible; AhrefsBot/7.0; +http://ahrefs.com/robot/)"
52.167.144.215 - - [17/Nov/2024:07:09:39 +0000] "GET /164126750 HTTP/1.1" 200 27367 "-" "Mozilla/5.0 AppleWebKit/537.36 (KHTML, like Gecko; compatible; bingbot/2.0; +http://www.bing.com/bingbot.htm) Chrome/116.0.1938.76 Safari/537.36"
52.167.144.215 - - [17/Nov/2024:07:09:40 +0000] "GET /311603030 HTTP/1.1" 200 24525 "-" "Mozilla/5.0 AppleWebKit/537.36 (KHTML, like Gecko; compatible; bingbot/2.0; +http://www.bing.com/bingbot.htm) Chrome/116.0.1938.76 Safari/537.36"
52.1.106.130 - - [17/Nov/2024:07:09:41 +0000] "GET /69238yhrejp/uca.htm HTTP/1.1" 404 30902 "-" "Mozilla/5.0 (Macintosh; Intel Mac OS X 10_10_1) AppleWebKit/600.2.5 (KHTML, like Gecko) Version/8.0.2 Safari/600.2.5 (Amazonbot/0.1; +https://developer.amazon.com/support/amazonbot)"
52.167.144.215 - - [17/Nov/2024:07:09:41 +0000] "GET /270439670 HTTP/1.1" 200 24289 "-" "Mozilla/5.0 AppleWebKit/537.36 (KHTML, like Gecko; compatible; bingbot/2.0; +http://www.bing.com/bingbot.htm) Chrome/116.0.1938.76 Safari/537.36"
20.15.133.175 - - [17/Nov/2024:07:09:41 +0000] "GET /138058310 HTTP/1.1" 200 28805 "-" "Mozilla/5.0 AppleWebKit/537.36 (KHTML, like Gecko; compatible; bingbot/2.0; +http://www.bing.com/bingbot.htm) Chrome/116.0.1938.76 Safari/537.36"
52.167.144.215 - - [17/Nov/2024:07:09:41 +0000] "GET /195789230 HTTP/1.1" 200 24197 "-" "Mozilla/5.0 AppleWebKit/537.36 (KHTML, like Gecko; compatible; bingbot/2.0; +http://www.bing.com/bingbot.htm) Chrome/116.0.1938.76 Safari/537.36"
20.15.133.175 - - [17/Nov/2024:07:09:42 +0000] "GET /139117910 HTTP/1.1" 200 25310 "-" "Mozilla/5.0 AppleWebKit/537.36 (KHTML, like Gecko; compatible; bingbot/2.0; +http://www.bing.com/bingbot.htm) Chrome/116.0.1938.76 Safari/537.36"
52.167.144.215 - - [17/Nov/2024:07:09:42 +0000] "GET /178903790 HTTP/1.1" 200 28235 "-" "Mozilla/5.0 AppleWebKit/537.36 (KHTML, like Gecko; compatible; bingbot/2.0; +http://www.bing.com/bingbot.htm) Chrome/116.0.1938.76 Safari/537.36"
52.167.144.215 - - [17/Nov/2024:07:09:43 +0000] "GET /69108950 HTTP/1.1" 200 29254 "-" "Mozilla/5.0 AppleWebKit/537.36 (KHTML, like Gecko; compatible; bingbot/2.0; +http://www.bing.com/bingbot.htm) Chrome/116.0.1938.76 Safari/537.36"
52.167.144.215 - - [17/Nov/2024:07:09:44 +0000] "GET /159929750 HTTP/1.1" 200 25189 "-" "Mozilla/5.0 AppleWebKit/537.36 (KHTML, like Gecko; compatible; bingbot/2.0; +http://www.bing.com/bingbot.htm) Chrome/116.0.1938.76 Safari/537.36"
100.28.57.133 - - [17/Nov/2024:07:09:44 +0000] "GET /55186gvsfitems/etidm24.htm HTTP/1.1" 404 30903 "-" "Mozilla/5.0 (Macintosh; Intel Mac OS X 10_10_1) AppleWebKit/600.2.5 (KHTML, like Gecko) Version/8.0.2 Safari/600.2.5 (Amazonbot/0.1; +https://developer.amazon.com/support/amazonbot)"
