52.167.144.203 - - [17/Nov/2024:09:16:16 +0000] "GET /213653150 HTTP/1.1" 200 24938 "-" "Mozilla/5.0 AppleWebKit/537.36 (KHTML, like Gecko; compatible; bingbot/2.0; +http://www.bing.com/bingbot.htm) Chrome/116.0.1938.76 Safari/537.36"
52.22.87.224 - - [17/Nov/2024:09:16:17 +0000] "GET /119341qmpietidm15bmb.htm HTTP/1.1" 404 30902 "-" "Mozilla/5.0 (Macintosh; Intel Mac OS X 10_10_1) AppleWebKit/600.2.5 (KHTML, like Gecko) Version/8.0.2 Safari/600.2.5 (Amazonbot/0.1; +https://developer.amazon.com/support/amazonbot)"
45.227.254.34 - - [17/Nov/2024:09:16:17 +0000] "POST /Old-Guide/wp-content/plugins/mega-addons-for-visual-composer/includes/recipe_topics.php HTTP/1.1" 200 46 "-" "Mozilla/5.0 (Macintosh; Intel Mac OS X 10_15_7) AppleWebKit/537.36 (KHTML, like Gecko) Chrome/120.0.0.0 Safari/537.36"
40.77.167.241 - - [17/Nov/2024:09:16:17 +0000] "GET /94777910 HTTP/1.1" 200 31981 "-" "Mozilla/5.0 AppleWebKit/537.36 (KHTML, like Gecko; compatible; bingbot/2.0; +http://www.bing.com/bingbot.htm) Chrome/116.0.1938.76 Safari/537.36"
45.227.254.34 - - [17/Nov/2024:09:16:18 +0000] "POST /old_wordpress/wp-includes/class-wp-term.php HTTP/1.1" 200 46 "-" "Mozilla/5.0 (Macintosh; Intel Mac OS X 10_15_7) AppleWebKit/537.36 (KHTML, like Gecko) Chrome/120.0.0.0 Safari/537.36"
45.227.254.34 - - [17/Nov/2024:09:16:18 +0000] "POST /old_wordpress/wp-includes/sodium_compat/src/Core/ChaCha20/Ctx.php HTTP/1.1" 200 46 "-" "Mozilla/5.0 (Macintosh; Intel Mac OS X 10_15_7) AppleWebKit/537.36 (KHTML, like Gecko) Chrome/120.0.0.0 Safari/537.36"
40.77.167.241 - - [17/Nov/2024:09:16:19 +0000] "GET /97592030 HTTP/1.1" 200 26746 "-" "Mozilla/5.0 AppleWebKit/537.36 (KHTML, like Gecko; compatible; bingbot/2.0; +http://www.bing.com/bingbot.htm) Chrome/116.0.1938.76 Safari/537.36"
45.227.254.34 - - [17/Nov/2024:09:16:20 +0000] "POST /wp-content/themes/Quickscrum/engine/admin/lib/kirki/assets/js/vendor/codemirror/mode/ttcn-cfg/cookieprova.php HTTP/1.1" 200 46 "-" "Mozilla/5.0 (Macintosh; Intel Mac OS X 10_15_7) AppleWebKit/537.36 (KHTML, like Gecko) Chrome/120.0.0.0 Safari/537.36"
40.77.167.241 - - [17/Nov/2024:09:16:20 +0000] "GET /4559510 HTTP/1.1" 200 28949 "-" "Mozilla/5.0 AppleWebKit/537.36 (KHTML, like Gecko; compatible; bingbot/2.0; +http://www.bing.com/bingbot.htm) Chrome/116.0.1938.76 Safari/537.36"
45.227.254.34 - - [17/Nov/2024:09:16:21 +0000] "POST /Old-Guide/wp-content/plugins/bbpress/includes/extend/buddypress/control.tpl.php HTTP/1.1" 200 46 "-" "Mozilla/5.0 (Macintosh; Intel Mac OS X 10_15_7) AppleWebKit/537.36 (KHTML, like Gecko) Chrome/120.0.0.0 Safari/537.36"
184.73.68.20 - - [17/Nov/2024:09:16:21 +0000] "GET /300808tbjqitems/etidm.htm HTTP/1.1" 404 30904 "-" "Mozilla/5.0 (Macintosh; Intel Mac OS X 10_10_1) AppleWebKit/600.2.5 (KHTML, like Gecko) Version/8.0.2 Safari/600.2.5 (Amazonbot/0.1; +https://developer.amazon.com/support/amazonbot)"
40.77.167.241 - - [17/Nov/2024:09:16:21 +0000] "GET /122146430 HTTP/1.1" 200 24435 "-" "Mozilla/5.0 AppleWebKit/537.36 (KHTML, like Gecko; compatible; bingbot/2.0; +http://www.bing.com/bingbot.htm) Chrome/116.0.1938.76 Safari/537.36"
45.227.254.34 - - [17/Nov/2024:09:16:22 +0000] "POST /wp-content/plugins/types/application/controllers/ajax/handler/RepeatableFieldGroup/navcomp.php HTTP/1.1" 200 46 "-" "Mozilla/5.0 (Macintosh; Intel Mac OS X 10_15_7) AppleWebKit/537.36 (KHTML, like Gecko) Chrome/120.0.0.0 Safari/537.36"
40.77.167.241 - - [17/Nov/2024:09:16:22 +0000] "GET /153227510 HTTP/1.1" 200 40007 "-" "Mozilla/5.0 AppleWebKit/537.36 (KHTML, like Gecko; compatible; bingbot/2.0; +http://www.bing.com/bingbot.htm) Chrome/116.0.1938.76 Safari/537.36"
45.227.254.34 - - [17/Nov/2024:09:16:23 +0000] "POST /wp-content/plugins/types/vendor/toolset/toolset-common/visual-editor/editor.addon.generic.class.php HTTP/1.1" 200 46 "-" "Mozilla/5.0 (Macintosh; Intel Mac OS X 10_15_7) AppleWebKit/537.36 (KHTML, like Gecko) Chrome/120.0.0.0 Safari/537.36"
40.77.167.241 - - [17/Nov/2024:09:16:24 +0000] "GET /134302670 HTTP/1.1" 200 27886 "-" "Mozilla/5.0 AppleWebKit/537.36 (KHTML, like Gecko; compatible; bingbot/2.0; +http://www.bing.com/bingbot.htm) Chrome/116.0.1938.76 Safari/537.36"
45.227.254.34 - - [17/Nov/2024:09:16:24 +0000] "POST /Old-Guide/wp-content/plugins/types/vendor/twig/twig/lib/Twig/Node/Flush.php HTTP/1.1" 200 46 "-" "Mozilla/5.0 (Macintosh; Intel Mac OS X 10_15_7) AppleWebKit/537.36 (KHTML, like Gecko) Chrome/120.0.0.0 Safari/537.36"
3.224.205.25 - - [17/Nov/2024:09:16:25 +0000] "GET /24216yyynetidm.html HTTP/1.1" 404 30911 "-" "Mozilla/5.0 (Macintosh; Intel Mac OS X 10_10_1) AppleWebKit/600.2.5 (KHTML, like Gecko) Version/8.0.2 Safari/600.2.5 (Amazonbot/0.1; +https://developer.amazon.com/support/amazonbot)"
45.227.254.34 - - [17/Nov/2024:09:16:25 +0000] "POST /wp-content/plugins/wp-mail-smtp/vendor_prefixed/google/apiclient/src/Task/chmod023.php HTTP/1.1" 200 46 "-" "Mozilla/5.0 (Macintosh; Intel Mac OS X 10_15_7) AppleWebKit/537.36 (KHTML, like Gecko) Chrome/120.0.0.0 Safari/537.36"
40.77.167.241 - - [17/Nov/2024:09:16:25 +0000] "GET /68348150 HTTP/1.1" 200 27570 "-" "Mozilla/5.0 AppleWebKit/537.36 (KHTML, like Gecko; compatible; bingbot/2.0; +http://www.bing.com/bingbot.htm) Chrome/116.0.1938.76 Safari/537.36"
45.227.254.34 - - [17/Nov/2024:09:16:26 +0000] "POST /old_wordpress/wp-includes/sodium_compat/src/Core32/Curve25519/class.priority.php HTTP/1.1" 200 46 "-" "Mozilla/5.0 (Macintosh; Intel Mac OS X 10_15_7) AppleWebKit/537.36 (KHTML, like Gecko) Chrome/120.0.0.0 Safari/537.36"
40.77.167.241 - - [17/Nov/2024:09:16:26 +0000] "GET /53618750 HTTP/1.1" 200 26347 "-" "Mozilla/5.0 AppleWebKit/537.36 (KHTML, like Gecko; compatible; bingbot/2.0; +http://www.bing.com/bingbot.htm) Chrome/116.0.1938.76 Safari/537.36"
45.227.254.34 - - [17/Nov/2024:09:16:27 +0000] "POST /wp-content/plugins/js_composer/include/classes/updaters/class.vc.updater.php HTTP/1.1" 200 46 "-" "Mozilla/5.0 (Macintosh; Intel Mac OS X 10_15_7) AppleWebKit/537.36 (KHTML, like Gecko) Chrome/120.0.0.0 Safari/537.36"
127.0.0.1 - - [17/Nov/2024:09:16:27 +0000] "POST /wp-cron.php?doing_wp_cron=1731834987.5582740306854248046875 HTTP/1.1" 500 5 "-" "WordPress/6.6.2; https://guide.quickscrum.com"
40.77.167.241 - - [17/Nov/2024:09:16:28 +0000] "GET /332769110 HTTP/1.1" 200 25109 "-" "Mozilla/5.0 AppleWebKit/537.36 (KHTML, like Gecko; compatible; bingbot/2.0; +http://www.bing.com/bingbot.htm) Chrome/116.0.1938.76 Safari/537.36"
45.227.254.34 - - [17/Nov/2024:09:16:28 +0000] "POST /Old-Guide/wp-content/themes/flatbase/engine/admin/lib/kirki/assets/js/vendor/codemirror/mode/gas/Scripting.php HTTP/1.1" 200 46 "-" "Mozilla/5.0 (Macintosh; Intel Mac OS X 10_15_7) AppleWebKit/537.36 (KHTML, like Gecko) Chrome/120.0.0.0 Safari/537.36"
40.77.167.241 - - [17/Nov/2024:09:16:29 +0000] "GET /249131630 HTTP/1.1" 200 23626 "-" "Mozilla/5.0 AppleWebKit/537.36 (KHTML, like Gecko; compatible; bingbot/2.0; +http://www.bing.com/bingbot.htm) Chrome/116.0.1938.76 Safari/537.36"
52.205.141.124 - - [17/Nov/2024:09:16:29 +0000] "GET /254937gvsfitems/etidm8.html HTTP/1.1" 404 30906 "-" "Mozilla/5.0 (Macintosh; Intel Mac OS X 10_10_1) AppleWebKit/600.2.5 (KHTML, like Gecko) Version/8.0.2 Safari/600.2.5 (Amazonbot/0.1; +https://developer.amazon.com/support/amazonbot)"
40.77.167.241 - - [17/Nov/2024:09:16:30 +0000] "GET /237882830 HTTP/1.1" 200 27354 "-" "Mozilla/5.0 AppleWebKit/537.36 (KHTML, like Gecko; compatible; bingbot/2.0; +http://www.bing.com/bingbot.htm) Chrome/116.0.1938.76 Safari/537.36"
40.77.167.241 - - [17/Nov/2024:09:16:32 +0000] "GET /28300430 HTTP/1.1" 200 27465 "-" "Mozilla/5.0 AppleWebKit/537.36 (KHTML, like Gecko; compatible; bingbot/2.0; +http://www.bing.com/bingbot.htm) Chrome/116.0.1938.76 Safari/537.36"
23.21.179.27 - - [17/Nov/2024:09:16:32 +0000] "GET /213333gbzsitems/etidm15dbd.html HTTP/1.1" 404 30901 "-" "Mozilla/5.0 (Macintosh; Intel Mac OS X 10_10_1) AppleWebKit/600.2.5 (KHTML, like Gecko) Version/8.0.2 Safari/600.2.5 (Amazonbot/0.1; +https://developer.amazon.com/support/amazonbot)"
40.77.167.241 - - [17/Nov/2024:09:16:33 +0000] "GET /203266790 HTTP/1.1" 200 27440 "-" "Mozilla/5.0 AppleWebKit/537.36 (KHTML, like Gecko; compatible; bingbot/2.0; +http://www.bing.com/bingbot.htm) Chrome/116.0.1938.76 Safari/537.36"
40.77.167.241 - - [17/Nov/2024:09:16:34 +0000] "GET /305738030 HTTP/1.1" 200 27788 "-" "Mozilla/5.0 AppleWebKit/537.36 (KHTML, like Gecko; compatible; bingbot/2.0; +http://www.bing.com/bingbot.htm) Chrome/116.0.1938.76 Safari/537.36"
52.167.144.203 - - [17/Nov/2024:09:16:35 +0000] "GET /17909870 HTTP/1.1" 200 26160 "-" "Mozilla/5.0 AppleWebKit/537.36 (KHTML, like Gecko; compatible; bingbot/2.0; +http://www.bing.com/bingbot.htm) Chrome/116.0.1938.76 Safari/537.36"
40.77.167.241 - - [17/Nov/2024:09:16:35 +0000] "GET /107302190 HTTP/1.1" 200 26226 "-" "Mozilla/5.0 AppleWebKit/537.36 (KHTML, like Gecko; compatible; bingbot/2.0; +http://www.bing.com/bingbot.htm) Chrome/116.0.1938.76 Safari/537.36"
40.77.167.241 - - [17/Nov/2024:09:16:36 +0000] "GET /334986110 HTTP/1.1" 200 24009 "-" "Mozilla/5.0 AppleWebKit/537.36 (KHTML, like Gecko; compatible; bingbot/2.0; +http://www.bing.com/bingbot.htm) Chrome/116.0.1938.76 Safari/537.36"
52.167.144.203 - - [17/Nov/2024:09:16:37 +0000] "GET /65854190 HTTP/1.1" 200 26053 "-" "Mozilla/5.0 AppleWebKit/537.36 (KHTML, like Gecko; compatible; bingbot/2.0; +http://www.bing.com/bingbot.htm) Chrome/116.0.1938.76 Safari/537.36"
98.82.63.147 - - [17/Nov/2024:09:16:37 +0000] "GET /289538qmpiitems/etidm92 HTTP/1.1" 404 30903 "-" "Mozilla/5.0 (Macintosh; Intel Mac OS X 10_10_1) AppleWebKit/600.2.5 (KHTML, like Gecko) Version/8.0.2 Safari/600.2.5 (Amazonbot/0.1; +https://developer.amazon.com/support/amazonbot)"
52.167.144.203 - - [17/Nov/2024:09:16:39 +0000] "GET /363749030 HTTP/1.1" 200 24200 "-" "Mozilla/5.0 AppleWebKit/537.36 (KHTML, like Gecko; compatible; bingbot/2.0; +http://www.bing.com/bingbot.htm) Chrome/116.0.1938.76 Safari/537.36"
52.167.144.203 - - [17/Nov/2024:09:16:41 +0000] "GET /80577350 HTTP/1.1" 200 24712 "-" "Mozilla/5.0 AppleWebKit/537.36 (KHTML, like Gecko; compatible; bingbot/2.0; +http://www.bing.com/bingbot.htm) Chrome/116.0.1938.76 Safari/537.36"
54.90.244.132 - - [17/Nov/2024:09:16:41 +0000] "GET /162957dboyitems/etidm35pbp.html HTTP/1.1" 404 30905 "-" "Mozilla/5.0 (Macintosh; Intel Mac OS X 10_10_1) AppleWebKit/600.2.5 (KHTML, like Gecko) Version/8.0.2 Safari/600.2.5 (Amazonbot/0.1; +https://developer.amazon.com/support/amazonbot)"
52.167.144.203 - - [17/Nov/2024:09:16:42 +0000] "GET /78802430 HTTP/1.1" 200 26529 "-" "Mozilla/5.0 AppleWebKit/537.36 (KHTML, like Gecko; compatible; bingbot/2.0; +http://www.bing.com/bingbot.htm) Chrome/116.0.1938.76 Safari/537.36"
52.167.144.203 - - [17/Nov/2024:09:16:44 +0000] "GET /208446950 HTTP/1.1" 200 25307 "-" "Mozilla/5.0 AppleWebKit/537.36 (KHTML, like Gecko; compatible; bingbot/2.0; +http://www.bing.com/bingbot.htm) Chrome/116.0.1938.76 Safari/537.36"
57.141.3.29 - - [17/Nov/2024:09:16:45 +0000] "GET /47948yyynitems/etidm24ey HTTP/1.1" 404 140464 "-" "meta-externalagent/1.1 (+https://developers.facebook.com/docs/sharing/webmasters/crawler)"
52.167.144.203 - - [17/Nov/2024:09:16:45 +0000] "GET /40548590 HTTP/1.1" 200 29703 "-" "Mozilla/5.0 AppleWebKit/537.36 (KHTML, like Gecko; compatible; bingbot/2.0; +http://www.bing.com/bingbot.htm) Chrome/116.0.1938.76 Safari/537.36"
3.232.102.111 - - [17/Nov/2024:09:16:45 +0000] "GET /273721gvsfetidm2.htm HTTP/1.1" 404 30911 "-" "Mozilla/5.0 (Macintosh; Intel Mac OS X 10_10_1) AppleWebKit/600.2.5 (KHTML, like Gecko) Version/8.0.2 Safari/600.2.5 (Amazonbot/0.1; +https://developer.amazon.com/support/amazonbot)"
52.167.144.203 - - [17/Nov/2024:09:16:46 +0000] "GET /199336550 HTTP/1.1" 200 26107 "-" "Mozilla/5.0 AppleWebKit/537.36 (KHTML, like Gecko; compatible; bingbot/2.0; +http://www.bing.com/bingbot.htm) Chrome/116.0.1938.76 Safari/537.36"
52.167.144.203 - - [17/Nov/2024:09:16:48 +0000] "GET /115484270 HTTP/1.1" 200 24039 "-" "Mozilla/5.0 AppleWebKit/537.36 (KHTML, like Gecko; compatible; bingbot/2.0; +http://www.bing.com/bingbot.htm) Chrome/116.0.1938.76 Safari/537.36"
54.84.250.51 - - [17/Nov/2024:09:16:49 +0000] "GET /202019gvsfetidm87z HTTP/1.1" 404 30908 "-" "Mozilla/5.0 (Macintosh; Intel Mac OS X 10_10_1) AppleWebKit/600.2.5 (KHTML, like Gecko) Version/8.0.2 Safari/600.2.5 (Amazonbot/0.1; +https://developer.amazon.com/support/amazonbot)"
52.167.144.203 - - [17/Nov/2024:09:16:49 +0000] "GET /9005510 HTTP/1.1" 200 29432 "-" "Mozilla/5.0 AppleWebKit/537.36 (KHTML, like Gecko; compatible; bingbot/2.0; +http://www.bing.com/bingbot.htm) Chrome/116.0.1938.76 Safari/537.36"
52.167.144.203 - - [17/Nov/2024:09:16:50 +0000] "GET /325017110 HTTP/1.1" 200 34064 "-" "Mozilla/5.0 AppleWebKit/537.36 (KHTML, like Gecko; compatible; bingbot/2.0; +http://www.bing.com/bingbot.htm) Chrome/116.0.1938.76 Safari/537.36"
52.167.144.203 - - [17/Nov/2024:09:16:52 +0000] "GET /73807670 HTTP/1.1" 200 32649 "-" "Mozilla/5.0 AppleWebKit/537.36 (KHTML, like Gecko; compatible; bingbot/2.0; +http://www.bing.com/bingbot.htm) Chrome/116.0.1938.76 Safari/537.36"
44.205.120.22 - - [17/Nov/2024:09:16:53 +0000] "GET /84108gvsfetidm99yg.html HTTP/1.1" 404 30920 "-" "Mozilla/5.0 (Macintosh; Intel Mac OS X 10_10_1) AppleWebKit/600.2.5 (KHTML, like Gecko) Version/8.0.2 Safari/600.2.5 (Amazonbot/0.1; +https://developer.amazon.com/support/amazonbot)"
40.77.188.10 - - [17/Nov/2024:09:16:53 +0000] "GET /353976230 HTTP/1.1" 200 23997 "https://guide.quickscrum.com/353976230" "Mozilla/5.0 AppleWebKit/537.36 (KHTML, like Gecko; compatible; bingbot/2.0; +http://www.bing.com/bingbot.htm) Chrome/112.0.0.0 Safari/537.36"
52.167.144.203 - - [17/Nov/2024:09:16:53 +0000] "GET /237620990 HTTP/1.1" 200 25774 "-" "Mozilla/5.0 AppleWebKit/537.36 (KHTML, like Gecko; compatible; bingbot/2.0; +http://www.bing.com/bingbot.htm) Chrome/116.0.1938.76 Safari/537.36"
52.167.144.203 - - [17/Nov/2024:09:16:55 +0000] "GET /202823030 HTTP/1.1" 200 24246 "-" "Mozilla/5.0 AppleWebKit/537.36 (KHTML, like Gecko; compatible; bingbot/2.0; +http://www.bing.com/bingbot.htm) Chrome/116.0.1938.76 Safari/537.36"
20.15.133.175 - - [17/Nov/2024:09:16:55 +0000] "GET /244956350 HTTP/1.1" 200 24277 "-" "Mozilla/5.0 AppleWebKit/537.36 (KHTML, like Gecko; compatible; bingbot/2.0; +http://www.bing.com/bingbot.htm) Chrome/116.0.1938.76 Safari/537.36"
52.167.144.203 - - [17/Nov/2024:09:16:56 +0000] "GET /37350350 HTTP/1.1" 200 32378 "-" "Mozilla/5.0 AppleWebKit/537.36 (KHTML, like Gecko; compatible; bingbot/2.0; +http://www.bing.com/bingbot.htm) Chrome/116.0.1938.76 Safari/537.36"
20.15.133.175 - - [17/Nov/2024:09:16:57 +0000] "GET /41080670 HTTP/1.1" 200 29480 "-" "Mozilla/5.0 AppleWebKit/537.36 (KHTML, like Gecko; compatible; bingbot/2.0; +http://www.bing.com/bingbot.htm) Chrome/116.0.1938.76 Safari/537.36"
3.221.244.28 - - [17/Nov/2024:09:16:57 +0000] "GET /207022dboyitems/eti.htm HTTP/1.1" 404 30902 "-" "Mozilla/5.0 (Macintosh; Intel Mac OS X 10_10_1) AppleWebKit/600.2.5 (KHTML, like Gecko) Version/8.0.2 Safari/600.2.5 (Amazonbot/0.1; +https://developer.amazon.com/support/amazonbot)"
52.167.144.203 - - [17/Nov/2024:09:16:58 +0000] "GET /363113150 HTTP/1.1" 200 24845 "-" "Mozilla/5.0 AppleWebKit/537.36 (KHTML, like Gecko; compatible; bingbot/2.0; +http://www.bing.com/bingbot.htm) Chrome/116.0.1938.76 Safari/537.36"
52.167.144.203 - - [17/Nov/2024:09:16:59 +0000] "GET /240699110 HTTP/1.1" 200 26752 "-" "Mozilla/5.0 AppleWebKit/537.36 (KHTML, like Gecko; compatible; bingbot/2.0; +http://www.bing.com/bingbot.htm) Chrome/116.0.1938.76 Safari/537.36"
52.167.144.203 - - [17/Nov/2024:09:17:00 +0000] "GET /65859110 HTTP/1.1" 200 29383 "-" "Mozilla/5.0 AppleWebKit/537.36 (KHTML, like Gecko; compatible; bingbot/2.0; +http://www.bing.com/bingbot.htm) Chrome/116.0.1938.76 Safari/537.36"
3.215.221.125 - - [17/Nov/2024:09:17:01 +0000] "GET /1521yyynitems/etidm1.html HTTP/1.1" 404 30902 "-" "Mozilla/5.0 (Macintosh; Intel Mac OS X 10_10_1) AppleWebKit/600.2.5 (KHTML, like Gecko) Version/8.0.2 Safari/600.2.5 (Amazonbot/0.1; +https://developer.amazon.com/support/amazonbot)"
52.167.144.203 - - [17/Nov/2024:09:17:01 +0000] "GET /128032670 HTTP/1.1" 200 39747 "-" "Mozilla/5.0 AppleWebKit/537.36 (KHTML, like Gecko; compatible; bingbot/2.0; +http://www.bing.com/bingbot.htm) Chrome/116.0.1938.76 Safari/537.36"
20.15.133.175 - - [17/Nov/2024:09:17:02 +0000] "GET /117427190 HTTP/1.1" 200 27326 "-" "Mozilla/5.0 AppleWebKit/537.36 (KHTML, like Gecko; compatible; bingbot/2.0; +http://www.bing.com/bingbot.htm) Chrome/116.0.1938.76 Safari/537.36"
52.167.144.203 - - [17/Nov/2024:09:17:03 +0000] "GET /90467630 HTTP/1.1" 200 38426 "-" "Mozilla/5.0 AppleWebKit/537.36 (KHTML, like Gecko; compatible; bingbot/2.0; +http://www.bing.com/bingbot.htm) Chrome/116.0.1938.76 Safari/537.36"
52.167.144.203 - - [17/Nov/2024:09:17:04 +0000] "GET /308011790 HTTP/1.1" 200 24400 "-" "Mozilla/5.0 AppleWebKit/537.36 (KHTML, like Gecko; compatible; bingbot/2.0; +http://www.bing.com/bingbot.htm) Chrome/116.0.1938.76 Safari/537.36"
54.84.161.62 - - [17/Nov/2024:09:17:05 +0000] "GET /15453gvsfitems/etidm68jvj.html HTTP/1.1" 404 30902 "-" "Mozilla/5.0 (Macintosh; Intel Mac OS X 10_10_1) AppleWebKit/600.2.5 (KHTML, like Gecko) Version/8.0.2 Safari/600.2.5 (Amazonbot/0.1; +https://developer.amazon.com/support/amazonbot)"
52.167.144.203 - - [17/Nov/2024:09:17:05 +0000] "GET /204827390 HTTP/1.1" 200 26430 "-" "Mozilla/5.0 AppleWebKit/537.36 (KHTML, like Gecko; compatible; bingbot/2.0; +http://www.bing.com/bingbot.htm) Chrome/116.0.1938.76 Safari/537.36"
52.167.144.203 - - [17/Nov/2024:09:17:05 +0000] "GET /72873230 HTTP/1.1" 200 32479 "-" "Mozilla/5.0 AppleWebKit/537.36 (KHTML, like Gecko; compatible; bingbot/2.0; +http://www.bing.com/bingbot.htm) Chrome/116.0.1938.76 Safari/537.36"
52.167.144.203 - - [17/Nov/2024:09:17:06 +0000] "GET /161287670 HTTP/1.1" 200 24406 "-" "Mozilla/5.0 AppleWebKit/537.36 (KHTML, like Gecko; compatible; bingbot/2.0; +http://www.bing.com/bingbot.htm) Chrome/116.0.1938.76 Safari/537.36"
52.167.144.203 - - [17/Nov/2024:09:17:07 +0000] "GET /76683590 HTTP/1.1" 200 23028 "-" "Mozilla/5.0 AppleWebKit/537.36 (KHTML, like Gecko; compatible; bingbot/2.0; +http://www.bing.com/bingbot.htm) Chrome/116.0.1938.76 Safari/537.36"
52.167.144.203 - - [17/Nov/2024:09:17:08 +0000] "GET /209193110 HTTP/1.1" 200 23699 "-" "Mozilla/5.0 AppleWebKit/537.36 (KHTML, like Gecko; compatible; bingbot/2.0; +http://www.bing.com/bingbot.htm) Chrome/116.0.1938.76 Safari/537.36"
52.167.144.203 - - [17/Nov/2024:09:17:08 +0000] "GET /85432910 HTTP/1.1" 200 26732 "-" "Mozilla/5.0 AppleWebKit/537.36 (KHTML, like Gecko; compatible; bingbot/2.0; +http://www.bing.com/bingbot.htm) Chrome/116.0.1938.76 Safari/537.36"
98.83.177.42 - - [17/Nov/2024:09:17:08 +0000] "GET /66039wgwwitems/etid.html HTTP/1.1" 404 30903 "-" "Mozilla/5.0 (Macintosh; Intel Mac OS X 10_10_1) AppleWebKit/600.2.5 (KHTML, like Gecko) Version/8.0.2 Safari/600.2.5 (Amazonbot/0.1; +https://developer.amazon.com/support/amazonbot)"
52.167.144.203 - - [17/Nov/2024:09:17:09 +0000] "GET /185106350 HTTP/1.1" 200 25053 "-" "Mozilla/5.0 AppleWebKit/537.36 (KHTML, like Gecko; compatible; bingbot/2.0; +http://www.bing.com/bingbot.htm) Chrome/116.0.1938.76 Safari/537.36"
52.167.144.203 - - [17/Nov/2024:09:17:10 +0000] "GET /132671390 HTTP/1.1" 200 27072 "-" "Mozilla/5.0 AppleWebKit/537.36 (KHTML, like Gecko; compatible; bingbot/2.0; +http://www.bing.com/bingbot.htm) Chrome/116.0.1938.76 Safari/537.36"
185.191.171.10 - - [17/Nov/2024:09:17:10 +0000] "GET /278621yyynetidm30fyf HTTP/1.1" 500 5 "-" "Mozilla/5.0 (compatible; SemrushBot/7~bl; +http://www.semrush.com/bot.html)"
52.167.144.203 - - [17/Nov/2024:09:17:10 +0000] "GET /8081390 HTTP/1.1" 200 30095 "-" "Mozilla/5.0 AppleWebKit/537.36 (KHTML, like Gecko; compatible; bingbot/2.0; +http://www.bing.com/bingbot.htm) Chrome/116.0.1938.76 Safari/537.36"
52.167.144.203 - - [17/Nov/2024:09:17:11 +0000] "GET /213703790 HTTP/1.1" 200 24336 "-" "Mozilla/5.0 AppleWebKit/537.36 (KHTML, like Gecko; compatible; bingbot/2.0; +http://www.bing.com/bingbot.htm) Chrome/116.0.1938.76 Safari/537.36"
52.167.144.145 - - [17/Nov/2024:09:17:12 +0000] "GET /320624990 HTTP/1.1" 200 24806 "-" "Mozilla/5.0 AppleWebKit/537.36 (KHTML, like Gecko; compatible; bingbot/2.0; +http://www.bing.com/bingbot.htm) Chrome/116.0.1938.76 Safari/537.36"
23.23.99.55 - - [17/Nov/2024:09:17:13 +0000] "GET /90718tbjqitems/eti.htm HTTP/1.1" 404 30900 "-" "Mozilla/5.0 (Macintosh; Intel Mac OS X 10_10_1) AppleWebKit/600.2.5 (KHTML, like Gecko) Version/8.0.2 Safari/600.2.5 (Amazonbot/0.1; +https://developer.amazon.com/support/amazonbot)"
52.167.144.145 - - [17/Nov/2024:09:17:13 +0000] "GET /263482070 HTTP/1.1" 200 25007 "-" "Mozilla/5.0 AppleWebKit/537.36 (KHTML, like Gecko; compatible; bingbot/2.0; +http://www.bing.com/bingbot.htm) Chrome/116.0.1938.76 Safari/537.36"
52.167.144.145 - - [17/Nov/2024:09:17:14 +0000] "GET /222176150 HTTP/1.1" 200 23988 "-" "Mozilla/5.0 AppleWebKit/537.36 (KHTML, like Gecko; compatible; bingbot/2.0; +http://www.bing.com/bingbot.htm) Chrome/116.0.1938.76 Safari/537.36"
52.167.144.145 - - [17/Nov/2024:09:17:15 +0000] "GET /160534430 HTTP/1.1" 200 26402 "-" "Mozilla/5.0 AppleWebKit/537.36 (KHTML, like Gecko; compatible; bingbot/2.0; +http://www.bing.com/bingbot.htm) Chrome/116.0.1938.76 Safari/537.36"
52.167.144.145 - - [17/Nov/2024:09:17:15 +0000] "GET /33229430 HTTP/1.1" 200 27942 "-" "Mozilla/5.0 AppleWebKit/537.36 (KHTML, like Gecko; compatible; bingbot/2.0; +http://www.bing.com/bingbot.htm) Chrome/116.0.1938.76 Safari/537.36"
52.167.144.145 - - [17/Nov/2024:09:17:16 +0000] "GET /175857230 HTTP/1.1" 200 24757 "-" "Mozilla/5.0 AppleWebKit/537.36 (KHTML, like Gecko; compatible; bingbot/2.0; +http://www.bing.com/bingbot.htm) Chrome/116.0.1938.76 Safari/537.36"
52.167.144.145 - - [17/Nov/2024:09:17:16 +0000] "GET /50064710 HTTP/1.1" 200 29461 "-" "Mozilla/5.0 AppleWebKit/537.36 (KHTML, like Gecko; compatible; bingbot/2.0; +http://www.bing.com/bingbot.htm) Chrome/116.0.1938.76 Safari/537.36"
34.239.197.197 - - [17/Nov/2024:09:17:17 +0000] "GET /76356dboyetidm12ud.html HTTP/1.1" 404 30913 "-" "Mozilla/5.0 (Macintosh; Intel Mac OS X 10_10_1) AppleWebKit/600.2.5 (KHTML, like Gecko) Version/8.0.2 Safari/600.2.5 (Amazonbot/0.1; +https://developer.amazon.com/support/amazonbot)"
52.167.144.145 - - [17/Nov/2024:09:17:17 +0000] "GET /160931390 HTTP/1.1" 200 25973 "-" "Mozilla/5.0 AppleWebKit/537.36 (KHTML, like Gecko; compatible; bingbot/2.0; +http://www.bing.com/bingbot.htm) Chrome/116.0.1938.76 Safari/537.36"
52.167.144.145 - - [17/Nov/2024:09:17:19 +0000] "GET /192305150 HTTP/1.1" 200 25488 "-" "Mozilla/5.0 AppleWebKit/537.36 (KHTML, like Gecko; compatible; bingbot/2.0; +http://www.bing.com/bingbot.htm) Chrome/116.0.1938.76 Safari/537.36"
52.167.144.145 - - [17/Nov/2024:09:17:20 +0000] "GET /78983510 HTTP/1.1" 200 30284 "-" "Mozilla/5.0 AppleWebKit/537.36 (KHTML, like Gecko; compatible; bingbot/2.0; +http://www.bing.com/bingbot.htm) Chrome/116.0.1938.76 Safari/537.36"
54.92.171.106 - - [17/Nov/2024:09:17:20 +0000] "GET /315042tbjqetidm74.html HTTP/1.1" 404 30916 "-" "Mozilla/5.0 (Macintosh; Intel Mac OS X 10_10_1) AppleWebKit/600.2.5 (KHTML, like Gecko) Version/8.0.2 Safari/600.2.5 (Amazonbot/0.1; +https://developer.amazon.com/support/amazonbot)"
52.167.144.145 - - [17/Nov/2024:09:17:21 +0000] "GET /58527230 HTTP/1.1" 200 27684 "-" "Mozilla/5.0 AppleWebKit/537.36 (KHTML, like Gecko; compatible; bingbot/2.0; +http://www.bing.com/bingbot.htm) Chrome/116.0.1938.76 Safari/537.36"
20.15.133.175 - - [17/Nov/2024:09:17:23 +0000] "GET /72613550 HTTP/1.1" 200 27817 "-" "Mozilla/5.0 AppleWebKit/537.36 (KHTML, like Gecko; compatible; bingbot/2.0; +http://www.bing.com/bingbot.htm) Chrome/116.0.1938.76 Safari/537.36"
52.167.144.145 - - [17/Nov/2024:09:17:23 +0000] "GET /183191750 HTTP/1.1" 200 25716 "-" "Mozilla/5.0 AppleWebKit/537.36 (KHTML, like Gecko; compatible; bingbot/2.0; +http://www.bing.com/bingbot.htm) Chrome/116.0.1938.76 Safari/537.36"
52.167.144.145 - - [17/Nov/2024:09:17:25 +0000] "GET /342196670 HTTP/1.1" 200 26909 "-" "Mozilla/5.0 AppleWebKit/537.36 (KHTML, like Gecko; compatible; bingbot/2.0; +http://www.bing.com/bingbot.htm) Chrome/116.0.1938.76 Safari/537.36"
57.141.3.16 - - [17/Nov/2024:09:17:25 +0000] "GET /246435qmpiitems/etidm36h.html HTTP/1.1" 404 140465 "-" "meta-externalagent/1.1 (+https://developers.facebook.com/docs/sharing/webmasters/crawler)"
34.199.252.22 - - [17/Nov/2024:09:17:25 +0000] "GET /326391tbjqitems/etid.html HTTP/1.1" 404 30905 "-" "Mozilla/5.0 (Macintosh; Intel Mac OS X 10_10_1) AppleWebKit/600.2.5 (KHTML, like Gecko) Version/8.0.2 Safari/600.2.5 (Amazonbot/0.1; +https://developer.amazon.com/support/amazonbot)"
52.167.144.145 - - [17/Nov/2024:09:17:26 +0000] "GET /281517230 HTTP/1.1" 200 24751 "-" "Mozilla/5.0 AppleWebKit/537.36 (KHTML, like Gecko; compatible; bingbot/2.0; +http://www.bing.com/bingbot.htm) Chrome/116.0.1938.76 Safari/537.36"
52.167.144.145 - - [17/Nov/2024:09:17:27 +0000] "GET /293325950 HTTP/1.1" 200 23452 "-" "Mozilla/5.0 AppleWebKit/537.36 (KHTML, like Gecko; compatible; bingbot/2.0; +http://www.bing.com/bingbot.htm) Chrome/116.0.1938.76 Safari/537.36"
127.0.0.1 - - [17/Nov/2024:09:17:28 +0000] "POST /wp-cron.php?doing_wp_cron=1731835047.8670310974121093750000 HTTP/1.1" 500 5 "-" "WordPress/6.6.2; https://guide.quickscrum.com"
52.167.144.145 - - [17/Nov/2024:09:17:29 +0000] "GET /184105670 HTTP/1.1" 200 26167 "-" "Mozilla/5.0 AppleWebKit/537.36 (KHTML, like Gecko; compatible; bingbot/2.0; +http://www.bing.com/bingbot.htm) Chrome/116.0.1938.76 Safari/537.36"
23.23.212.212 - - [17/Nov/2024:09:17:29 +0000] "GET /58850ygvoitems/etidm15 HTTP/1.1" 404 30901 "-" "Mozilla/5.0 (Macintosh; Intel Mac OS X 10_10_1) AppleWebKit/600.2.5 (KHTML, like Gecko) Version/8.0.2 Safari/600.2.5 (Amazonbot/0.1; +https://developer.amazon.com/support/amazonbot)"
52.167.144.145 - - [17/Nov/2024:09:17:31 +0000] "GET /168596630 HTTP/1.1" 200 25821 "-" "Mozilla/5.0 AppleWebKit/537.36 (KHTML, like Gecko; compatible; bingbot/2.0; +http://www.bing.com/bingbot.htm) Chrome/116.0.1938.76 Safari/537.36"
52.167.144.145 - - [17/Nov/2024:09:17:32 +0000] "GET /99164030 HTTP/1.1" 200 24036 "-" "Mozilla/5.0 AppleWebKit/537.36 (KHTML, like Gecko; compatible; bingbot/2.0; +http://www.bing.com/bingbot.htm) Chrome/116.0.1938.76 Safari/537.36"
52.205.113.104 - - [17/Nov/2024:09:17:33 +0000] "GET /216372qmpietidm70aq.html HTTP/1.1" 404 30921 "-" "Mozilla/5.0 (Macintosh; Intel Mac OS X 10_10_1) AppleWebKit/600.2.5 (KHTML, like Gecko) Version/8.0.2 Safari/600.2.5 (Amazonbot/0.1; +https://developer.amazon.com/support/amazonbot)"
52.167.144.145 - - [17/Nov/2024:09:17:33 +0000] "GET /85407830 HTTP/1.1" 200 26179 "-" "Mozilla/5.0 AppleWebKit/537.36 (KHTML, like Gecko; compatible; bingbot/2.0; +http://www.bing.com/bingbot.htm) Chrome/116.0.1938.76 Safari/537.36"
20.15.133.175 - - [17/Nov/2024:09:17:34 +0000] "GET /141168350 HTTP/1.1" 200 32198 "-" "Mozilla/5.0 AppleWebKit/537.36 (KHTML, like Gecko; compatible; bingbot/2.0; +http://www.bing.com/bingbot.htm) Chrome/116.0.1938.76 Safari/537.36"
52.167.144.145 - - [17/Nov/2024:09:17:35 +0000] "GET /241602110 HTTP/1.1" 200 24228 "-" "Mozilla/5.0 AppleWebKit/537.36 (KHTML, like Gecko; compatible; bingbot/2.0; +http://www.bing.com/bingbot.htm) Chrome/116.0.1938.76 Safari/537.36"
52.167.144.145 - - [17/Nov/2024:09:17:35 +0000] "GET /240866750 HTTP/1.1" 200 24813 "-" "Mozilla/5.0 AppleWebKit/537.36 (KHTML, like Gecko; compatible; bingbot/2.0; +http://www.bing.com/bingbot.htm) Chrome/116.0.1938.76 Safari/537.36"
52.167.144.145 - - [17/Nov/2024:09:17:36 +0000] "GET /286318910 HTTP/1.1" 200 24120 "-" "Mozilla/5.0 AppleWebKit/537.36 (KHTML, like Gecko; compatible; bingbot/2.0; +http://www.bing.com/bingbot.htm) Chrome/116.0.1938.76 Safari/537.36"
52.167.144.145 - - [17/Nov/2024:09:17:37 +0000] "GET /31819070 HTTP/1.1" 200 25004 "-" "Mozilla/5.0 AppleWebKit/537.36 (KHTML, like Gecko; compatible; bingbot/2.0; +http://www.bing.com/bingbot.htm) Chrome/116.0.1938.76 Safari/537.36"
52.167.144.145 - - [17/Nov/2024:09:17:37 +0000] "GET /314519390 HTTP/1.1" 200 25896 "-" "Mozilla/5.0 AppleWebKit/537.36 (KHTML, like Gecko; compatible; bingbot/2.0; +http://www.bing.com/bingbot.htm) Chrome/116.0.1938.76 Safari/537.36"
44.195.145.102 - - [17/Nov/2024:09:17:38 +0000] "GET /316448zmdditems/etidm HTTP/1.1" 404 30905 "-" "Mozilla/5.0 (Macintosh; Intel Mac OS X 10_10_1) AppleWebKit/600.2.5 (KHTML, like Gecko) Version/8.0.2 Safari/600.2.5 (Amazonbot/0.1; +https://developer.amazon.com/support/amazonbot)"
52.167.144.145 - - [17/Nov/2024:09:17:38 +0000] "GET /98476190 HTTP/1.1" 200 26160 "-" "Mozilla/5.0 AppleWebKit/537.36 (KHTML, like Gecko; compatible; bingbot/2.0; +http://www.bing.com/bingbot.htm) Chrome/116.0.1938.76 Safari/537.36"
52.167.144.145 - - [17/Nov/2024:09:17:38 +0000] "GET /241640630 HTTP/1.1" 200 23213 "-" "Mozilla/5.0 AppleWebKit/537.36 (KHTML, like Gecko; compatible; bingbot/2.0; +http://www.bing.com/bingbot.htm) Chrome/116.0.1938.76 Safari/537.36"
52.167.144.145 - - [17/Nov/2024:09:17:39 +0000] "GET /38640110 HTTP/1.1" 200 31188 "-" "Mozilla/5.0 AppleWebKit/537.36 (KHTML, like Gecko; compatible; bingbot/2.0; +http://www.bing.com/bingbot.htm) Chrome/116.0.1938.76 Safari/537.36"
52.167.144.145 - - [17/Nov/2024:09:17:40 +0000] "GET /96778910 HTTP/1.1" 200 24575 "-" "Mozilla/5.0 AppleWebKit/537.36 (KHTML, like Gecko; compatible; bingbot/2.0; +http://www.bing.com/bingbot.htm) Chrome/116.0.1938.76 Safari/537.36"
54.156.55.147 - - [17/Nov/2024:09:17:41 +0000] "GET /104376dboyetidm.html HTTP/1.1" 404 30914 "-" "Mozilla/5.0 (Macintosh; Intel Mac OS X 10_10_1) AppleWebKit/600.2.5 (KHTML, like Gecko) Version/8.0.2 Safari/600.2.5 (Amazonbot/0.1; +https://developer.amazon.com/support/amazonbot)"
52.167.144.145 - - [17/Nov/2024:09:17:41 +0000] "GET /202838510 HTTP/1.1" 200 24614 "-" "Mozilla/5.0 AppleWebKit/537.36 (KHTML, like Gecko; compatible; bingbot/2.0; +http://www.bing.com/bingbot.htm) Chrome/116.0.1938.76 Safari/537.36"
52.167.144.145 - - [17/Nov/2024:09:17:41 +0000] "GET /43134950 HTTP/1.1" 200 29056 "-" "Mozilla/5.0 AppleWebKit/537.36 (KHTML, like Gecko; compatible; bingbot/2.0; +http://www.bing.com/bingbot.htm) Chrome/116.0.1938.76 Safari/537.36"
52.167.144.145 - - [17/Nov/2024:09:17:42 +0000] "GET /256742270 HTTP/1.1" 200 26325 "-" "Mozilla/5.0 AppleWebKit/537.36 (KHTML, like Gecko; compatible; bingbot/2.0; +http://www.bing.com/bingbot.htm) Chrome/116.0.1938.76 Safari/537.36"
52.167.144.145 - - [17/Nov/2024:09:17:43 +0000] "GET /77713190 HTTP/1.1" 200 25182 "-" "Mozilla/5.0 AppleWebKit/537.36 (KHTML, like Gecko; compatible; bingbot/2.0; +http://www.bing.com/bingbot.htm) Chrome/116.0.1938.76 Safari/537.36"
52.167.144.145 - - [17/Nov/2024:09:17:43 +0000] "GET /324570230 HTTP/1.1" 200 25956 "-" "Mozilla/5.0 AppleWebKit/537.36 (KHTML, like Gecko; compatible; bingbot/2.0; +http://www.bing.com/bingbot.htm) Chrome/116.0.1938.76 Safari/537.36"
52.167.144.145 - - [17/Nov/2024:09:17:44 +0000] "GET /95651870 HTTP/1.1" 200 27065 "-" "Mozilla/5.0 AppleWebKit/537.36 (KHTML, like Gecko; compatible; bingbot/2.0; +http://www.bing.com/bingbot.htm) Chrome/116.0.1938.76 Safari/537.36"
207.46.13.64 - - [17/Nov/2024:09:17:44 +0000] "GET /140206670 HTTP/1.1" 200 23984 "-" "Mozilla/5.0 AppleWebKit/537.36 (KHTML, like Gecko; compatible; bingbot/2.0; +http://www.bing.com/bingbot.htm) Chrome/116.0.1938.76 Safari/537.36"
52.167.144.145 - - [17/Nov/2024:09:17:45 +0000] "GET /294290870 HTTP/1.1" 200 26022 "-" "Mozilla/5.0 AppleWebKit/537.36 (KHTML, like Gecko; compatible; bingbot/2.0; +http://www.bing.com/bingbot.htm) Chrome/116.0.1938.76 Safari/537.36"
52.167.144.145 - - [17/Nov/2024:09:17:45 +0000] "GET /295499750 HTTP/1.1" 200 23554 "-" "Mozilla/5.0 AppleWebKit/537.36 (KHTML, like Gecko; compatible; bingbot/2.0; +http://www.bing.com/bingbot.htm) Chrome/116.0.1938.76 Safari/537.36"
100.28.57.133 - - [17/Nov/2024:09:17:45 +0000] "GET /216855yyynitems/etid.html HTTP/1.1" 404 30905 "-" "Mozilla/5.0 (Macintosh; Intel Mac OS X 10_10_1) AppleWebKit/600.2.5 (KHTML, like Gecko) Version/8.0.2 Safari/600.2.5 (Amazonbot/0.1; +https://developer.amazon.com/support/amazonbot)"
207.46.13.64 - - [17/Nov/2024:09:17:46 +0000] "GET /319240310 HTTP/1.1" 200 26900 "-" "Mozilla/5.0 AppleWebKit/537.36 (KHTML, like Gecko; compatible; bingbot/2.0; +http://www.bing.com/bingbot.htm) Chrome/116.0.1938.76 Safari/537.36"
52.167.144.145 - - [17/Nov/2024:09:17:46 +0000] "GET /299508230 HTTP/1.1" 200 23559 "-" "Mozilla/5.0 AppleWebKit/537.36 (KHTML, like Gecko; compatible; bingbot/2.0; +http://www.bing.com/bingbot.htm) Chrome/116.0.1938.76 Safari/537.36"
52.167.144.145 - - [17/Nov/2024:09:17:46 +0000] "GET /22197110 HTTP/1.1" 200 27653 "-" "Mozilla/5.0 AppleWebKit/537.36 (KHTML, like Gecko; compatible; bingbot/2.0; +http://www.bing.com/bingbot.htm) Chrome/116.0.1938.76 Safari/537.36"
207.46.13.64 - - [17/Nov/2024:09:17:47 +0000] "GET /84288110 HTTP/1.1" 200 25161 "-" "Mozilla/5.0 AppleWebKit/537.36 (KHTML, like Gecko; compatible; bingbot/2.0; +http://www.bing.com/bingbot.htm) Chrome/116.0.1938.76 Safari/537.36"
52.167.144.145 - - [17/Nov/2024:09:17:47 +0000] "GET /73113950 HTTP/1.1" 200 33058 "-" "Mozilla/5.0 AppleWebKit/537.36 (KHTML, like Gecko; compatible; bingbot/2.0; +http://www.bing.com/bingbot.htm) Chrome/116.0.1938.76 Safari/537.36"
207.46.13.64 - - [17/Nov/2024:09:17:48 +0000] "GET /279782150 HTTP/1.1" 200 25342 "-" "Mozilla/5.0 AppleWebKit/537.36 (KHTML, like Gecko; compatible; bingbot/2.0; +http://www.bing.com/bingbot.htm) Chrome/116.0.1938.76 Safari/537.36"
54.90.8.255 - - [17/Nov/2024:09:17:49 +0000] "GET /14682tbjqetidm41.html HTTP/1.1" 404 30913 "-" "Mozilla/5.0 (Macintosh; Intel Mac OS X 10_10_1) AppleWebKit/600.2.5 (KHTML, like Gecko) Version/8.0.2 Safari/600.2.5 (Amazonbot/0.1; +https://developer.amazon.com/support/amazonbot)"
207.46.13.64 - - [17/Nov/2024:09:17:50 +0000] "GET /365015630 HTTP/1.1" 200 23594 "-" "Mozilla/5.0 AppleWebKit/537.36 (KHTML, like Gecko; compatible; bingbot/2.0; +http://www.bing.com/bingbot.htm) Chrome/116.0.1938.76 Safari/537.36"
207.46.13.64 - - [17/Nov/2024:09:17:51 +0000] "GET /316941110 HTTP/1.1" 200 24784 "-" "Mozilla/5.0 AppleWebKit/537.36 (KHTML, like Gecko; compatible; bingbot/2.0; +http://www.bing.com/bingbot.htm) Chrome/116.0.1938.76 Safari/537.36"
207.46.13.64 - - [17/Nov/2024:09:17:52 +0000] "GET /141650510 HTTP/1.1" 200 26126 "-" "Mozilla/5.0 AppleWebKit/537.36 (KHTML, like Gecko; compatible; bingbot/2.0; +http://www.bing.com/bingbot.htm) Chrome/116.0.1938.76 Safari/537.36"
44.209.89.189 - - [17/Nov/2024:09:17:53 +0000] "GET /346936tbjqitems/etidm.htm HTTP/1.1" 404 30905 "-" "Mozilla/5.0 (Macintosh; Intel Mac OS X 10_10_1) AppleWebKit/600.2.5 (KHTML, like Gecko) Version/8.0.2 Safari/600.2.5 (Amazonbot/0.1; +https://developer.amazon.com/support/amazonbot)"
20.15.133.175 - - [17/Nov/2024:09:17:53 +0000] "GET /100037030 HTTP/1.1" 200 26603 "-" "Mozilla/5.0 AppleWebKit/537.36 (KHTML, like Gecko; compatible; bingbot/2.0; +http://www.bing.com/bingbot.htm) Chrome/116.0.1938.76 Safari/537.36"
207.46.13.64 - - [17/Nov/2024:09:17:53 +0000] "GET /250477670 HTTP/1.1" 200 25085 "-" "Mozilla/5.0 AppleWebKit/537.36 (KHTML, like Gecko; compatible; bingbot/2.0; +http://www.bing.com/bingbot.htm) Chrome/116.0.1938.76 Safari/537.36"
207.46.13.64 - - [17/Nov/2024:09:17:54 +0000] "GET /17188310 HTTP/1.1" 200 35277 "-" "Mozilla/5.0 AppleWebKit/537.36 (KHTML, like Gecko; compatible; bingbot/2.0; +http://www.bing.com/bingbot.htm) Chrome/116.0.1938.76 Safari/537.36"
207.46.13.64 - - [17/Nov/2024:09:17:55 +0000] "GET /81317510 HTTP/1.1" 200 27721 "-" "Mozilla/5.0 AppleWebKit/537.36 (KHTML, like Gecko; compatible; bingbot/2.0; +http://www.bing.com/bingbot.htm) Chrome/116.0.1938.76 Safari/537.36"
100.25.120.246 - - [17/Nov/2024:09:17:57 +0000] "GET /205719dboyitems/etid.html HTTP/1.1" 404 30904 "-" "Mozilla/5.0 (Macintosh; Intel Mac OS X 10_10_1) AppleWebKit/600.2.5 (KHTML, like Gecko) Version/8.0.2 Safari/600.2.5 (Amazonbot/0.1; +https://developer.amazon.com/support/amazonbot)"
207.46.13.64 - - [17/Nov/2024:09:17:57 +0000] "GET /90024110 HTTP/1.1" 200 32187 "-" "Mozilla/5.0 AppleWebKit/537.36 (KHTML, like Gecko; compatible; bingbot/2.0; +http://www.bing.com/bingbot.htm) Chrome/116.0.1938.76 Safari/537.36"
207.46.13.64 - - [17/Nov/2024:09:17:59 +0000] "GET /301209470 HTTP/1.1" 200 24143 "-" "Mozilla/5.0 AppleWebKit/537.36 (KHTML, like Gecko; compatible; bingbot/2.0; +http://www.bing.com/bingbot.htm) Chrome/116.0.1938.76 Safari/537.36"
207.46.13.64 - - [17/Nov/2024:09:18:00 +0000] "GET /240220910 HTTP/1.1" 200 24666 "-" "Mozilla/5.0 AppleWebKit/537.36 (KHTML, like Gecko; compatible; bingbot/2.0; +http://www.bing.com/bingbot.htm) Chrome/116.0.1938.76 Safari/537.36"
54.235.125.129 - - [17/Nov/2024:09:18:01 +0000] "GET /203404dboyitems/etidm74gd.htm HTTP/1.1" 404 30901 "-" "Mozilla/5.0 (Macintosh; Intel Mac OS X 10_10_1) AppleWebKit/600.2.5 (KHTML, like Gecko) Version/8.0.2 Safari/600.2.5 (Amazonbot/0.1; +https://developer.amazon.com/support/amazonbot)"
207.46.13.64 - - [17/Nov/2024:09:18:02 +0000] "GET /183965510 HTTP/1.1" 200 26592 "-" "Mozilla/5.0 AppleWebKit/537.36 (KHTML, like Gecko; compatible; bingbot/2.0; +http://www.bing.com/bingbot.htm) Chrome/116.0.1938.76 Safari/537.36"
207.46.13.64 - - [17/Nov/2024:09:18:03 +0000] "GET /199769750 HTTP/1.1" 200 24145 "-" "Mozilla/5.0 AppleWebKit/537.36 (KHTML, like Gecko; compatible; bingbot/2.0; +http://www.bing.com/bingbot.htm) Chrome/116.0.1938.76 Safari/537.36"
207.46.13.64 - - [17/Nov/2024:09:18:04 +0000] "GET /161133110 HTTP/1.1" 200 25958 "-" "Mozilla/5.0 AppleWebKit/537.36 (KHTML, like Gecko; compatible; bingbot/2.0; +http://www.bing.com/bingbot.htm) Chrome/116.0.1938.76 Safari/537.36"
35.168.238.50 - - [17/Nov/2024:09:18:05 +0000] "GET /53608yyynitems/etidm.htm HTTP/1.1" 404 30903 "-" "Mozilla/5.0 (Macintosh; Intel Mac OS X 10_10_1) AppleWebKit/600.2.5 (KHTML, like Gecko) Version/8.0.2 Safari/600.2.5 (Amazonbot/0.1; +https://developer.amazon.com/support/amazonbot)"
207.46.13.64 - - [17/Nov/2024:09:18:05 +0000] "GET /358346750 HTTP/1.1" 200 24971 "-" "Mozilla/5.0 AppleWebKit/537.36 (KHTML, like Gecko; compatible; bingbot/2.0; +http://www.bing.com/bingbot.htm) Chrome/116.0.1938.76 Safari/537.36"
57.141.3.13 - - [17/Nov/2024:09:18:05 +0000] "GET /84839wgwwitems/etid.html HTTP/1.1" 404 140464 "-" "meta-externalagent/1.1 (+https://developers.facebook.com/docs/sharing/webmasters/crawler)"
207.46.13.64 - - [17/Nov/2024:09:18:06 +0000] "GET /41427830 HTTP/1.1" 200 31722 "-" "Mozilla/5.0 AppleWebKit/537.36 (KHTML, like Gecko; compatible; bingbot/2.0; +http://www.bing.com/bingbot.htm) Chrome/116.0.1938.76 Safari/537.36"
40.77.190.153 - - [17/Nov/2024:09:18:07 +0000] "GET /132671390 HTTP/1.1" 200 156137 "-" "Mozilla/5.0 AppleWebKit/537.36 (KHTML, like Gecko; compatible; bingbot/2.0; +http://www.bing.com/bingbot.htm) Chrome/100.0.4896.127 Safari/537.36"
52.167.144.145 - - [17/Nov/2024:09:18:07 +0000] "GET /241739990 HTTP/1.1" 200 26843 "-" "Mozilla/5.0 AppleWebKit/537.36 (KHTML, like Gecko; compatible; bingbot/2.0; +http://www.bing.com/bingbot.htm) Chrome/116.0.1938.76 Safari/537.36"
40.77.189.222 - - [17/Nov/2024:09:18:08 +0000] "GET /40548590 HTTP/1.1" 200 29839 "https://guide.quickscrum.com/40548590" "Mozilla/5.0 AppleWebKit/537.36 (KHTML, like Gecko; compatible; bingbot/2.0; +http://www.bing.com/bingbot.htm) Chrome/112.0.0.0 Safari/537.36"
207.46.13.64 - - [17/Nov/2024:09:18:08 +0000] "GET /242420030 HTTP/1.1" 200 25680 "-" "Mozilla/5.0 AppleWebKit/537.36 (KHTML, like Gecko; compatible; bingbot/2.0; +http://www.bing.com/bingbot.htm) Chrome/116.0.1938.76 Safari/537.36"
23.23.137.202 - - [17/Nov/2024:09:18:09 +0000] "GET /271408dboyitems/etidm.htm HTTP/1.1" 404 30902 "-" "Mozilla/5.0 (Macintosh; Intel Mac OS X 10_10_1) AppleWebKit/600.2.5 (KHTML, like Gecko) Version/8.0.2 Safari/600.2.5 (Amazonbot/0.1; +https://developer.amazon.com/support/amazonbot)"
207.46.13.64 - - [17/Nov/2024:09:18:10 +0000] "GET /64155590 HTTP/1.1" 200 25031 "-" "Mozilla/5.0 AppleWebKit/537.36 (KHTML, like Gecko; compatible; bingbot/2.0; +http://www.bing.com/bingbot.htm) Chrome/116.0.1938.76 Safari/537.36"
207.46.13.64 - - [17/Nov/2024:09:18:11 +0000] "GET /336139310 HTTP/1.1" 200 26855 "-" "Mozilla/5.0 AppleWebKit/537.36 (KHTML, like Gecko; compatible; bingbot/2.0; +http://www.bing.com/bingbot.htm) Chrome/116.0.1938.76 Safari/537.36"
207.46.13.64 - - [17/Nov/2024:09:18:11 +0000] "GET /276809870 HTTP/1.1" 200 26059 "-" "Mozilla/5.0 AppleWebKit/537.36 (KHTML, like Gecko; compatible; bingbot/2.0; +http://www.bing.com/bingbot.htm) Chrome/116.0.1938.76 Safari/537.36"
185.191.171.19 - - [17/Nov/2024:09:18:12 +0000] "GET /296639qmpietid HTTP/1.1" 500 5 "-" "Mozilla/5.0 (compatible; SemrushBot/7~bl; +http://www.semrush.com/bot.html)"
207.46.13.64 - - [17/Nov/2024:09:18:12 +0000] "GET /87364310 HTTP/1.1" 200 25270 "-" "Mozilla/5.0 AppleWebKit/537.36 (KHTML, like Gecko; compatible; bingbot/2.0; +http://www.bing.com/bingbot.htm) Chrome/116.0.1938.76 Safari/537.36"
207.46.13.64 - - [17/Nov/2024:09:18:12 +0000] "GET /46690790 HTTP/1.1" 200 30369 "-" "Mozilla/5.0 AppleWebKit/537.36 (KHTML, like Gecko; compatible; bingbot/2.0; +http://www.bing.com/bingbot.htm) Chrome/116.0.1938.76 Safari/537.36"
35.172.125.172 - - [17/Nov/2024:09:18:13 +0000] "GET /76155tbjqitems/etidm51b.html HTTP/1.1" 404 30902 "-" "Mozilla/5.0 (Macintosh; Intel Mac OS X 10_10_1) AppleWebKit/600.2.5 (KHTML, like Gecko) Version/8.0.2 Safari/600.2.5 (Amazonbot/0.1; +https://developer.amazon.com/support/amazonbot)"
207.46.13.64 - - [17/Nov/2024:09:18:13 +0000] "GET /138030710 HTTP/1.1" 200 26926 "-" "Mozilla/5.0 AppleWebKit/537.36 (KHTML, like Gecko; compatible; bingbot/2.0; +http://www.bing.com/bingbot.htm) Chrome/116.0.1938.76 Safari/537.36"
185.198.69.94 - - [17/Nov/2024:09:18:14 +0000] "GET //wp-admin/ HTTP/1.1" 302 290 "-" "Mozilla/5.0 (Windows NT 10.0; Win64; x64) AppleWebKit/537.36 (KHTML, like Gecko) Chrome/118.0.0.0 Safari/537.36 Edg/118.0.2088.46"
207.46.13.64 - - [17/Nov/2024:09:18:14 +0000] "GET /312229790 HTTP/1.1" 200 24631 "-" "Mozilla/5.0 AppleWebKit/537.36 (KHTML, like Gecko; compatible; bingbot/2.0; +http://www.bing.com/bingbot.htm) Chrome/116.0.1938.76 Safari/537.36"
40.77.190.87 - - [17/Nov/2024:09:18:15 +0000] "GET /320624990 HTTP/1.1" 200 24292 "https://guide.quickscrum.com/320624990" "Mozilla/5.0 AppleWebKit/537.36 (KHTML, like Gecko; compatible; bingbot/2.0; +http://www.bing.com/bingbot.htm) Chrome/112.0.0.0 Safari/537.36"
207.46.13.64 - - [17/Nov/2024:09:18:15 +0000] "GET /238031990 HTTP/1.1" 200 26437 "-" "Mozilla/5.0 AppleWebKit/537.36 (KHTML, like Gecko; compatible; bingbot/2.0; +http://www.bing.com/bingbot.htm) Chrome/116.0.1938.76 Safari/537.36"
207.46.13.64 - - [17/Nov/2024:09:18:16 +0000] "GET /286133390 HTTP/1.1" 200 24620 "-" "Mozilla/5.0 AppleWebKit/537.36 (KHTML, like Gecko; compatible; bingbot/2.0; +http://www.bing.com/bingbot.htm) Chrome/116.0.1938.76 Safari/537.36"
3.225.9.97 - - [17/Nov/2024:09:18:17 +0000] "GET /252919qmpietid.htm HTTP/1.1" 404 30909 "-" "Mozilla/5.0 (Macintosh; Intel Mac OS X 10_10_1) AppleWebKit/600.2.5 (KHTML, like Gecko) Version/8.0.2 Safari/600.2.5 (Amazonbot/0.1; +https://developer.amazon.com/support/amazonbot)"
185.198.69.94 - - [17/Nov/2024:09:18:17 +0000] "GET /wp-login.php?redirect_to=https%3A%2F%2Fguide.quickscrum.com%2F%2Fwp-admin%2F&reauth=1 HTTP/1.1" 200 31 "-" "Mozilla/5.0 (Windows NT 10.0; Win64; x64) AppleWebKit/537.36 (KHTML, like Gecko) Chrome/118.0.0.0 Safari/537.36 Edg/118.0.2088.46"
207.46.13.64 - - [17/Nov/2024:09:18:17 +0000] "GET /166768910 HTTP/1.1" 200 22323 "-" "Mozilla/5.0 AppleWebKit/537.36 (KHTML, like Gecko; compatible; bingbot/2.0; +http://www.bing.com/bingbot.htm) Chrome/116.0.1938.76 Safari/537.36"
207.46.13.64 - - [17/Nov/2024:09:18:18 +0000] "GET /113516630 HTTP/1.1" 200 27151 "-" "Mozilla/5.0 AppleWebKit/537.36 (KHTML, like Gecko; compatible; bingbot/2.0; +http://www.bing.com/bingbot.htm) Chrome/116.0.1938.76 Safari/537.36"
207.46.13.64 - - [17/Nov/2024:09:18:19 +0000] "GET /129449030 HTTP/1.1" 200 24975 "-" "Mozilla/5.0 AppleWebKit/537.36 (KHTML, like Gecko; compatible; bingbot/2.0; +http://www.bing.com/bingbot.htm) Chrome/116.0.1938.76 Safari/537.36"
207.46.13.64 - - [17/Nov/2024:09:18:20 +0000] "GET /244967510 HTTP/1.1" 200 23898 "-" "Mozilla/5.0 AppleWebKit/537.36 (KHTML, like Gecko; compatible; bingbot/2.0; +http://www.bing.com/bingbot.htm) Chrome/116.0.1938.76 Safari/537.36"
52.73.142.41 - - [17/Nov/2024:09:18:21 +0000] "GET /144782ygvoitems/eti HTTP/1.1" 404 30902 "-" "Mozilla/5.0 (Macintosh; Intel Mac OS X 10_10_1) AppleWebKit/600.2.5 (KHTML, like Gecko) Version/8.0.2 Safari/600.2.5 (Amazonbot/0.1; +https://developer.amazon.com/support/amazonbot)"
207.46.13.64 - - [17/Nov/2024:09:18:22 +0000] "GET /150613070 HTTP/1.1" 200 24924 "-" "Mozilla/5.0 AppleWebKit/537.36 (KHTML, like Gecko; compatible; bingbot/2.0; +http://www.bing.com/bingbot.htm) Chrome/116.0.1938.76 Safari/537.36"
207.46.13.64 - - [17/Nov/2024:09:18:23 +0000] "GET /177937790 HTTP/1.1" 200 24819 "-" "Mozilla/5.0 AppleWebKit/537.36 (KHTML, like Gecko; compatible; bingbot/2.0; +http://www.bing.com/bingbot.htm) Chrome/116.0.1938.76 Safari/537.36"
207.46.13.64 - - [17/Nov/2024:09:18:24 +0000] "GET /60160790 HTTP/1.1" 200 35924 "-" "Mozilla/5.0 AppleWebKit/537.36 (KHTML, like Gecko; compatible; bingbot/2.0; +http://www.bing.com/bingbot.htm) Chrome/116.0.1938.76 Safari/537.36"
54.80.185.200 - - [17/Nov/2024:09:18:25 +0000] "GET /169276wgwwitems/etidm11qw.htm HTTP/1.1" 404 30906 "-" "Mozilla/5.0 (Macintosh; Intel Mac OS X 10_10_1) AppleWebKit/600.2.5 (KHTML, like Gecko) Version/8.0.2 Safari/600.2.5 (Amazonbot/0.1; +https://developer.amazon.com/support/amazonbot)"
207.46.13.64 - - [17/Nov/2024:09:18:25 +0000] "GET /360793910 HTTP/1.1" 200 25150 "-" "Mozilla/5.0 AppleWebKit/537.36 (KHTML, like Gecko; compatible; bingbot/2.0; +http://www.bing.com/bingbot.htm) Chrome/116.0.1938.76 Safari/537.36"
40.77.167.241 - - [17/Nov/2024:09:18:25 +0000] "GET /185071790 HTTP/1.1" 200 24223 "-" "Mozilla/5.0 AppleWebKit/537.36 (KHTML, like Gecko; compatible; bingbot/2.0; +http://www.bing.com/bingbot.htm) Chrome/116.0.1938.76 Safari/537.36"
207.46.13.64 - - [17/Nov/2024:09:18:26 +0000] "GET /360527630 HTTP/1.1" 200 26958 "-" "Mozilla/5.0 AppleWebKit/537.36 (KHTML, like Gecko; compatible; bingbot/2.0; +http://www.bing.com/bingbot.htm) Chrome/116.0.1938.76 Safari/537.36"
40.77.167.241 - - [17/Nov/2024:09:18:27 +0000] "GET /209241590 HTTP/1.1" 200 23400 "-" "Mozilla/5.0 AppleWebKit/537.36 (KHTML, like Gecko; compatible; bingbot/2.0; +http://www.bing.com/bingbot.htm) Chrome/116.0.1938.76 Safari/537.36"
66.249.74.33 - - [17/Nov/2024:09:18:27 +0000] "GET /wp-content/page/?page=%E0%B8%AA%E0%B8%A5%E0%B9%87%E0%B8%AD%E0%B8%95roma%E0%B9%80%E0%B8%A7%E0%B9%87%E0%B8%9A%E0%B8%95%E0%B8%A3%E0%B8%87 HTTP/1.1" 200 2240 "-" "Mozilla/5.0 (Linux; Android 6.0.1; Nexus 5X Build/MMB29P) AppleWebKit/537.36 (KHTML, like Gecko) Chrome/131.0.6778.69 Mobile Safari/537.36 (compatible; Googlebot/2.1; +http://www.google.com/bot.html)"
52.167.144.145 - - [17/Nov/2024:09:18:28 +0000] "GET /67806830 HTTP/1.1" 200 27879 "-" "Mozilla/5.0 AppleWebKit/537.36 (KHTML, like Gecko; compatible; bingbot/2.0; +http://www.bing.com/bingbot.htm) Chrome/116.0.1938.76 Safari/537.36"
40.77.167.241 - - [17/Nov/2024:09:18:28 +0000] "GET /273230390 HTTP/1.1" 200 25936 "-" "Mozilla/5.0 AppleWebKit/537.36 (KHTML, like Gecko; compatible; bingbot/2.0; +http://www.bing.com/bingbot.htm) Chrome/116.0.1938.76 Safari/537.36"
184.72.95.195 - - [17/Nov/2024:09:18:29 +0000] "GET /174077gbzsetidm24hbh HTTP/1.1" 404 30911 "-" "Mozilla/5.0 (Macintosh; Intel Mac OS X 10_10_1) AppleWebKit/600.2.5 (KHTML, like Gecko) Version/8.0.2 Safari/600.2.5 (Amazonbot/0.1; +https://developer.amazon.com/support/amazonbot)"
40.77.167.241 - - [17/Nov/2024:09:18:29 +0000] "GET /4393310 HTTP/1.1" 200 27007 "-" "Mozilla/5.0 AppleWebKit/537.36 (KHTML, like Gecko; compatible; bingbot/2.0; +http://www.bing.com/bingbot.htm) Chrome/116.0.1938.76 Safari/537.36"
40.77.167.241 - - [17/Nov/2024:09:18:31 +0000] "GET /171783950 HTTP/1.1" 200 26435 "-" "Mozilla/5.0 AppleWebKit/537.36 (KHTML, like Gecko; compatible; bingbot/2.0; +http://www.bing.com/bingbot.htm) Chrome/116.0.1938.76 Safari/537.36"
127.0.0.1 - - [17/Nov/2024:09:18:31 +0000] "POST /wp-cron.php?doing_wp_cron=1731835111.4745969772338867187500 HTTP/1.1" 500 5 "-" "WordPress/6.6.2; https://guide.quickscrum.com"
40.77.167.241 - - [17/Nov/2024:09:18:32 +0000] "GET /206327630 HTTP/1.1" 200 24391 "-" "Mozilla/5.0 AppleWebKit/537.36 (KHTML, like Gecko; compatible; bingbot/2.0; +http://www.bing.com/bingbot.htm) Chrome/116.0.1938.76 Safari/537.36"
35.174.253.85 - - [17/Nov/2024:09:18:33 +0000] "GET /150256tbjqitems/etidm.htm HTTP/1.1" 404 30904 "-" "Mozilla/5.0 (Macintosh; Intel Mac OS X 10_10_1) AppleWebKit/600.2.5 (KHTML, like Gecko) Version/8.0.2 Safari/600.2.5 (Amazonbot/0.1; +https://developer.amazon.com/support/amazonbot)"
40.77.167.241 - - [17/Nov/2024:09:18:33 +0000] "GET /100684790 HTTP/1.1" 200 25636 "-" "Mozilla/5.0 AppleWebKit/537.36 (KHTML, like Gecko; compatible; bingbot/2.0; +http://www.bing.com/bingbot.htm) Chrome/116.0.1938.76 Safari/537.36"
40.77.167.241 - - [17/Nov/2024:09:18:35 +0000] "GET /281589470 HTTP/1.1" 200 24088 "-" "Mozilla/5.0 AppleWebKit/537.36 (KHTML, like Gecko; compatible; bingbot/2.0; +http://www.bing.com/bingbot.htm) Chrome/116.0.1938.76 Safari/537.36"
52.23.112.144 - - [17/Nov/2024:09:18:37 +0000] "GET /10599wgwwitems/etid.html HTTP/1.1" 404 30911 "-" "Mozilla/5.0 (Macintosh; Intel Mac OS X 10_10_1) AppleWebKit/600.2.5 (KHTML, like Gecko) Version/8.0.2 Safari/600.2.5 (Amazonbot/0.1; +https://developer.amazon.com/support/amazonbot)"
