207.46.13.64 - - [17/Nov/2024:09:13:54 +0000] "GET /61592150 HTTP/1.1" 200 29514 "-" "Mozilla/5.0 AppleWebKit/537.36 (KHTML, like Gecko; compatible; bingbot/2.0; +http://www.bing.com/bingbot.htm) Chrome/116.0.1938.76 Safari/537.36"
207.46.13.64 - - [17/Nov/2024:09:13:55 +0000] "GET /314735630 HTTP/1.1" 200 24515 "-" "Mozilla/5.0 AppleWebKit/537.36 (KHTML, like Gecko; compatible; bingbot/2.0; +http://www.bing.com/bingbot.htm) Chrome/116.0.1938.76 Safari/537.36"
207.46.13.64 - - [17/Nov/2024:09:13:56 +0000] "GET /350332310 HTTP/1.1" 200 26619 "-" "Mozilla/5.0 AppleWebKit/537.36 (KHTML, like Gecko; compatible; bingbot/2.0; +http://www.bing.com/bingbot.htm) Chrome/116.0.1938.76 Safari/537.36"
207.46.13.64 - - [17/Nov/2024:09:13:56 +0000] "GET /9297830 HTTP/1.1" 200 36112 "-" "Mozilla/5.0 AppleWebKit/537.36 (KHTML, like Gecko; compatible; bingbot/2.0; +http://www.bing.com/bingbot.htm) Chrome/116.0.1938.76 Safari/537.36"
67.201.33.10 - - [17/Nov/2024:09:13:56 +0000] "POST /wp-content/plugins/comet-cache/functlons.php HTTP/1.1" 404 580 "-" "Mozilla/5.0 (Macintosh; Intel Mac OS X 10_15_7) AppleWebKit/537.36 (KHTML, like Gecko) Chrome/120.0.0.0 Safari/537.36"
52.203.68.145 - - [17/Nov/2024:09:13:57 +0000] "GET /180007gbzsetid.htm HTTP/1.1" 404 30917 "-" "Mozilla/5.0 (Macintosh; Intel Mac OS X 10_10_1) AppleWebKit/600.2.5 (KHTML, like Gecko) Version/8.0.2 Safari/600.2.5 (Amazonbot/0.1; +https://developer.amazon.com/support/amazonbot)"
45.227.254.34 - - [17/Nov/2024:09:13:58 +0000] "POST /wp-admin/error.404.1729601611.php HTTP/1.1" 404 209 "-" "Mozilla/5.0 (Macintosh; Intel Mac OS X 10_15_7) AppleWebKit/537.36 (KHTML, like Gecko) Chrome/120.0.0.0 Safari/537.36"
207.46.13.64 - - [17/Nov/2024:09:13:58 +0000] "GET /270374150 HTTP/1.1" 200 24123 "-" "Mozilla/5.0 AppleWebKit/537.36 (KHTML, like Gecko; compatible; bingbot/2.0; +http://www.bing.com/bingbot.htm) Chrome/116.0.1938.76 Safari/537.36"
207.46.13.64 - - [17/Nov/2024:09:13:58 +0000] "GET /76378910 HTTP/1.1" 200 33417 "-" "Mozilla/5.0 AppleWebKit/537.36 (KHTML, like Gecko; compatible; bingbot/2.0; +http://www.bing.com/bingbot.htm) Chrome/116.0.1938.76 Safari/537.36"
207.46.13.64 - - [17/Nov/2024:09:14:00 +0000] "GET /120862910 HTTP/1.1" 200 26787 "-" "Mozilla/5.0 AppleWebKit/537.36 (KHTML, like Gecko; compatible; bingbot/2.0; +http://www.bing.com/bingbot.htm) Chrome/116.0.1938.76 Safari/537.36"
54.235.191.179 - - [17/Nov/2024:09:14:01 +0000] "GET /43904gvsfitems/etidm HTTP/1.1" 404 30904 "-" "Mozilla/5.0 (Macintosh; Intel Mac OS X 10_10_1) AppleWebKit/600.2.5 (KHTML, like Gecko) Version/8.0.2 Safari/600.2.5 (Amazonbot/0.1; +https://developer.amazon.com/support/amazonbot)"
207.46.13.64 - - [17/Nov/2024:09:14:03 +0000] "GET /124983110 HTTP/1.1" 200 26088 "-" "Mozilla/5.0 AppleWebKit/537.36 (KHTML, like Gecko; compatible; bingbot/2.0; +http://www.bing.com/bingbot.htm) Chrome/116.0.1938.76 Safari/537.36"
207.46.13.64 - - [17/Nov/2024:09:14:04 +0000] "GET /338164550 HTTP/1.1" 200 26605 "-" "Mozilla/5.0 AppleWebKit/537.36 (KHTML, like Gecko; compatible; bingbot/2.0; +http://www.bing.com/bingbot.htm) Chrome/116.0.1938.76 Safari/537.36"
207.46.13.64 - - [17/Nov/2024:09:14:04 +0000] "GET /289329110 HTTP/1.1" 200 25857 "-" "Mozilla/5.0 AppleWebKit/537.36 (KHTML, like Gecko; compatible; bingbot/2.0; +http://www.bing.com/bingbot.htm) Chrome/116.0.1938.76 Safari/537.36"
44.195.50.71 - - [17/Nov/2024:09:14:04 +0000] "GET /84034yhrejp/uccrcti.htm HTTP/1.1" 404 30902 "-" "Mozilla/5.0 (Macintosh; Intel Mac OS X 10_10_1) AppleWebKit/600.2.5 (KHTML, like Gecko) Version/8.0.2 Safari/600.2.5 (Amazonbot/0.1; +https://developer.amazon.com/support/amazonbot)"
52.167.144.183 - - [17/Nov/2024:09:14:05 +0000] "GET /53158550 HTTP/1.1" 200 46547 "-" "Mozilla/5.0 AppleWebKit/537.36 (KHTML, like Gecko; compatible; bingbot/2.0; +http://www.bing.com/bingbot.htm) Chrome/116.0.1938.76 Safari/537.36"
185.191.171.9 - - [17/Nov/2024:09:14:05 +0000] "GET /211782zmddeti.html HTTP/1.1" 500 5 "-" "Mozilla/5.0 (compatible; SemrushBot/7~bl; +http://www.semrush.com/bot.html)"
207.46.13.64 - - [17/Nov/2024:09:14:06 +0000] "GET /90238310 HTTP/1.1" 200 25914 "-" "Mozilla/5.0 AppleWebKit/537.36 (KHTML, like Gecko; compatible; bingbot/2.0; +http://www.bing.com/bingbot.htm) Chrome/116.0.1938.76 Safari/537.36"
52.167.144.183 - - [17/Nov/2024:09:14:06 +0000] "GET /289834310 HTTP/1.1" 200 26582 "-" "Mozilla/5.0 AppleWebKit/537.36 (KHTML, like Gecko; compatible; bingbot/2.0; +http://www.bing.com/bingbot.htm) Chrome/116.0.1938.76 Safari/537.36"
57.141.3.13 - - [17/Nov/2024:09:14:06 +0000] "GET /124194tbjqetidm40.html HTTP/1.1" 404 140472 "-" "meta-externalagent/1.1 (+https://developers.facebook.com/docs/sharing/webmasters/crawler)"
52.167.144.183 - - [17/Nov/2024:09:14:07 +0000] "GET /154651790 HTTP/1.1" 200 25520 "-" "Mozilla/5.0 AppleWebKit/537.36 (KHTML, like Gecko; compatible; bingbot/2.0; +http://www.bing.com/bingbot.htm) Chrome/116.0.1938.76 Safari/537.36"
103.46.10.198 - - [17/Nov/2024:09:14:08 +0000] "POST /wp-admin/error.404.1729601611.php HTTP/1.1" 404 209 "-" "Mozilla/5.0 (Macintosh; Intel Mac OS X 10_15_7) AppleWebKit/537.36 (KHTML, like Gecko) Chrome/120.0.0.0 Safari/537.36"
52.167.144.183 - - [17/Nov/2024:09:14:08 +0000] "GET /262127030 HTTP/1.1" 200 26155 "-" "Mozilla/5.0 AppleWebKit/537.36 (KHTML, like Gecko; compatible; bingbot/2.0; +http://www.bing.com/bingbot.htm) Chrome/116.0.1938.76 Safari/537.36"
23.23.137.202 - - [17/Nov/2024:09:14:09 +0000] "GET /236678yhrejp/uca HTTP/1.1" 404 30902 "-" "Mozilla/5.0 (Macintosh; Intel Mac OS X 10_10_1) AppleWebKit/600.2.5 (KHTML, like Gecko) Version/8.0.2 Safari/600.2.5 (Amazonbot/0.1; +https://developer.amazon.com/support/amazonbot)"
52.167.144.183 - - [17/Nov/2024:09:14:09 +0000] "GET /350665670 HTTP/1.1" 200 24862 "-" "Mozilla/5.0 AppleWebKit/537.36 (KHTML, like Gecko; compatible; bingbot/2.0; +http://www.bing.com/bingbot.htm) Chrome/116.0.1938.76 Safari/537.36"
187.102.219.194 - - [17/Nov/2024:09:14:10 +0000] "POST /wp-admin/error.404.1729601611.php HTTP/1.1" 404 209 "-" "Mozilla/5.0 (Macintosh; Intel Mac OS X 10_15_7) AppleWebKit/537.36 (KHTML, like Gecko) Chrome/120.0.0.0 Safari/537.36"
52.167.144.183 - - [17/Nov/2024:09:14:11 +0000] "GET /277378430 HTTP/1.1" 200 23995 "-" "Mozilla/5.0 AppleWebKit/537.36 (KHTML, like Gecko; compatible; bingbot/2.0; +http://www.bing.com/bingbot.htm) Chrome/116.0.1938.76 Safari/537.36"
52.167.144.183 - - [17/Nov/2024:09:14:12 +0000] "GET /80496350 HTTP/1.1" 200 36385 "-" "Mozilla/5.0 AppleWebKit/537.36 (KHTML, like Gecko; compatible; bingbot/2.0; +http://www.bing.com/bingbot.htm) Chrome/116.0.1938.76 Safari/537.36"
20.15.133.175 - - [17/Nov/2024:09:14:13 +0000] "GET /232907870 HTTP/1.1" 200 23996 "-" "Mozilla/5.0 AppleWebKit/537.36 (KHTML, like Gecko; compatible; bingbot/2.0; +http://www.bing.com/bingbot.htm) Chrome/116.0.1938.76 Safari/537.36"
52.167.144.183 - - [17/Nov/2024:09:14:13 +0000] "GET /256865510 HTTP/1.1" 200 24913 "-" "Mozilla/5.0 AppleWebKit/537.36 (KHTML, like Gecko; compatible; bingbot/2.0; +http://www.bing.com/bingbot.htm) Chrome/116.0.1938.76 Safari/537.36"
52.167.144.183 - - [17/Nov/2024:09:14:15 +0000] "GET /8075750 HTTP/1.1" 200 38311 "-" "Mozilla/5.0 AppleWebKit/537.36 (KHTML, like Gecko; compatible; bingbot/2.0; +http://www.bing.com/bingbot.htm) Chrome/116.0.1938.76 Safari/537.36"
18.205.213.231 - - [17/Nov/2024:09:14:15 +0000] "GET /22581qmpiitems/etidm58nmn.html HTTP/1.1" 404 30904 "-" "Mozilla/5.0 (Macintosh; Intel Mac OS X 10_10_1) AppleWebKit/600.2.5 (KHTML, like Gecko) Version/8.0.2 Safari/600.2.5 (Amazonbot/0.1; +https://developer.amazon.com/support/amazonbot)"
52.167.144.183 - - [17/Nov/2024:09:14:16 +0000] "GET /77601350 HTTP/1.1" 200 25683 "-" "Mozilla/5.0 AppleWebKit/537.36 (KHTML, like Gecko; compatible; bingbot/2.0; +http://www.bing.com/bingbot.htm) Chrome/116.0.1938.76 Safari/537.36"
52.167.144.183 - - [17/Nov/2024:09:14:17 +0000] "GET /314255390 HTTP/1.1" 200 28724 "-" "Mozilla/5.0 AppleWebKit/537.36 (KHTML, like Gecko; compatible; bingbot/2.0; +http://www.bing.com/bingbot.htm) Chrome/116.0.1938.76 Safari/537.36"
52.167.144.183 - - [17/Nov/2024:09:14:19 +0000] "GET /8850110 HTTP/1.1" 200 24776 "-" "Mozilla/5.0 AppleWebKit/537.36 (KHTML, like Gecko; compatible; bingbot/2.0; +http://www.bing.com/bingbot.htm) Chrome/116.0.1938.76 Safari/537.36"
52.167.144.183 - - [17/Nov/2024:09:14:20 +0000] "GET /339685790 HTTP/1.1" 200 26748 "-" "Mozilla/5.0 AppleWebKit/537.36 (KHTML, like Gecko; compatible; bingbot/2.0; +http://www.bing.com/bingbot.htm) Chrome/116.0.1938.76 Safari/537.36"
98.83.8.142 - - [17/Nov/2024:09:14:20 +0000] "GET /51633gvsfitems/etidm6.html HTTP/1.1" 404 30901 "-" "Mozilla/5.0 (Macintosh; Intel Mac OS X 10_10_1) AppleWebKit/600.2.5 (KHTML, like Gecko) Version/8.0.2 Safari/600.2.5 (Amazonbot/0.1; +https://developer.amazon.com/support/amazonbot)"
52.167.144.183 - - [17/Nov/2024:09:14:21 +0000] "GET /256705310 HTTP/1.1" 200 24361 "-" "Mozilla/5.0 AppleWebKit/537.36 (KHTML, like Gecko; compatible; bingbot/2.0; +http://www.bing.com/bingbot.htm) Chrome/116.0.1938.76 Safari/537.36"
127.0.0.1 - - [17/Nov/2024:09:14:21 +0000] "POST /wp-cron.php?doing_wp_cron=1731834861.3456549644470214843750 HTTP/1.1" 500 5 "-" "WordPress/6.6.2; https://guide.quickscrum.com"
52.167.144.183 - - [17/Nov/2024:09:14:22 +0000] "GET /85000070 HTTP/1.1" 200 24194 "-" "Mozilla/5.0 AppleWebKit/537.36 (KHTML, like Gecko; compatible; bingbot/2.0; +http://www.bing.com/bingbot.htm) Chrome/116.0.1938.76 Safari/537.36"
44.213.202.136 - - [17/Nov/2024:09:14:23 +0000] "GET /46123gvsfetidm53z.htm HTTP/1.1" 404 30912 "-" "Mozilla/5.0 (Macintosh; Intel Mac OS X 10_10_1) AppleWebKit/600.2.5 (KHTML, like Gecko) Version/8.0.2 Safari/600.2.5 (Amazonbot/0.1; +https://developer.amazon.com/support/amazonbot)"
40.77.167.241 - - [17/Nov/2024:09:14:24 +0000] "GET /256175150 HTTP/1.1" 200 24936 "-" "Mozilla/5.0 AppleWebKit/537.36 (KHTML, like Gecko; compatible; bingbot/2.0; +http://www.bing.com/bingbot.htm) Chrome/116.0.1938.76 Safari/537.36"
34.238.45.183 - - [17/Nov/2024:09:14:25 +0000] "GET /257409ygvoitems/etidm3.html HTTP/1.1" 404 30904 "-" "Mozilla/5.0 (Macintosh; Intel Mac OS X 10_10_1) AppleWebKit/600.2.5 (KHTML, like Gecko) Version/8.0.2 Safari/600.2.5 (Amazonbot/0.1; +https://developer.amazon.com/support/amazonbot)"
40.77.167.241 - - [17/Nov/2024:09:14:26 +0000] "GET /362901230 HTTP/1.1" 200 23876 "-" "Mozilla/5.0 AppleWebKit/537.36 (KHTML, like Gecko; compatible; bingbot/2.0; +http://www.bing.com/bingbot.htm) Chrome/116.0.1938.76 Safari/537.36"
40.77.167.241 - - [17/Nov/2024:09:14:27 +0000] "GET /202526270 HTTP/1.1" 200 25018 "-" "Mozilla/5.0 AppleWebKit/537.36 (KHTML, like Gecko; compatible; bingbot/2.0; +http://www.bing.com/bingbot.htm) Chrome/116.0.1938.76 Safari/537.36"
23.23.213.182 - - [17/Nov/2024:09:14:28 +0000] "GET /1978wgwwitems/etidm11.htm HTTP/1.1" 404 30902 "-" "Mozilla/5.0 (Macintosh; Intel Mac OS X 10_10_1) AppleWebKit/600.2.5 (KHTML, like Gecko) Version/8.0.2 Safari/600.2.5 (Amazonbot/0.1; +https://developer.amazon.com/support/amazonbot)"
40.77.167.241 - - [17/Nov/2024:09:14:29 +0000] "GET /198995030 HTTP/1.1" 200 24747 "-" "Mozilla/5.0 AppleWebKit/537.36 (KHTML, like Gecko; compatible; bingbot/2.0; +http://www.bing.com/bingbot.htm) Chrome/116.0.1938.76 Safari/537.36"
40.77.167.241 - - [17/Nov/2024:09:14:30 +0000] "GET /129880310 HTTP/1.1" 200 31841 "-" "Mozilla/5.0 AppleWebKit/537.36 (KHTML, like Gecko; compatible; bingbot/2.0; +http://www.bing.com/bingbot.htm) Chrome/116.0.1938.76 Safari/537.36"
40.77.167.241 - - [17/Nov/2024:09:14:31 +0000] "GET /201271910 HTTP/1.1" 200 24754 "-" "Mozilla/5.0 AppleWebKit/537.36 (KHTML, like Gecko; compatible; bingbot/2.0; +http://www.bing.com/bingbot.htm) Chrome/116.0.1938.76 Safari/537.36"
54.92.171.106 - - [17/Nov/2024:09:14:32 +0000] "GET /272858gvsfitems/etidm21 HTTP/1.1" 404 30904 "-" "Mozilla/5.0 (Macintosh; Intel Mac OS X 10_10_1) AppleWebKit/600.2.5 (KHTML, like Gecko) Version/8.0.2 Safari/600.2.5 (Amazonbot/0.1; +https://developer.amazon.com/support/amazonbot)"
40.77.167.241 - - [17/Nov/2024:09:14:32 +0000] "GET /55213070 HTTP/1.1" 200 32780 "-" "Mozilla/5.0 AppleWebKit/537.36 (KHTML, like Gecko; compatible; bingbot/2.0; +http://www.bing.com/bingbot.htm) Chrome/116.0.1938.76 Safari/537.36"
40.77.188.54 - - [17/Nov/2024:09:14:33 +0000] "GET /121957070 HTTP/1.1" 200 28231 "https://guide.quickscrum.com/121957070" "Mozilla/5.0 AppleWebKit/537.36 (KHTML, like Gecko; compatible; bingbot/2.0; +http://www.bing.com/bingbot.htm) Chrome/112.0.0.0 Safari/537.36"
40.77.167.241 - - [17/Nov/2024:09:14:34 +0000] "GET /356143190 HTTP/1.1" 200 26662 "-" "Mozilla/5.0 AppleWebKit/537.36 (KHTML, like Gecko; compatible; bingbot/2.0; +http://www.bing.com/bingbot.htm) Chrome/116.0.1938.76 Safari/537.36"
207.46.13.64 - - [17/Nov/2024:09:14:35 +0000] "GET /255332390 HTTP/1.1" 200 25807 "-" "Mozilla/5.0 AppleWebKit/537.36 (KHTML, like Gecko; compatible; bingbot/2.0; +http://www.bing.com/bingbot.htm) Chrome/116.0.1938.76 Safari/537.36"
207.46.13.64 - - [17/Nov/2024:09:14:36 +0000] "GET /140538710 HTTP/1.1" 200 27649 "-" "Mozilla/5.0 AppleWebKit/537.36 (KHTML, like Gecko; compatible; bingbot/2.0; +http://www.bing.com/bingbot.htm) Chrome/116.0.1938.76 Safari/537.36"
207.46.13.64 - - [17/Nov/2024:09:14:37 +0000] "GET /48883310 HTTP/1.1" 200 28796 "-" "Mozilla/5.0 AppleWebKit/537.36 (KHTML, like Gecko; compatible; bingbot/2.0; +http://www.bing.com/bingbot.htm) Chrome/116.0.1938.76 Safari/537.36"
100.28.44.58 - - [17/Nov/2024:09:14:37 +0000] "GET /175920zmddetidm.html HTTP/1.1" 404 30887 "-" "Mozilla/5.0 (Macintosh; Intel Mac OS X 10_10_1) AppleWebKit/600.2.5 (KHTML, like Gecko) Version/8.0.2 Safari/600.2.5 (Amazonbot/0.1; +https://developer.amazon.com/support/amazonbot)"
207.46.13.64 - - [17/Nov/2024:09:14:39 +0000] "GET /341138270 HTTP/1.1" 200 28637 "-" "Mozilla/5.0 AppleWebKit/537.36 (KHTML, like Gecko; compatible; bingbot/2.0; +http://www.bing.com/bingbot.htm) Chrome/116.0.1938.76 Safari/537.36"
44.210.204.255 - - [17/Nov/2024:09:14:41 +0000] "GET /234080dboyitems/etidm HTTP/1.1" 404 30903 "-" "Mozilla/5.0 (Macintosh; Intel Mac OS X 10_10_1) AppleWebKit/600.2.5 (KHTML, like Gecko) Version/8.0.2 Safari/600.2.5 (Amazonbot/0.1; +https://developer.amazon.com/support/amazonbot)"
207.46.13.64 - - [17/Nov/2024:09:14:41 +0000] "GET /343021790 HTTP/1.1" 200 30600 "-" "Mozilla/5.0 AppleWebKit/537.36 (KHTML, like Gecko; compatible; bingbot/2.0; +http://www.bing.com/bingbot.htm) Chrome/116.0.1938.76 Safari/537.36"
207.46.13.64 - - [17/Nov/2024:09:14:42 +0000] "GET /25143350 HTTP/1.1" 200 29584 "-" "Mozilla/5.0 AppleWebKit/537.36 (KHTML, like Gecko; compatible; bingbot/2.0; +http://www.bing.com/bingbot.htm) Chrome/116.0.1938.76 Safari/537.36"
20.15.133.175 - - [17/Nov/2024:09:14:42 +0000] "GET /263035070 HTTP/1.1" 200 23702 "-" "Mozilla/5.0 AppleWebKit/537.36 (KHTML, like Gecko; compatible; bingbot/2.0; +http://www.bing.com/bingbot.htm) Chrome/116.0.1938.76 Safari/537.36"
207.46.13.64 - - [17/Nov/2024:09:14:44 +0000] "GET /115763270 HTTP/1.1" 200 25761 "-" "Mozilla/5.0 AppleWebKit/537.36 (KHTML, like Gecko; compatible; bingbot/2.0; +http://www.bing.com/bingbot.htm) Chrome/116.0.1938.76 Safari/537.36"
207.46.13.64 - - [17/Nov/2024:09:14:45 +0000] "GET /5159270 HTTP/1.1" 200 27418 "-" "Mozilla/5.0 AppleWebKit/537.36 (KHTML, like Gecko; compatible; bingbot/2.0; +http://www.bing.com/bingbot.htm) Chrome/116.0.1938.76 Safari/537.36"
54.90.8.255 - - [17/Nov/2024:09:14:45 +0000] "GET /58620yhreucqyqtion.html HTTP/1.1" 404 30920 "-" "Mozilla/5.0 (Macintosh; Intel Mac OS X 10_10_1) AppleWebKit/600.2.5 (KHTML, like Gecko) Version/8.0.2 Safari/600.2.5 (Amazonbot/0.1; +https://developer.amazon.com/support/amazonbot)"
57.141.3.4 - - [17/Nov/2024:09:14:45 +0000] "GET /89016gbzsetidm.html HTTP/1.1" 404 140460 "-" "meta-externalagent/1.1 (+https://developers.facebook.com/docs/sharing/webmasters/crawler)"
20.15.133.175 - - [17/Nov/2024:09:14:46 +0000] "GET /308589110 HTTP/1.1" 200 27946 "-" "Mozilla/5.0 AppleWebKit/537.36 (KHTML, like Gecko; compatible; bingbot/2.0; +http://www.bing.com/bingbot.htm) Chrome/116.0.1938.76 Safari/537.36"
207.46.13.64 - - [17/Nov/2024:09:14:46 +0000] "GET /147762110 HTTP/1.1" 200 29471 "-" "Mozilla/5.0 AppleWebKit/537.36 (KHTML, like Gecko; compatible; bingbot/2.0; +http://www.bing.com/bingbot.htm) Chrome/116.0.1938.76 Safari/537.36"
207.46.13.64 - - [17/Nov/2024:09:14:48 +0000] "GET /18648110 HTTP/1.1" 200 27496 "-" "Mozilla/5.0 AppleWebKit/537.36 (KHTML, like Gecko; compatible; bingbot/2.0; +http://www.bing.com/bingbot.htm) Chrome/116.0.1938.76 Safari/537.36"
20.15.133.175 - - [17/Nov/2024:09:14:49 +0000] "GET /40332110 HTTP/1.1" 200 27678 "-" "Mozilla/5.0 AppleWebKit/537.36 (KHTML, like Gecko; compatible; bingbot/2.0; +http://www.bing.com/bingbot.htm) Chrome/116.0.1938.76 Safari/537.36"
34.194.226.74 - - [17/Nov/2024:09:14:49 +0000] "GET /304510zmdditems/eti.htm HTTP/1.1" 404 30904 "-" "Mozilla/5.0 (Macintosh; Intel Mac OS X 10_10_1) AppleWebKit/600.2.5 (KHTML, like Gecko) Version/8.0.2 Safari/600.2.5 (Amazonbot/0.1; +https://developer.amazon.com/support/amazonbot)"
40.77.167.241 - - [17/Nov/2024:09:14:49 +0000] "GET /94581950 HTTP/1.1" 200 25699 "-" "Mozilla/5.0 AppleWebKit/537.36 (KHTML, like Gecko; compatible; bingbot/2.0; +http://www.bing.com/bingbot.htm) Chrome/116.0.1938.76 Safari/537.36"
207.46.13.64 - - [17/Nov/2024:09:14:50 +0000] "GET /241115030 HTTP/1.1" 200 25168 "-" "Mozilla/5.0 AppleWebKit/537.36 (KHTML, like Gecko; compatible; bingbot/2.0; +http://www.bing.com/bingbot.htm) Chrome/116.0.1938.76 Safari/537.36"
40.77.167.241 - - [17/Nov/2024:09:14:51 +0000] "GET /280840670 HTTP/1.1" 200 25224 "-" "Mozilla/5.0 AppleWebKit/537.36 (KHTML, like Gecko; compatible; bingbot/2.0; +http://www.bing.com/bingbot.htm) Chrome/116.0.1938.76 Safari/537.36"
207.46.13.64 - - [17/Nov/2024:09:14:51 +0000] "GET /97544390 HTTP/1.1" 200 31312 "-" "Mozilla/5.0 AppleWebKit/537.36 (KHTML, like Gecko; compatible; bingbot/2.0; +http://www.bing.com/bingbot.htm) Chrome/116.0.1938.76 Safari/537.36"
20.15.133.175 - - [17/Nov/2024:09:14:52 +0000] "GET /327332870 HTTP/1.1" 200 30182 "-" "Mozilla/5.0 AppleWebKit/537.36 (KHTML, like Gecko; compatible; bingbot/2.0; +http://www.bing.com/bingbot.htm) Chrome/116.0.1938.76 Safari/537.36"
40.77.167.241 - - [17/Nov/2024:09:14:52 +0000] "GET /8603270 HTTP/1.1" 200 27671 "-" "Mozilla/5.0 AppleWebKit/537.36 (KHTML, like Gecko; compatible; bingbot/2.0; +http://www.bing.com/bingbot.htm) Chrome/116.0.1938.76 Safari/537.36"
207.46.13.64 - - [17/Nov/2024:09:14:52 +0000] "GET /279995990 HTTP/1.1" 200 24547 "-" "Mozilla/5.0 AppleWebKit/537.36 (KHTML, like Gecko; compatible; bingbot/2.0; +http://www.bing.com/bingbot.htm) Chrome/116.0.1938.76 Safari/537.36"
40.77.167.241 - - [17/Nov/2024:09:14:53 +0000] "GET /197803550 HTTP/1.1" 200 27393 "-" "Mozilla/5.0 AppleWebKit/537.36 (KHTML, like Gecko; compatible; bingbot/2.0; +http://www.bing.com/bingbot.htm) Chrome/116.0.1938.76 Safari/537.36"
54.84.161.62 - - [17/Nov/2024:09:14:53 +0000] "GET /270880ygvoitems/etidm.htm HTTP/1.1" 404 30903 "-" "Mozilla/5.0 (Macintosh; Intel Mac OS X 10_10_1) AppleWebKit/600.2.5 (KHTML, like Gecko) Version/8.0.2 Safari/600.2.5 (Amazonbot/0.1; +https://developer.amazon.com/support/amazonbot)"
207.46.13.64 - - [17/Nov/2024:09:14:54 +0000] "GET /184345670 HTTP/1.1" 200 24303 "-" "Mozilla/5.0 AppleWebKit/537.36 (KHTML, like Gecko; compatible; bingbot/2.0; +http://www.bing.com/bingbot.htm) Chrome/116.0.1938.76 Safari/537.36"
20.15.133.175 - - [17/Nov/2024:09:14:54 +0000] "GET /117044390 HTTP/1.1" 200 26338 "-" "Mozilla/5.0 AppleWebKit/537.36 (KHTML, like Gecko; compatible; bingbot/2.0; +http://www.bing.com/bingbot.htm) Chrome/116.0.1938.76 Safari/537.36"
40.77.167.241 - - [17/Nov/2024:09:14:54 +0000] "GET /84376910 HTTP/1.1" 200 31160 "-" "Mozilla/5.0 AppleWebKit/537.36 (KHTML, like Gecko; compatible; bingbot/2.0; +http://www.bing.com/bingbot.htm) Chrome/116.0.1938.76 Safari/537.36"
207.46.13.64 - - [17/Nov/2024:09:14:55 +0000] "GET /299715950 HTTP/1.1" 200 24370 "-" "Mozilla/5.0 AppleWebKit/537.36 (KHTML, like Gecko; compatible; bingbot/2.0; +http://www.bing.com/bingbot.htm) Chrome/116.0.1938.76 Safari/537.36"
40.77.167.241 - - [17/Nov/2024:09:14:55 +0000] "GET /7266110 HTTP/1.1" 200 24911 "-" "Mozilla/5.0 AppleWebKit/537.36 (KHTML, like Gecko; compatible; bingbot/2.0; +http://www.bing.com/bingbot.htm) Chrome/116.0.1938.76 Safari/537.36"
20.15.133.175 - - [17/Nov/2024:09:14:56 +0000] "GET /159734990 HTTP/1.1" 200 26620 "-" "Mozilla/5.0 AppleWebKit/537.36 (KHTML, like Gecko; compatible; bingbot/2.0; +http://www.bing.com/bingbot.htm) Chrome/116.0.1938.76 Safari/537.36"
54.84.93.8 - - [17/Nov/2024:09:14:56 +0000] "GET /60925dboyetidm76hbh.htm HTTP/1.1" 404 30916 "-" "Mozilla/5.0 (Macintosh; Intel Mac OS X 10_10_1) AppleWebKit/600.2.5 (KHTML, like Gecko) Version/8.0.2 Safari/600.2.5 (Amazonbot/0.1; +https://developer.amazon.com/support/amazonbot)"
40.77.167.241 - - [17/Nov/2024:09:14:57 +0000] "GET /224174150 HTTP/1.1" 200 25936 "-" "Mozilla/5.0 AppleWebKit/537.36 (KHTML, like Gecko; compatible; bingbot/2.0; +http://www.bing.com/bingbot.htm) Chrome/116.0.1938.76 Safari/537.36"
40.77.167.241 - - [17/Nov/2024:09:14:58 +0000] "GET /335426630 HTTP/1.1" 200 26692 "-" "Mozilla/5.0 AppleWebKit/537.36 (KHTML, like Gecko; compatible; bingbot/2.0; +http://www.bing.com/bingbot.htm) Chrome/116.0.1938.76 Safari/537.36"
20.15.133.175 - - [17/Nov/2024:09:14:58 +0000] "GET /171143630 HTTP/1.1" 200 26356 "-" "Mozilla/5.0 AppleWebKit/537.36 (KHTML, like Gecko; compatible; bingbot/2.0; +http://www.bing.com/bingbot.htm) Chrome/116.0.1938.76 Safari/537.36"
40.77.167.241 - - [17/Nov/2024:09:14:59 +0000] "GET /173819270 HTTP/1.1" 200 24960 "-" "Mozilla/5.0 AppleWebKit/537.36 (KHTML, like Gecko; compatible; bingbot/2.0; +http://www.bing.com/bingbot.htm) Chrome/116.0.1938.76 Safari/537.36"
52.45.29.57 - - [17/Nov/2024:09:15:00 +0000] "GET /175858yhrejp/ucuruti.htm HTTP/1.1" 404 30902 "-" "Mozilla/5.0 (Macintosh; Intel Mac OS X 10_10_1) AppleWebKit/600.2.5 (KHTML, like Gecko) Version/8.0.2 Safari/600.2.5 (Amazonbot/0.1; +https://developer.amazon.com/support/amazonbot)"
40.77.167.241 - - [17/Nov/2024:09:15:01 +0000] "GET /300260270 HTTP/1.1" 200 25222 "-" "Mozilla/5.0 AppleWebKit/537.36 (KHTML, like Gecko; compatible; bingbot/2.0; +http://www.bing.com/bingbot.htm) Chrome/116.0.1938.76 Safari/537.36"
45.227.254.34 - - [17/Nov/2024:09:15:01 +0000] "POST /wp-content/plugins/wordfence/lib/menu_firewall.php HTTP/1.1" 200 46 "-" "Mozilla/5.0 (Macintosh; Intel Mac OS X 10_15_7) AppleWebKit/537.36 (KHTML, like Gecko) Chrome/120.0.0.0 Safari/537.36"
40.77.167.241 - - [17/Nov/2024:09:15:02 +0000] "GET /18878510 HTTP/1.1" 200 24848 "-" "Mozilla/5.0 AppleWebKit/537.36 (KHTML, like Gecko; compatible; bingbot/2.0; +http://www.bing.com/bingbot.htm) Chrome/116.0.1938.76 Safari/537.36"
40.77.167.241 - - [17/Nov/2024:09:15:03 +0000] "GET /339378470 HTTP/1.1" 200 30044 "-" "Mozilla/5.0 AppleWebKit/537.36 (KHTML, like Gecko; compatible; bingbot/2.0; +http://www.bing.com/bingbot.htm) Chrome/116.0.1938.76 Safari/537.36"
45.227.254.34 - - [17/Nov/2024:09:15:04 +0000] "GET / HTTP/1.1" 500 2924 "-" "Mozilla/5.0 (Macintosh; Intel Mac OS X 10_15_7) AppleWebKit/537.36 (KHTML, like Gecko) Chrome/120.0.0.0 Safari/537.36"
40.77.167.241 - - [17/Nov/2024:09:15:04 +0000] "GET /313010510 HTTP/1.1" 200 25138 "-" "Mozilla/5.0 AppleWebKit/537.36 (KHTML, like Gecko; compatible; bingbot/2.0; +http://www.bing.com/bingbot.htm) Chrome/116.0.1938.76 Safari/537.36"
34.206.249.188 - - [17/Nov/2024:09:15:05 +0000] "GET /261763wgwwetidm62v.htm HTTP/1.1" 404 30913 "-" "Mozilla/5.0 (Macintosh; Intel Mac OS X 10_10_1) AppleWebKit/600.2.5 (KHTML, like Gecko) Version/8.0.2 Safari/600.2.5 (Amazonbot/0.1; +https://developer.amazon.com/support/amazonbot)"
40.77.167.241 - - [17/Nov/2024:09:15:06 +0000] "GET /42092750 HTTP/1.1" 200 25120 "-" "Mozilla/5.0 AppleWebKit/537.36 (KHTML, like Gecko; compatible; bingbot/2.0; +http://www.bing.com/bingbot.htm) Chrome/116.0.1938.76 Safari/537.36"
85.208.96.210 - - [17/Nov/2024:09:15:07 +0000] "GET /114367yyynetid.htm HTTP/1.1" 500 5 "-" "Mozilla/5.0 (compatible; SemrushBot/7~bl; +http://www.semrush.com/bot.html)"
40.77.167.241 - - [17/Nov/2024:09:15:07 +0000] "GET /130087550 HTTP/1.1" 200 31980 "-" "Mozilla/5.0 AppleWebKit/537.36 (KHTML, like Gecko; compatible; bingbot/2.0; +http://www.bing.com/bingbot.htm) Chrome/116.0.1938.76 Safari/537.36"
40.77.167.241 - - [17/Nov/2024:09:15:08 +0000] "GET /346030910 HTTP/1.1" 200 24611 "-" "Mozilla/5.0 AppleWebKit/537.36 (KHTML, like Gecko; compatible; bingbot/2.0; +http://www.bing.com/bingbot.htm) Chrome/116.0.1938.76 Safari/537.36"
54.87.95.7 - - [17/Nov/2024:09:15:09 +0000] "GET /301760wgwwitems/etidm HTTP/1.1" 404 30903 "-" "Mozilla/5.0 (Macintosh; Intel Mac OS X 10_10_1) AppleWebKit/600.2.5 (KHTML, like Gecko) Version/8.0.2 Safari/600.2.5 (Amazonbot/0.1; +https://developer.amazon.com/support/amazonbot)"
40.77.167.241 - - [17/Nov/2024:09:15:09 +0000] "GET /43930670 HTTP/1.1" 200 27290 "-" "Mozilla/5.0 AppleWebKit/537.36 (KHTML, like Gecko; compatible; bingbot/2.0; +http://www.bing.com/bingbot.htm) Chrome/116.0.1938.76 Safari/537.36"
40.77.167.241 - - [17/Nov/2024:09:15:11 +0000] "GET /86740070 HTTP/1.1" 200 27272 "-" "Mozilla/5.0 AppleWebKit/537.36 (KHTML, like Gecko; compatible; bingbot/2.0; +http://www.bing.com/bingbot.htm) Chrome/116.0.1938.76 Safari/537.36"
185.198.69.94 - - [17/Nov/2024:09:15:11 +0000] "GET //wp-login.php?wp_lang=en_US HTTP/1.1" 200 31 "-" "Mozilla/5.0 (X11; Linux x86_64) AppleWebKit/537.36 (KHTML, like Gecko) Chrome/120.0.0.0 Safari/537.36"
40.77.167.241 - - [17/Nov/2024:09:15:12 +0000] "GET /170005190 HTTP/1.1" 200 24421 "-" "Mozilla/5.0 AppleWebKit/537.36 (KHTML, like Gecko; compatible; bingbot/2.0; +http://www.bing.com/bingbot.htm) Chrome/116.0.1938.76 Safari/537.36"
98.83.8.142 - - [17/Nov/2024:09:15:13 +0000] "GET /225714gbzsetidm86.html HTTP/1.1" 404 30913 "-" "Mozilla/5.0 (Macintosh; Intel Mac OS X 10_10_1) AppleWebKit/600.2.5 (KHTML, like Gecko) Version/8.0.2 Safari/600.2.5 (Amazonbot/0.1; +https://developer.amazon.com/support/amazonbot)"
40.77.167.241 - - [17/Nov/2024:09:15:14 +0000] "GET /61592030 HTTP/1.1" 200 29646 "-" "Mozilla/5.0 AppleWebKit/537.36 (KHTML, like Gecko; compatible; bingbot/2.0; +http://www.bing.com/bingbot.htm) Chrome/116.0.1938.76 Safari/537.36"
40.77.167.241 - - [17/Nov/2024:09:15:15 +0000] "GET /269600870 HTTP/1.1" 200 23836 "-" "Mozilla/5.0 AppleWebKit/537.36 (KHTML, like Gecko; compatible; bingbot/2.0; +http://www.bing.com/bingbot.htm) Chrome/116.0.1938.76 Safari/537.36"
185.198.69.94 - - [17/Nov/2024:09:15:15 +0000] "POST //wp-login.php?wp_lang=en_US HTTP/1.1" 200 31 "-" "Mozilla/5.0 (Windows NT 10.0; Win64; x64) AppleWebKit/537.36 (KHTML, like Gecko) Chrome/120.0.0.0 Safari/537.36"
40.77.167.241 - - [17/Nov/2024:09:15:16 +0000] "GET /4553750 HTTP/1.1" 200 29528 "-" "Mozilla/5.0 AppleWebKit/537.36 (KHTML, like Gecko; compatible; bingbot/2.0; +http://www.bing.com/bingbot.htm) Chrome/116.0.1938.76 Safari/537.36"
44.209.89.189 - - [17/Nov/2024:09:15:16 +0000] "GET /41343yhrejp/ucde.html HTTP/1.1" 404 30904 "-" "Mozilla/5.0 (Macintosh; Intel Mac OS X 10_10_1) AppleWebKit/600.2.5 (KHTML, like Gecko) Version/8.0.2 Safari/600.2.5 (Amazonbot/0.1; +https://developer.amazon.com/support/amazonbot)"
40.77.167.241 - - [17/Nov/2024:09:15:18 +0000] "GET /39460190 HTTP/1.1" 200 24197 "-" "Mozilla/5.0 AppleWebKit/537.36 (KHTML, like Gecko; compatible; bingbot/2.0; +http://www.bing.com/bingbot.htm) Chrome/116.0.1938.76 Safari/537.36"
207.46.13.64 - - [17/Nov/2024:09:15:19 +0000] "GET /355547630 HTTP/1.1" 200 25104 "-" "Mozilla/5.0 AppleWebKit/537.36 (KHTML, like Gecko; compatible; bingbot/2.0; +http://www.bing.com/bingbot.htm) Chrome/116.0.1938.76 Safari/537.36"
40.77.167.241 - - [17/Nov/2024:09:15:19 +0000] "GET /363795110 HTTP/1.1" 200 28332 "-" "Mozilla/5.0 AppleWebKit/537.36 (KHTML, like Gecko; compatible; bingbot/2.0; +http://www.bing.com/bingbot.htm) Chrome/116.0.1938.76 Safari/537.36"
207.46.13.64 - - [17/Nov/2024:09:15:20 +0000] "GET /202213910 HTTP/1.1" 200 24987 "-" "Mozilla/5.0 AppleWebKit/537.36 (KHTML, like Gecko; compatible; bingbot/2.0; +http://www.bing.com/bingbot.htm) Chrome/116.0.1938.76 Safari/537.36"
40.77.167.241 - - [17/Nov/2024:09:15:21 +0000] "GET /261598790 HTTP/1.1" 200 26598 "-" "Mozilla/5.0 AppleWebKit/537.36 (KHTML, like Gecko; compatible; bingbot/2.0; +http://www.bing.com/bingbot.htm) Chrome/116.0.1938.76 Safari/537.36"
34.195.248.30 - - [17/Nov/2024:09:15:21 +0000] "GET /18620wgwwitems/etidm70ew HTTP/1.1" 404 30904 "-" "Mozilla/5.0 (Macintosh; Intel Mac OS X 10_10_1) AppleWebKit/600.2.5 (KHTML, like Gecko) Version/8.0.2 Safari/600.2.5 (Amazonbot/0.1; +https://developer.amazon.com/support/amazonbot)"
207.46.13.64 - - [17/Nov/2024:09:15:21 +0000] "GET /139909910 HTTP/1.1" 200 27022 "-" "Mozilla/5.0 AppleWebKit/537.36 (KHTML, like Gecko; compatible; bingbot/2.0; +http://www.bing.com/bingbot.htm) Chrome/116.0.1938.76 Safari/537.36"
40.77.167.241 - - [17/Nov/2024:09:15:22 +0000] "GET /129385910 HTTP/1.1" 200 28075 "-" "Mozilla/5.0 AppleWebKit/537.36 (KHTML, like Gecko; compatible; bingbot/2.0; +http://www.bing.com/bingbot.htm) Chrome/116.0.1938.76 Safari/537.36"
207.46.13.64 - - [17/Nov/2024:09:15:23 +0000] "GET /355656710 HTTP/1.1" 200 24009 "-" "Mozilla/5.0 AppleWebKit/537.36 (KHTML, like Gecko; compatible; bingbot/2.0; +http://www.bing.com/bingbot.htm) Chrome/116.0.1938.76 Safari/537.36"
40.77.167.241 - - [17/Nov/2024:09:15:23 +0000] "GET /240760550 HTTP/1.1" 200 26563 "-" "Mozilla/5.0 AppleWebKit/537.36 (KHTML, like Gecko; compatible; bingbot/2.0; +http://www.bing.com/bingbot.htm) Chrome/116.0.1938.76 Safari/537.36"
127.0.0.1 - - [17/Nov/2024:09:15:23 +0000] "POST /wp-cron.php?doing_wp_cron=1731834923.7744300365447998046875 HTTP/1.1" 500 5 "-" "WordPress/6.6.2; https://guide.quickscrum.com"
127.0.0.1 - - [17/Nov/2024:09:15:24 +0000] "POST /wp-cron.php?doing_wp_cron=1731834923.9348189830780029296875 HTTP/1.1" 500 5 "-" "WordPress/6.6.2; https://guide.quickscrum.com"
207.46.13.64 - - [17/Nov/2024:09:15:24 +0000] "GET /19683590 HTTP/1.1" 200 27258 "-" "Mozilla/5.0 AppleWebKit/537.36 (KHTML, like Gecko; compatible; bingbot/2.0; +http://www.bing.com/bingbot.htm) Chrome/116.0.1938.76 Safari/537.36"
40.77.167.241 - - [17/Nov/2024:09:15:25 +0000] "GET /92139830 HTTP/1.1" 200 26739 "-" "Mozilla/5.0 AppleWebKit/537.36 (KHTML, like Gecko; compatible; bingbot/2.0; +http://www.bing.com/bingbot.htm) Chrome/116.0.1938.76 Safari/537.36"
207.46.13.64 - - [17/Nov/2024:09:15:25 +0000] "GET /177535430 HTTP/1.1" 200 24306 "-" "Mozilla/5.0 AppleWebKit/537.36 (KHTML, like Gecko; compatible; bingbot/2.0; +http://www.bing.com/bingbot.htm) Chrome/116.0.1938.76 Safari/537.36"
44.193.115.232 - - [17/Nov/2024:09:15:25 +0000] "GET /48937zmddetidm2.htm HTTP/1.1" 404 30914 "-" "Mozilla/5.0 (Macintosh; Intel Mac OS X 10_10_1) AppleWebKit/600.2.5 (KHTML, like Gecko) Version/8.0.2 Safari/600.2.5 (Amazonbot/0.1; +https://developer.amazon.com/support/amazonbot)"
57.141.3.28 - - [17/Nov/2024:09:15:26 +0000] "GET /154873tbjqetidm7.htm HTTP/1.1" 404 140478 "-" "meta-externalagent/1.1 (+https://developers.facebook.com/docs/sharing/webmasters/crawler)"
66.249.74.34 - - [17/Nov/2024:09:15:26 +0000] "GET /wp-content/page/?page=%E0%B8%A3%E0%B8%B2%E0%B8%8A%E0%B8%B299 HTTP/1.1" 200 2202 "-" "Mozilla/5.0 (Linux; Android 6.0.1; Nexus 5X Build/MMB29P) AppleWebKit/537.36 (KHTML, like Gecko) Chrome/131.0.6778.69 Mobile Safari/537.36 (compatible; Googlebot/2.1; +http://www.google.com/bot.html)"
40.77.167.241 - - [17/Nov/2024:09:15:26 +0000] "GET /290798390 HTTP/1.1" 200 27030 "-" "Mozilla/5.0 AppleWebKit/537.36 (KHTML, like Gecko; compatible; bingbot/2.0; +http://www.bing.com/bingbot.htm) Chrome/116.0.1938.76 Safari/537.36"
207.46.13.64 - - [17/Nov/2024:09:15:27 +0000] "GET /141881870 HTTP/1.1" 200 30937 "-" "Mozilla/5.0 AppleWebKit/537.36 (KHTML, like Gecko; compatible; bingbot/2.0; +http://www.bing.com/bingbot.htm) Chrome/116.0.1938.76 Safari/537.36"
40.77.167.241 - - [17/Nov/2024:09:15:28 +0000] "GET /127700630 HTTP/1.1" 200 29770 "-" "Mozilla/5.0 AppleWebKit/537.36 (KHTML, like Gecko; compatible; bingbot/2.0; +http://www.bing.com/bingbot.htm) Chrome/116.0.1938.76 Safari/537.36"
44.215.210.112 - - [17/Nov/2024:09:15:29 +0000] "GET /220965yhrejp/ucrhrtion.html HTTP/1.1" 404 30900 "-" "Mozilla/5.0 (Macintosh; Intel Mac OS X 10_10_1) AppleWebKit/600.2.5 (KHTML, like Gecko) Version/8.0.2 Safari/600.2.5 (Amazonbot/0.1; +https://developer.amazon.com/support/amazonbot)"
207.46.13.64 - - [17/Nov/2024:09:15:29 +0000] "GET /37326470 HTTP/1.1" 200 31497 "-" "Mozilla/5.0 AppleWebKit/537.36 (KHTML, like Gecko; compatible; bingbot/2.0; +http://www.bing.com/bingbot.htm) Chrome/116.0.1938.76 Safari/537.36"
207.46.13.64 - - [17/Nov/2024:09:15:30 +0000] "GET /239193230 HTTP/1.1" 200 25330 "-" "Mozilla/5.0 AppleWebKit/537.36 (KHTML, like Gecko; compatible; bingbot/2.0; +http://www.bing.com/bingbot.htm) Chrome/116.0.1938.76 Safari/537.36"
178.255.44.60 - - [17/Nov/2024:09:15:32 +0000] "GET / HTTP/1.1" 500 2924 "-" "Mozilla/5.0 (Macintosh; Intel Mac OS X 10_15_7) AppleWebKit/537.36 (KHTML, like Gecko) Chrome/120.0.0.0 Safari/537.36"
207.46.13.64 - - [17/Nov/2024:09:15:32 +0000] "GET /147833990 HTTP/1.1" 200 28040 "-" "Mozilla/5.0 AppleWebKit/537.36 (KHTML, like Gecko; compatible; bingbot/2.0; +http://www.bing.com/bingbot.htm) Chrome/116.0.1938.76 Safari/537.36"
207.46.13.64 - - [17/Nov/2024:09:15:33 +0000] "GET /6344510 HTTP/1.1" 200 26830 "-" "Mozilla/5.0 AppleWebKit/537.36 (KHTML, like Gecko; compatible; bingbot/2.0; +http://www.bing.com/bingbot.htm) Chrome/116.0.1938.76 Safari/537.36"
23.20.178.124 - - [17/Nov/2024:09:15:33 +0000] "GET /280263zmdditems/etid.html HTTP/1.1" 404 30904 "-" "Mozilla/5.0 (Macintosh; Intel Mac OS X 10_10_1) AppleWebKit/600.2.5 (KHTML, like Gecko) Version/8.0.2 Safari/600.2.5 (Amazonbot/0.1; +https://developer.amazon.com/support/amazonbot)"
207.46.13.64 - - [17/Nov/2024:09:15:33 +0000] "GET /202683710 HTTP/1.1" 200 26062 "-" "Mozilla/5.0 AppleWebKit/537.36 (KHTML, like Gecko; compatible; bingbot/2.0; +http://www.bing.com/bingbot.htm) Chrome/116.0.1938.76 Safari/537.36"
207.46.13.64 - - [17/Nov/2024:09:15:34 +0000] "GET /310025030 HTTP/1.1" 200 25056 "-" "Mozilla/5.0 AppleWebKit/537.36 (KHTML, like Gecko; compatible; bingbot/2.0; +http://www.bing.com/bingbot.htm) Chrome/116.0.1938.76 Safari/537.36"
207.46.13.64 - - [17/Nov/2024:09:15:35 +0000] "GET /132701990 HTTP/1.1" 200 27541 "-" "Mozilla/5.0 AppleWebKit/537.36 (KHTML, like Gecko; compatible; bingbot/2.0; +http://www.bing.com/bingbot.htm) Chrome/116.0.1938.76 Safari/537.36"
68.71.249.158 - - [17/Nov/2024:09:15:36 +0000] "GET / HTTP/1.1" 500 2924 "-" "Mozilla/5.0 (Macintosh; Intel Mac OS X 10_15_7) AppleWebKit/537.36 (KHTML, like Gecko) Chrome/120.0.0.0 Safari/537.36"
207.46.13.64 - - [17/Nov/2024:09:15:36 +0000] "GET /254124230 HTTP/1.1" 200 27478 "-" "Mozilla/5.0 AppleWebKit/537.36 (KHTML, like Gecko; compatible; bingbot/2.0; +http://www.bing.com/bingbot.htm) Chrome/116.0.1938.76 Safari/537.36"
23.23.137.202 - - [17/Nov/2024:09:15:36 +0000] "GET /111621wgwwitems/etidm18dgd.html HTTP/1.1" 404 30902 "-" "Mozilla/5.0 (Macintosh; Intel Mac OS X 10_10_1) AppleWebKit/600.2.5 (KHTML, like Gecko) Version/8.0.2 Safari/600.2.5 (Amazonbot/0.1; +https://developer.amazon.com/support/amazonbot)"
207.46.13.64 - - [17/Nov/2024:09:15:37 +0000] "GET /210470390 HTTP/1.1" 200 23898 "-" "Mozilla/5.0 AppleWebKit/537.36 (KHTML, like Gecko; compatible; bingbot/2.0; +http://www.bing.com/bingbot.htm) Chrome/116.0.1938.76 Safari/537.36"
207.46.13.64 - - [17/Nov/2024:09:15:37 +0000] "GET /298860110 HTTP/1.1" 200 25853 "-" "Mozilla/5.0 AppleWebKit/537.36 (KHTML, like Gecko; compatible; bingbot/2.0; +http://www.bing.com/bingbot.htm) Chrome/116.0.1938.76 Safari/537.36"
207.46.13.64 - - [17/Nov/2024:09:15:38 +0000] "GET /101507630 HTTP/1.1" 200 22681 "-" "Mozilla/5.0 AppleWebKit/537.36 (KHTML, like Gecko; compatible; bingbot/2.0; +http://www.bing.com/bingbot.htm) Chrome/116.0.1938.76 Safari/537.36"
52.167.144.203 - - [17/Nov/2024:09:15:38 +0000] "GET /166597790 HTTP/1.1" 200 22942 "-" "Mozilla/5.0 AppleWebKit/537.36 (KHTML, like Gecko; compatible; bingbot/2.0; +http://www.bing.com/bingbot.htm) Chrome/116.0.1938.76 Safari/537.36"
207.46.13.64 - - [17/Nov/2024:09:15:39 +0000] "GET /296763110 HTTP/1.1" 200 24288 "-" "Mozilla/5.0 AppleWebKit/537.36 (KHTML, like Gecko; compatible; bingbot/2.0; +http://www.bing.com/bingbot.htm) Chrome/116.0.1938.76 Safari/537.36"
52.167.144.203 - - [17/Nov/2024:09:15:39 +0000] "GET /203830670 HTTP/1.1" 200 24037 "-" "Mozilla/5.0 AppleWebKit/537.36 (KHTML, like Gecko; compatible; bingbot/2.0; +http://www.bing.com/bingbot.htm) Chrome/116.0.1938.76 Safari/537.36"
52.167.144.203 - - [17/Nov/2024:09:15:40 +0000] "GET /291228110 HTTP/1.1" 200 23346 "-" "Mozilla/5.0 AppleWebKit/537.36 (KHTML, like Gecko; compatible; bingbot/2.0; +http://www.bing.com/bingbot.htm) Chrome/116.0.1938.76 Safari/537.36"
98.83.72.38 - - [17/Nov/2024:09:15:41 +0000] "GET /1512yyynetidm.html HTTP/1.1" 404 30912 "-" "Mozilla/5.0 (Macintosh; Intel Mac OS X 10_10_1) AppleWebKit/600.2.5 (KHTML, like Gecko) Version/8.0.2 Safari/600.2.5 (Amazonbot/0.1; +https://developer.amazon.com/support/amazonbot)"
52.167.144.203 - - [17/Nov/2024:09:15:41 +0000] "GET /338957630 HTTP/1.1" 200 31964 "-" "Mozilla/5.0 AppleWebKit/537.36 (KHTML, like Gecko; compatible; bingbot/2.0; +http://www.bing.com/bingbot.htm) Chrome/116.0.1938.76 Safari/537.36"
52.167.144.203 - - [17/Nov/2024:09:15:43 +0000] "GET /276887750 HTTP/1.1" 200 23798 "-" "Mozilla/5.0 AppleWebKit/537.36 (KHTML, like Gecko; compatible; bingbot/2.0; +http://www.bing.com/bingbot.htm) Chrome/116.0.1938.76 Safari/537.36"
52.167.144.203 - - [17/Nov/2024:09:15:44 +0000] "GET /267103430 HTTP/1.1" 200 25271 "-" "Mozilla/5.0 AppleWebKit/537.36 (KHTML, like Gecko; compatible; bingbot/2.0; +http://www.bing.com/bingbot.htm) Chrome/116.0.1938.76 Safari/537.36"
3.232.82.72 - - [17/Nov/2024:09:15:45 +0000] "GET /246341yyynetidm75ryr HTTP/1.1" 404 30907 "-" "Mozilla/5.0 (Macintosh; Intel Mac OS X 10_10_1) AppleWebKit/600.2.5 (KHTML, like Gecko) Version/8.0.2 Safari/600.2.5 (Amazonbot/0.1; +https://developer.amazon.com/support/amazonbot)"
52.167.144.203 - - [17/Nov/2024:09:15:45 +0000] "GET /250207550 HTTP/1.1" 200 23340 "-" "Mozilla/5.0 AppleWebKit/537.36 (KHTML, like Gecko; compatible; bingbot/2.0; +http://www.bing.com/bingbot.htm) Chrome/116.0.1938.76 Safari/537.36"
207.46.13.64 - - [17/Nov/2024:09:15:45 +0000] "GET /246662990 HTTP/1.1" 200 25962 "-" "Mozilla/5.0 AppleWebKit/537.36 (KHTML, like Gecko; compatible; bingbot/2.0; +http://www.bing.com/bingbot.htm) Chrome/116.0.1938.76 Safari/537.36"
52.167.144.203 - - [17/Nov/2024:09:15:46 +0000] "GET /77541110 HTTP/1.1" 200 25913 "-" "Mozilla/5.0 AppleWebKit/537.36 (KHTML, like Gecko; compatible; bingbot/2.0; +http://www.bing.com/bingbot.htm) Chrome/116.0.1938.76 Safari/537.36"
52.167.144.203 - - [17/Nov/2024:09:15:47 +0000] "GET /170230550 HTTP/1.1" 200 24865 "-" "Mozilla/5.0 AppleWebKit/537.36 (KHTML, like Gecko; compatible; bingbot/2.0; +http://www.bing.com/bingbot.htm) Chrome/116.0.1938.76 Safari/537.36"
44.206.93.215 - - [17/Nov/2024:09:15:49 +0000] "GET /199489zmddetidm2.htm HTTP/1.1" 404 30909 "-" "Mozilla/5.0 (Macintosh; Intel Mac OS X 10_10_1) AppleWebKit/600.2.5 (KHTML, like Gecko) Version/8.0.2 Safari/600.2.5 (Amazonbot/0.1; +https://developer.amazon.com/support/amazonbot)"
52.167.144.203 - - [17/Nov/2024:09:15:49 +0000] "GET /86561030 HTTP/1.1" 200 32489 "-" "Mozilla/5.0 AppleWebKit/537.36 (KHTML, like Gecko; compatible; bingbot/2.0; +http://www.bing.com/bingbot.htm) Chrome/116.0.1938.76 Safari/537.36"
98.191.0.47 - - [17/Nov/2024:09:15:50 +0000] "GET / HTTP/1.1" 500 2924 "-" "Mozilla/5.0 (Macintosh; Intel Mac OS X 10_15_7) AppleWebKit/537.36 (KHTML, like Gecko) Chrome/120.0.0.0 Safari/537.36"
52.167.144.203 - - [17/Nov/2024:09:15:50 +0000] "GET /344483990 HTTP/1.1" 200 24072 "-" "Mozilla/5.0 AppleWebKit/537.36 (KHTML, like Gecko; compatible; bingbot/2.0; +http://www.bing.com/bingbot.htm) Chrome/116.0.1938.76 Safari/537.36"
40.77.190.64 - - [17/Nov/2024:09:15:51 +0000] "GET /94581950 HTTP/1.1" 200 25724 "https://guide.quickscrum.com/94581950" "Mozilla/5.0 AppleWebKit/537.36 (KHTML, like Gecko; compatible; bingbot/2.0; +http://www.bing.com/bingbot.htm) Chrome/112.0.0.0 Safari/537.36"
52.167.144.203 - - [17/Nov/2024:09:15:52 +0000] "GET /296205950 HTTP/1.1" 200 25168 "-" "Mozilla/5.0 AppleWebKit/537.36 (KHTML, like Gecko; compatible; bingbot/2.0; +http://www.bing.com/bingbot.htm) Chrome/116.0.1938.76 Safari/537.36"
54.83.180.239 - - [17/Nov/2024:09:15:53 +0000] "GET /43517gbzsetidm93tbt HTTP/1.1" 404 30903 "-" "Mozilla/5.0 (Macintosh; Intel Mac OS X 10_10_1) AppleWebKit/600.2.5 (KHTML, like Gecko) Version/8.0.2 Safari/600.2.5 (Amazonbot/0.1; +https://developer.amazon.com/support/amazonbot)"
52.167.144.203 - - [17/Nov/2024:09:15:53 +0000] "GET /277413710 HTTP/1.1" 200 24614 "-" "Mozilla/5.0 AppleWebKit/537.36 (KHTML, like Gecko; compatible; bingbot/2.0; +http://www.bing.com/bingbot.htm) Chrome/116.0.1938.76 Safari/537.36"
52.167.144.203 - - [17/Nov/2024:09:15:55 +0000] "GET /46101710 HTTP/1.1" 200 29516 "-" "Mozilla/5.0 AppleWebKit/537.36 (KHTML, like Gecko; compatible; bingbot/2.0; +http://www.bing.com/bingbot.htm) Chrome/116.0.1938.76 Safari/537.36"
52.167.144.203 - - [17/Nov/2024:09:15:56 +0000] "GET /209726510 HTTP/1.1" 200 27977 "-" "Mozilla/5.0 AppleWebKit/537.36 (KHTML, like Gecko; compatible; bingbot/2.0; +http://www.bing.com/bingbot.htm) Chrome/116.0.1938.76 Safari/537.36"
3.94.157.25 - - [17/Nov/2024:09:15:56 +0000] "GET /83116tbjqitems/etidm87ut.htm HTTP/1.1" 404 30902 "-" "Mozilla/5.0 (Macintosh; Intel Mac OS X 10_10_1) AppleWebKit/600.2.5 (KHTML, like Gecko) Version/8.0.2 Safari/600.2.5 (Amazonbot/0.1; +https://developer.amazon.com/support/amazonbot)"
52.167.144.203 - - [17/Nov/2024:09:15:57 +0000] "GET /353976230 HTTP/1.1" 200 24271 "-" "Mozilla/5.0 AppleWebKit/537.36 (KHTML, like Gecko; compatible; bingbot/2.0; +http://www.bing.com/bingbot.htm) Chrome/116.0.1938.76 Safari/537.36"
52.167.144.203 - - [17/Nov/2024:09:15:58 +0000] "GET /334531310 HTTP/1.1" 200 29277 "-" "Mozilla/5.0 AppleWebKit/537.36 (KHTML, like Gecko; compatible; bingbot/2.0; +http://www.bing.com/bingbot.htm) Chrome/116.0.1938.76 Safari/537.36"
52.167.144.203 - - [17/Nov/2024:09:16:00 +0000] "GET /294404750 HTTP/1.1" 200 23721 "-" "Mozilla/5.0 AppleWebKit/537.36 (KHTML, like Gecko; compatible; bingbot/2.0; +http://www.bing.com/bingbot.htm) Chrome/116.0.1938.76 Safari/537.36"
54.235.158.162 - - [17/Nov/2024:09:16:01 +0000] "GET /97410zmddetidm12.html HTTP/1.1" 404 30917 "-" "Mozilla/5.0 (Macintosh; Intel Mac OS X 10_10_1) AppleWebKit/600.2.5 (KHTML, like Gecko) Version/8.0.2 Safari/600.2.5 (Amazonbot/0.1; +https://developer.amazon.com/support/amazonbot)"
52.167.144.203 - - [17/Nov/2024:09:16:01 +0000] "GET /283291910 HTTP/1.1" 200 24061 "-" "Mozilla/5.0 AppleWebKit/537.36 (KHTML, like Gecko; compatible; bingbot/2.0; +http://www.bing.com/bingbot.htm) Chrome/116.0.1938.76 Safari/537.36"
52.167.144.203 - - [17/Nov/2024:09:16:02 +0000] "GET /168582110 HTTP/1.1" 200 27194 "-" "Mozilla/5.0 AppleWebKit/537.36 (KHTML, like Gecko; compatible; bingbot/2.0; +http://www.bing.com/bingbot.htm) Chrome/116.0.1938.76 Safari/537.36"
52.167.144.203 - - [17/Nov/2024:09:16:04 +0000] "GET /237159710 HTTP/1.1" 200 27302 "-" "Mozilla/5.0 AppleWebKit/537.36 (KHTML, like Gecko; compatible; bingbot/2.0; +http://www.bing.com/bingbot.htm) Chrome/116.0.1938.76 Safari/537.36"
52.1.106.130 - - [17/Nov/2024:09:16:04 +0000] "GET /260689ygvoetidm4.htm HTTP/1.1" 404 30913 "-" "Mozilla/5.0 (Macintosh; Intel Mac OS X 10_10_1) AppleWebKit/600.2.5 (KHTML, like Gecko) Version/8.0.2 Safari/600.2.5 (Amazonbot/0.1; +https://developer.amazon.com/support/amazonbot)"
57.141.3.26 - - [17/Nov/2024:09:16:05 +0000] "GET /114626dboyitems/etidm45 HTTP/1.1" 404 140458 "-" "meta-externalagent/1.1 (+https://developers.facebook.com/docs/sharing/webmasters/crawler)"
52.167.144.203 - - [17/Nov/2024:09:16:05 +0000] "GET /86081030 HTTP/1.1" 200 25777 "-" "Mozilla/5.0 AppleWebKit/537.36 (KHTML, like Gecko; compatible; bingbot/2.0; +http://www.bing.com/bingbot.htm) Chrome/116.0.1938.76 Safari/537.36"
52.167.144.203 - - [17/Nov/2024:09:16:06 +0000] "GET /177494150 HTTP/1.1" 200 25094 "-" "Mozilla/5.0 AppleWebKit/537.36 (KHTML, like Gecko; compatible; bingbot/2.0; +http://www.bing.com/bingbot.htm) Chrome/116.0.1938.76 Safari/537.36"
52.167.144.203 - - [17/Nov/2024:09:16:08 +0000] "GET /91114190 HTTP/1.1" 200 36037 "-" "Mozilla/5.0 AppleWebKit/537.36 (KHTML, like Gecko; compatible; bingbot/2.0; +http://www.bing.com/bingbot.htm) Chrome/116.0.1938.76 Safari/537.36"
85.208.96.207 - - [17/Nov/2024:09:16:08 +0000] "GET /16643zmddetidm11d HTTP/1.1" 500 5 "-" "Mozilla/5.0 (compatible; SemrushBot/7~bl; +http://www.semrush.com/bot.html)"
40.77.167.241 - - [17/Nov/2024:09:16:08 +0000] "GET /166863470 HTTP/1.1" 200 24482 "-" "Mozilla/5.0 AppleWebKit/537.36 (KHTML, like Gecko; compatible; bingbot/2.0; +http://www.bing.com/bingbot.htm) Chrome/116.0.1938.76 Safari/537.36"
107.20.255.194 - - [17/Nov/2024:09:16:09 +0000] "GET /118658wgwwitems/etidm96 HTTP/1.1" 404 30905 "-" "Mozilla/5.0 (Macintosh; Intel Mac OS X 10_10_1) AppleWebKit/600.2.5 (KHTML, like Gecko) Version/8.0.2 Safari/600.2.5 (Amazonbot/0.1; +https://developer.amazon.com/support/amazonbot)"
52.167.144.203 - - [17/Nov/2024:09:16:09 +0000] "GET /66951110 HTTP/1.1" 200 25206 "-" "Mozilla/5.0 AppleWebKit/537.36 (KHTML, like Gecko; compatible; bingbot/2.0; +http://www.bing.com/bingbot.htm) Chrome/116.0.1938.76 Safari/537.36"
40.77.167.241 - - [17/Nov/2024:09:16:10 +0000] "GET /279784670 HTTP/1.1" 200 25499 "-" "Mozilla/5.0 AppleWebKit/537.36 (KHTML, like Gecko; compatible; bingbot/2.0; +http://www.bing.com/bingbot.htm) Chrome/116.0.1938.76 Safari/537.36"
52.167.144.203 - - [17/Nov/2024:09:16:11 +0000] "GET /271028870 HTTP/1.1" 200 24732 "-" "Mozilla/5.0 AppleWebKit/537.36 (KHTML, like Gecko; compatible; bingbot/2.0; +http://www.bing.com/bingbot.htm) Chrome/116.0.1938.76 Safari/537.36"
45.227.254.34 - - [17/Nov/2024:09:16:11 +0000] "POST /wp-content/plugins/wp-mail-smtp/vendor_prefixed/symfony/deprecation-contracts/ja_vars.php HTTP/1.1" 200 46 "-" "Mozilla/5.0 (Macintosh; Intel Mac OS X 10_15_7) AppleWebKit/537.36 (KHTML, like Gecko) Chrome/120.0.0.0 Safari/537.36"
40.77.167.241 - - [17/Nov/2024:09:16:11 +0000] "GET /208608710 HTTP/1.1" 200 23691 "-" "Mozilla/5.0 AppleWebKit/537.36 (KHTML, like Gecko; compatible; bingbot/2.0; +http://www.bing.com/bingbot.htm) Chrome/116.0.1938.76 Safari/537.36"
52.167.144.203 - - [17/Nov/2024:09:16:12 +0000] "GET /284853350 HTTP/1.1" 200 23909 "-" "Mozilla/5.0 AppleWebKit/537.36 (KHTML, like Gecko; compatible; bingbot/2.0; +http://www.bing.com/bingbot.htm) Chrome/116.0.1938.76 Safari/537.36"
45.227.254.34 - - [17/Nov/2024:09:16:12 +0000] "POST /wp-content/plugins/js_composer/include/templates/editors/partials/frontend_controls.tpl.php HTTP/1.1" 200 46 "-" "Mozilla/5.0 (Macintosh; Intel Mac OS X 10_15_7) AppleWebKit/537.36 (KHTML, like Gecko) Chrome/120.0.0.0 Safari/537.36"
40.77.167.241 - - [17/Nov/2024:09:16:12 +0000] "GET /75994190 HTTP/1.1" 200 33605 "-" "Mozilla/5.0 AppleWebKit/537.36 (KHTML, like Gecko; compatible; bingbot/2.0; +http://www.bing.com/bingbot.htm) Chrome/116.0.1938.76 Safari/537.36"
34.230.124.21 - - [17/Nov/2024:09:16:13 +0000] "GET /202859dboyetidm86h HTTP/1.1" 404 30907 "-" "Mozilla/5.0 (Macintosh; Intel Mac OS X 10_10_1) AppleWebKit/600.2.5 (KHTML, like Gecko) Version/8.0.2 Safari/600.2.5 (Amazonbot/0.1; +https://developer.amazon.com/support/amazonbot)"
52.167.144.203 - - [17/Nov/2024:09:16:13 +0000] "GET /155419790 HTTP/1.1" 200 25387 "-" "Mozilla/5.0 AppleWebKit/537.36 (KHTML, like Gecko; compatible; bingbot/2.0; +http://www.bing.com/bingbot.htm) Chrome/116.0.1938.76 Safari/537.36"
45.227.254.34 - - [17/Nov/2024:09:16:13 +0000] "POST /wp-content/plugins/js_composer/include/params/vc_grid_item/editor/class-vc-grid-item-editor.php HTTP/1.1" 200 46 "-" "Mozilla/5.0 (Macintosh; Intel Mac OS X 10_15_7) AppleWebKit/537.36 (KHTML, like Gecko) Chrome/120.0.0.0 Safari/537.36"
40.77.167.241 - - [17/Nov/2024:09:16:13 +0000] "GET /235456910 HTTP/1.1" 200 24586 "-" "Mozilla/5.0 AppleWebKit/537.36 (KHTML, like Gecko; compatible; bingbot/2.0; +http://www.bing.com/bingbot.htm) Chrome/116.0.1938.76 Safari/537.36"
52.167.144.203 - - [17/Nov/2024:09:16:14 +0000] "GET /7785950 HTTP/1.1" 200 30588 "-" "Mozilla/5.0 AppleWebKit/537.36 (KHTML, like Gecko; compatible; bingbot/2.0; +http://www.bing.com/bingbot.htm) Chrome/116.0.1938.76 Safari/537.36"
45.227.254.34 - - [17/Nov/2024:09:16:14 +0000] "POST /old_wordpress/wp-includes/rest-api/endpoints/class-wp-rest-post-types-controller.php HTTP/1.1" 200 46 "-" "Mozilla/5.0 (Macintosh; Intel Mac OS X 10_15_7) AppleWebKit/537.36 (KHTML, like Gecko) Chrome/120.0.0.0 Safari/537.36"
40.77.167.241 - - [17/Nov/2024:09:16:14 +0000] "GET /122195870 HTTP/1.1" 200 33277 "-" "Mozilla/5.0 AppleWebKit/537.36 (KHTML, like Gecko; compatible; bingbot/2.0; +http://www.bing.com/bingbot.htm) Chrome/116.0.1938.76 Safari/537.36"
45.227.254.34 - - [17/Nov/2024:09:16:16 +0000] "POST /wp-content/plugins/js_composer/include/templates/shortcodes/vc_gitem_block.php HTTP/1.1" 200 46 "-" "Mozilla/5.0 (Macintosh; Intel Mac OS X 10_15_7) AppleWebKit/537.36 (KHTML, like Gecko) Chrome/120.0.0.0 Safari/537.36"
40.77.167.241 - - [17/Nov/2024:09:16:16 +0000] "GET /284465990 HTTP/1.1" 200 23410 "-" "Mozilla/5.0 AppleWebKit/537.36 (KHTML, like Gecko; compatible; bingbot/2.0; +http://www.bing.com/bingbot.htm) Chrome/116.0.1938.76 Safari/537.36"
