52.167.144.186 - - [16/Nov/2024:07:36:42 +0000] "GET /200694590 HTTP/1.1" 200 24937 "-" "Mozilla/5.0 AppleWebKit/537.36 (KHTML, like Gecko; compatible; bingbot/2.0; +http://www.bing.com/bingbot.htm) Chrome/116.0.1938.76 Safari/537.36"
52.167.144.186 - - [16/Nov/2024:07:36:44 +0000] "GET /163213070 HTTP/1.1" 200 24405 "-" "Mozilla/5.0 AppleWebKit/537.36 (KHTML, like Gecko; compatible; bingbot/2.0; +http://www.bing.com/bingbot.htm) Chrome/116.0.1938.76 Safari/537.36"
54.85.7.119 - - [16/Nov/2024:07:36:44 +0000] "GET /266173dboyetidm13lbl.htm HTTP/1.1" 404 30915 "-" "Mozilla/5.0 (Macintosh; Intel Mac OS X 10_10_1) AppleWebKit/600.2.5 (KHTML, like Gecko) Version/8.0.2 Safari/600.2.5 (Amazonbot/0.1; +https://developer.amazon.com/support/amazonbot)"
52.167.144.186 - - [16/Nov/2024:07:36:45 +0000] "GET /236281070 HTTP/1.1" 200 24560 "-" "Mozilla/5.0 AppleWebKit/537.36 (KHTML, like Gecko; compatible; bingbot/2.0; +http://www.bing.com/bingbot.htm) Chrome/116.0.1938.76 Safari/537.36"
52.167.144.186 - - [16/Nov/2024:07:36:46 +0000] "GET /34460030 HTTP/1.1" 200 26484 "-" "Mozilla/5.0 AppleWebKit/537.36 (KHTML, like Gecko; compatible; bingbot/2.0; +http://www.bing.com/bingbot.htm) Chrome/116.0.1938.76 Safari/537.36"
52.167.144.186 - - [16/Nov/2024:07:36:47 +0000] "GET /177923630 HTTP/1.1" 200 24056 "-" "Mozilla/5.0 AppleWebKit/537.36 (KHTML, like Gecko; compatible; bingbot/2.0; +http://www.bing.com/bingbot.htm) Chrome/116.0.1938.76 Safari/537.36"
184.73.35.182 - - [16/Nov/2024:07:36:49 +0000] "GET /114430yyynitems/eti.htm HTTP/1.1" 404 30904 "-" "Mozilla/5.0 (Macintosh; Intel Mac OS X 10_10_1) AppleWebKit/600.2.5 (KHTML, like Gecko) Version/8.0.2 Safari/600.2.5 (Amazonbot/0.1; +https://developer.amazon.com/support/amazonbot)"
52.167.144.186 - - [16/Nov/2024:07:36:49 +0000] "GET /308413310 HTTP/1.1" 200 24157 "-" "Mozilla/5.0 AppleWebKit/537.36 (KHTML, like Gecko; compatible; bingbot/2.0; +http://www.bing.com/bingbot.htm) Chrome/116.0.1938.76 Safari/537.36"
52.167.144.186 - - [16/Nov/2024:07:36:50 +0000] "GET /72769310 HTTP/1.1" 200 34493 "-" "Mozilla/5.0 AppleWebKit/537.36 (KHTML, like Gecko; compatible; bingbot/2.0; +http://www.bing.com/bingbot.htm) Chrome/116.0.1938.76 Safari/537.36"
52.167.144.186 - - [16/Nov/2024:07:36:51 +0000] "GET /109001030 HTTP/1.1" 200 25116 "-" "Mozilla/5.0 AppleWebKit/537.36 (KHTML, like Gecko; compatible; bingbot/2.0; +http://www.bing.com/bingbot.htm) Chrome/116.0.1938.76 Safari/537.36"
52.167.144.186 - - [16/Nov/2024:07:36:52 +0000] "GET /275115590 HTTP/1.1" 200 25609 "-" "Mozilla/5.0 AppleWebKit/537.36 (KHTML, like Gecko; compatible; bingbot/2.0; +http://www.bing.com/bingbot.htm) Chrome/116.0.1938.76 Safari/537.36"
52.167.144.186 - - [16/Nov/2024:07:36:53 +0000] "GET /234383510 HTTP/1.1" 200 24360 "-" "Mozilla/5.0 AppleWebKit/537.36 (KHTML, like Gecko; compatible; bingbot/2.0; +http://www.bing.com/bingbot.htm) Chrome/116.0.1938.76 Safari/537.36"
52.44.148.203 - - [16/Nov/2024:07:36:53 +0000] "GET /227209gbzsetidm5.htm HTTP/1.1" 404 30915 "-" "Mozilla/5.0 (Macintosh; Intel Mac OS X 10_10_1) AppleWebKit/600.2.5 (KHTML, like Gecko) Version/8.0.2 Safari/600.2.5 (Amazonbot/0.1; +https://developer.amazon.com/support/amazonbot)"
66.249.75.43 - - [16/Nov/2024:07:36:54 +0000] "GET /89420150 HTTP/1.1" 200 24151 "-" "Mozilla/5.0 (Linux; Android 6.0.1; Nexus 5X Build/MMB29P) AppleWebKit/537.36 (KHTML, like Gecko) Chrome/131.0.6778.69 Mobile Safari/537.36 (compatible; Googlebot/2.1; +http://www.google.com/bot.html)"
52.167.144.186 - - [16/Nov/2024:07:36:54 +0000] "GET /65611190 HTTP/1.1" 200 25283 "-" "Mozilla/5.0 AppleWebKit/537.36 (KHTML, like Gecko; compatible; bingbot/2.0; +http://www.bing.com/bingbot.htm) Chrome/116.0.1938.76 Safari/537.36"
52.167.144.186 - - [16/Nov/2024:07:36:56 +0000] "GET /336326630 HTTP/1.1" 200 27564 "-" "Mozilla/5.0 AppleWebKit/537.36 (KHTML, like Gecko; compatible; bingbot/2.0; +http://www.bing.com/bingbot.htm) Chrome/116.0.1938.76 Safari/537.36"
44.215.61.66 - - [16/Nov/2024:07:36:57 +0000] "GET /95470ygvoitems/eti.htm HTTP/1.1" 404 30902 "-" "Mozilla/5.0 (Macintosh; Intel Mac OS X 10_10_1) AppleWebKit/600.2.5 (KHTML, like Gecko) Version/8.0.2 Safari/600.2.5 (Amazonbot/0.1; +https://developer.amazon.com/support/amazonbot)"
52.167.144.181 - - [16/Nov/2024:07:36:58 +0000] "GET /200713070 HTTP/1.1" 200 24602 "-" "Mozilla/5.0 AppleWebKit/537.36 (KHTML, like Gecko; compatible; bingbot/2.0; +http://www.bing.com/bingbot.htm) Chrome/116.0.1938.76 Safari/537.36"
52.167.144.181 - - [16/Nov/2024:07:36:59 +0000] "GET /221793710 HTTP/1.1" 200 25868 "-" "Mozilla/5.0 AppleWebKit/537.36 (KHTML, like Gecko; compatible; bingbot/2.0; +http://www.bing.com/bingbot.htm) Chrome/116.0.1938.76 Safari/537.36"
127.0.0.1 - - [16/Nov/2024:07:36:59 +0000] "POST /wp-cron.php?doing_wp_cron=1731742619.6428449153900146484375 HTTP/1.1" 500 5 "-" "WordPress/6.6.2; https://guide.quickscrum.com"
52.167.144.181 - - [16/Nov/2024:07:37:00 +0000] "GET /172679150 HTTP/1.1" 200 24672 "-" "Mozilla/5.0 AppleWebKit/537.36 (KHTML, like Gecko; compatible; bingbot/2.0; +http://www.bing.com/bingbot.htm) Chrome/116.0.1938.76 Safari/537.36"
52.167.144.181 - - [16/Nov/2024:07:37:01 +0000] "GET /114972350 HTTP/1.1" 200 26559 "-" "Mozilla/5.0 AppleWebKit/537.36 (KHTML, like Gecko; compatible; bingbot/2.0; +http://www.bing.com/bingbot.htm) Chrome/116.0.1938.76 Safari/537.36"
52.167.144.181 - - [16/Nov/2024:07:37:01 +0000] "GET /277656830 HTTP/1.1" 200 24791 "-" "Mozilla/5.0 AppleWebKit/537.36 (KHTML, like Gecko; compatible; bingbot/2.0; +http://www.bing.com/bingbot.htm) Chrome/116.0.1938.76 Safari/537.36"
3.212.219.113 - - [16/Nov/2024:07:37:01 +0000] "GET /272469gbzsitems/etidm27pbp.html HTTP/1.1" 404 30902 "-" "Mozilla/5.0 (Macintosh; Intel Mac OS X 10_10_1) AppleWebKit/600.2.5 (KHTML, like Gecko) Version/8.0.2 Safari/600.2.5 (Amazonbot/0.1; +https://developer.amazon.com/support/amazonbot)"
52.167.144.181 - - [16/Nov/2024:07:37:02 +0000] "GET /79629590 HTTP/1.1" 200 26641 "-" "Mozilla/5.0 AppleWebKit/537.36 (KHTML, like Gecko; compatible; bingbot/2.0; +http://www.bing.com/bingbot.htm) Chrome/116.0.1938.76 Safari/537.36"
52.167.144.181 - - [16/Nov/2024:07:37:02 +0000] "GET /168087230 HTTP/1.1" 200 24826 "-" "Mozilla/5.0 AppleWebKit/537.36 (KHTML, like Gecko; compatible; bingbot/2.0; +http://www.bing.com/bingbot.htm) Chrome/116.0.1938.76 Safari/537.36"
57.141.3.19 - - [16/Nov/2024:07:37:02 +0000] "GET /46012qmpiitems/etidm94sq.htm HTTP/1.1" 404 140464 "-" "meta-externalagent/1.1 (+https://developers.facebook.com/docs/sharing/webmasters/crawler)"
52.167.144.181 - - [16/Nov/2024:07:37:03 +0000] "GET /239995670 HTTP/1.1" 200 27621 "-" "Mozilla/5.0 AppleWebKit/537.36 (KHTML, like Gecko; compatible; bingbot/2.0; +http://www.bing.com/bingbot.htm) Chrome/116.0.1938.76 Safari/537.36"
52.167.144.181 - - [16/Nov/2024:07:37:04 +0000] "GET /81223550 HTTP/1.1" 200 25250 "-" "Mozilla/5.0 AppleWebKit/537.36 (KHTML, like Gecko; compatible; bingbot/2.0; +http://www.bing.com/bingbot.htm) Chrome/116.0.1938.76 Safari/537.36"
52.167.144.181 - - [16/Nov/2024:07:37:04 +0000] "GET /54299150 HTTP/1.1" 200 31922 "-" "Mozilla/5.0 AppleWebKit/537.36 (KHTML, like Gecko; compatible; bingbot/2.0; +http://www.bing.com/bingbot.htm) Chrome/116.0.1938.76 Safari/537.36"
52.167.144.181 - - [16/Nov/2024:07:37:05 +0000] "GET /73866350 HTTP/1.1" 200 28465 "-" "Mozilla/5.0 AppleWebKit/537.36 (KHTML, like Gecko; compatible; bingbot/2.0; +http://www.bing.com/bingbot.htm) Chrome/116.0.1938.76 Safari/537.36"
54.221.203.24 - - [16/Nov/2024:07:37:05 +0000] "GET /38gvsfitems/eti HTTP/1.1" 404 30899 "-" "Mozilla/5.0 (Macintosh; Intel Mac OS X 10_10_1) AppleWebKit/600.2.5 (KHTML, like Gecko) Version/8.0.2 Safari/600.2.5 (Amazonbot/0.1; +https://developer.amazon.com/support/amazonbot)"
52.167.144.181 - - [16/Nov/2024:07:37:06 +0000] "GET /168574550 HTTP/1.1" 200 27499 "-" "Mozilla/5.0 AppleWebKit/537.36 (KHTML, like Gecko; compatible; bingbot/2.0; +http://www.bing.com/bingbot.htm) Chrome/116.0.1938.76 Safari/537.36"
52.167.144.181 - - [16/Nov/2024:07:37:06 +0000] "GET /235938470 HTTP/1.1" 200 24911 "-" "Mozilla/5.0 AppleWebKit/537.36 (KHTML, like Gecko; compatible; bingbot/2.0; +http://www.bing.com/bingbot.htm) Chrome/116.0.1938.76 Safari/537.36"
52.167.144.181 - - [16/Nov/2024:07:37:08 +0000] "GET /168577910 HTTP/1.1" 200 24061 "-" "Mozilla/5.0 AppleWebKit/537.36 (KHTML, like Gecko; compatible; bingbot/2.0; +http://www.bing.com/bingbot.htm) Chrome/116.0.1938.76 Safari/537.36"
23.21.227.240 - - [16/Nov/2024:07:37:09 +0000] "GET /46453dboyetidm81rbr.htm HTTP/1.1" 404 30913 "-" "Mozilla/5.0 (Macintosh; Intel Mac OS X 10_10_1) AppleWebKit/600.2.5 (KHTML, like Gecko) Version/8.0.2 Safari/600.2.5 (Amazonbot/0.1; +https://developer.amazon.com/support/amazonbot)"
52.167.144.181 - - [16/Nov/2024:07:37:09 +0000] "GET /269782430 HTTP/1.1" 200 24843 "-" "Mozilla/5.0 AppleWebKit/537.36 (KHTML, like Gecko; compatible; bingbot/2.0; +http://www.bing.com/bingbot.htm) Chrome/116.0.1938.76 Safari/537.36"
66.249.75.43 - - [16/Nov/2024:07:37:09 +0000] "GET /357844310 HTTP/1.1" 200 24738 "-" "Mozilla/5.0 (Linux; Android 6.0.1; Nexus 5X Build/MMB29P) AppleWebKit/537.36 (KHTML, like Gecko) Chrome/131.0.6778.69 Mobile Safari/537.36 (compatible; Googlebot/2.1; +http://www.google.com/bot.html)"
52.167.144.181 - - [16/Nov/2024:07:37:10 +0000] "GET /64861790 HTTP/1.1" 200 26621 "-" "Mozilla/5.0 AppleWebKit/537.36 (KHTML, like Gecko; compatible; bingbot/2.0; +http://www.bing.com/bingbot.htm) Chrome/116.0.1938.76 Safari/537.36"
52.167.144.181 - - [16/Nov/2024:07:37:11 +0000] "GET /287563430 HTTP/1.1" 200 23539 "-" "Mozilla/5.0 AppleWebKit/537.36 (KHTML, like Gecko; compatible; bingbot/2.0; +http://www.bing.com/bingbot.htm) Chrome/116.0.1938.76 Safari/537.36"
52.167.144.181 - - [16/Nov/2024:07:37:13 +0000] "GET /213412430 HTTP/1.1" 200 23404 "-" "Mozilla/5.0 AppleWebKit/537.36 (KHTML, like Gecko; compatible; bingbot/2.0; +http://www.bing.com/bingbot.htm) Chrome/116.0.1938.76 Safari/537.36"
54.235.125.129 - - [16/Nov/2024:07:37:13 +0000] "GET /148331tbjqetidm51b HTTP/1.1" 404 30907 "-" "Mozilla/5.0 (Macintosh; Intel Mac OS X 10_10_1) AppleWebKit/600.2.5 (KHTML, like Gecko) Version/8.0.2 Safari/600.2.5 (Amazonbot/0.1; +https://developer.amazon.com/support/amazonbot)"
52.167.144.181 - - [16/Nov/2024:07:37:15 +0000] "GET /31530830 HTTP/1.1" 200 28583 "-" "Mozilla/5.0 AppleWebKit/537.36 (KHTML, like Gecko; compatible; bingbot/2.0; +http://www.bing.com/bingbot.htm) Chrome/116.0.1938.76 Safari/537.36"
52.167.144.181 - - [16/Nov/2024:07:37:16 +0000] "GET /248426630 HTTP/1.1" 200 26067 "-" "Mozilla/5.0 AppleWebKit/537.36 (KHTML, like Gecko; compatible; bingbot/2.0; +http://www.bing.com/bingbot.htm) Chrome/116.0.1938.76 Safari/537.36"
54.163.136.244 - - [16/Nov/2024:07:37:16 +0000] "GET /40178yhrejp/uciriti HTTP/1.1" 404 30902 "-" "Mozilla/5.0 (Macintosh; Intel Mac OS X 10_10_1) AppleWebKit/600.2.5 (KHTML, like Gecko) Version/8.0.2 Safari/600.2.5 (Amazonbot/0.1; +https://developer.amazon.com/support/amazonbot)"
52.167.144.181 - - [16/Nov/2024:07:37:17 +0000] "GET /290115470 HTTP/1.1" 200 25649 "-" "Mozilla/5.0 AppleWebKit/537.36 (KHTML, like Gecko; compatible; bingbot/2.0; +http://www.bing.com/bingbot.htm) Chrome/116.0.1938.76 Safari/537.36"
52.167.144.181 - - [16/Nov/2024:07:37:18 +0000] "GET /351322310 HTTP/1.1" 200 23532 "-" "Mozilla/5.0 AppleWebKit/537.36 (KHTML, like Gecko; compatible; bingbot/2.0; +http://www.bing.com/bingbot.htm) Chrome/116.0.1938.76 Safari/537.36"
52.167.144.181 - - [16/Nov/2024:07:37:19 +0000] "GET /329971550 HTTP/1.1" 200 30629 "-" "Mozilla/5.0 AppleWebKit/537.36 (KHTML, like Gecko; compatible; bingbot/2.0; +http://www.bing.com/bingbot.htm) Chrome/116.0.1938.76 Safari/537.36"
57.141.3.11 - - [16/Nov/2024:07:37:20 +0000] "GET /190526yyynitems/eti HTTP/1.1" 404 140465 "-" "meta-externalagent/1.1 (+https://developers.facebook.com/docs/sharing/webmasters/crawler)"
34.233.114.237 - - [16/Nov/2024:07:37:20 +0000] "GET /248739gbzsitems/etidm43x.html HTTP/1.1" 404 30902 "-" "Mozilla/5.0 (Macintosh; Intel Mac OS X 10_10_1) AppleWebKit/600.2.5 (KHTML, like Gecko) Version/8.0.2 Safari/600.2.5 (Amazonbot/0.1; +https://developer.amazon.com/support/amazonbot)"
52.167.144.181 - - [16/Nov/2024:07:37:21 +0000] "GET /288885110 HTTP/1.1" 200 23405 "-" "Mozilla/5.0 AppleWebKit/537.36 (KHTML, like Gecko; compatible; bingbot/2.0; +http://www.bing.com/bingbot.htm) Chrome/116.0.1938.76 Safari/537.36"
52.167.144.181 - - [16/Nov/2024:07:37:22 +0000] "GET /150599030 HTTP/1.1" 200 31561 "-" "Mozilla/5.0 AppleWebKit/537.36 (KHTML, like Gecko; compatible; bingbot/2.0; +http://www.bing.com/bingbot.htm) Chrome/116.0.1938.76 Safari/537.36"
52.167.144.181 - - [16/Nov/2024:07:37:23 +0000] "GET /325046630 HTTP/1.1" 200 26624 "-" "Mozilla/5.0 AppleWebKit/537.36 (KHTML, like Gecko; compatible; bingbot/2.0; +http://www.bing.com/bingbot.htm) Chrome/116.0.1938.76 Safari/537.36"
52.167.144.181 - - [16/Nov/2024:07:37:24 +0000] "GET /32508590 HTTP/1.1" 200 27455 "-" "Mozilla/5.0 AppleWebKit/537.36 (KHTML, like Gecko; compatible; bingbot/2.0; +http://www.bing.com/bingbot.htm) Chrome/116.0.1938.76 Safari/537.36"
66.249.75.44 - - [16/Nov/2024:07:37:25 +0000] "GET /237058670 HTTP/1.1" 200 24807 "-" "Mozilla/5.0 (Linux; Android 6.0.1; Nexus 5X Build/MMB29P) AppleWebKit/537.36 (KHTML, like Gecko) Chrome/131.0.6778.69 Mobile Safari/537.36 (compatible; Googlebot/2.1; +http://www.google.com/bot.html)"
52.167.144.181 - - [16/Nov/2024:07:37:25 +0000] "GET /40536590 HTTP/1.1" 200 26852 "-" "Mozilla/5.0 AppleWebKit/537.36 (KHTML, like Gecko; compatible; bingbot/2.0; +http://www.bing.com/bingbot.htm) Chrome/116.0.1938.76 Safari/537.36"
44.206.65.8 - - [16/Nov/2024:07:37:26 +0000] "GET /71508gvsfetidm90ig.html HTTP/1.1" 404 30914 "-" "Mozilla/5.0 (Macintosh; Intel Mac OS X 10_10_1) AppleWebKit/600.2.5 (KHTML, like Gecko) Version/8.0.2 Safari/600.2.5 (Amazonbot/0.1; +https://developer.amazon.com/support/amazonbot)"
52.167.144.181 - - [16/Nov/2024:07:37:26 +0000] "GET /29957750 HTTP/1.1" 200 33501 "-" "Mozilla/5.0 AppleWebKit/537.36 (KHTML, like Gecko; compatible; bingbot/2.0; +http://www.bing.com/bingbot.htm) Chrome/116.0.1938.76 Safari/537.36"
52.167.144.181 - - [16/Nov/2024:07:37:27 +0000] "GET /264138350 HTTP/1.1" 200 25408 "-" "Mozilla/5.0 AppleWebKit/537.36 (KHTML, like Gecko; compatible; bingbot/2.0; +http://www.bing.com/bingbot.htm) Chrome/116.0.1938.76 Safari/537.36"
57.141.3.20 - - [16/Nov/2024:07:37:28 +0000] "GET /185573yyynetid HTTP/1.1" 404 140464 "-" "meta-externalagent/1.1 (+https://developers.facebook.com/docs/sharing/webmasters/crawler)"
52.167.144.181 - - [16/Nov/2024:07:37:29 +0000] "GET /17725670 HTTP/1.1" 200 27709 "-" "Mozilla/5.0 AppleWebKit/537.36 (KHTML, like Gecko; compatible; bingbot/2.0; +http://www.bing.com/bingbot.htm) Chrome/116.0.1938.76 Safari/537.36"
52.54.95.127 - - [16/Nov/2024:07:37:29 +0000] "GET /279341yhreucxhxtion HTTP/1.1" 404 30908 "-" "Mozilla/5.0 (Macintosh; Intel Mac OS X 10_10_1) AppleWebKit/600.2.5 (KHTML, like Gecko) Version/8.0.2 Safari/600.2.5 (Amazonbot/0.1; +https://developer.amazon.com/support/amazonbot)"
52.167.144.181 - - [16/Nov/2024:07:37:30 +0000] "GET /71742230 HTTP/1.1" 200 27787 "-" "Mozilla/5.0 AppleWebKit/537.36 (KHTML, like Gecko; compatible; bingbot/2.0; +http://www.bing.com/bingbot.htm) Chrome/116.0.1938.76 Safari/537.36"
52.167.144.181 - - [16/Nov/2024:07:37:31 +0000] "GET /44119310 HTTP/1.1" 200 30151 "-" "Mozilla/5.0 AppleWebKit/537.36 (KHTML, like Gecko; compatible; bingbot/2.0; +http://www.bing.com/bingbot.htm) Chrome/116.0.1938.76 Safari/537.36"
52.167.144.181 - - [16/Nov/2024:07:37:31 +0000] "GET /206853710 HTTP/1.1" 200 25239 "-" "Mozilla/5.0 AppleWebKit/537.36 (KHTML, like Gecko; compatible; bingbot/2.0; +http://www.bing.com/bingbot.htm) Chrome/116.0.1938.76 Safari/537.36"
52.167.144.181 - - [16/Nov/2024:07:37:32 +0000] "GET /314498750 HTTP/1.1" 200 26383 "-" "Mozilla/5.0 AppleWebKit/537.36 (KHTML, like Gecko; compatible; bingbot/2.0; +http://www.bing.com/bingbot.htm) Chrome/116.0.1938.76 Safari/537.36"
52.167.144.181 - - [16/Nov/2024:07:37:33 +0000] "GET /308177030 HTTP/1.1" 200 24587 "-" "Mozilla/5.0 AppleWebKit/537.36 (KHTML, like Gecko; compatible; bingbot/2.0; +http://www.bing.com/bingbot.htm) Chrome/116.0.1938.76 Safari/537.36"
34.234.200.207 - - [16/Nov/2024:07:37:33 +0000] "GET /139513dboyetidm9.htm HTTP/1.1" 404 30911 "-" "Mozilla/5.0 (Macintosh; Intel Mac OS X 10_10_1) AppleWebKit/600.2.5 (KHTML, like Gecko) Version/8.0.2 Safari/600.2.5 (Amazonbot/0.1; +https://developer.amazon.com/support/amazonbot)"
85.208.96.194 - - [16/Nov/2024:07:37:33 +0000] "GET /143239zmddetid.htm HTTP/1.1" 500 5 "-" "Mozilla/5.0 (compatible; SemrushBot/7~bl; +http://www.semrush.com/bot.html)"
52.167.144.181 - - [16/Nov/2024:07:37:33 +0000] "GET /225490190 HTTP/1.1" 200 23427 "-" "Mozilla/5.0 AppleWebKit/537.36 (KHTML, like Gecko; compatible; bingbot/2.0; +http://www.bing.com/bingbot.htm) Chrome/116.0.1938.76 Safari/537.36"
52.167.144.181 - - [16/Nov/2024:07:37:34 +0000] "GET /24409190 HTTP/1.1" 200 26507 "-" "Mozilla/5.0 AppleWebKit/537.36 (KHTML, like Gecko; compatible; bingbot/2.0; +http://www.bing.com/bingbot.htm) Chrome/116.0.1938.76 Safari/537.36"
52.167.144.181 - - [16/Nov/2024:07:37:35 +0000] "GET /324650870 HTTP/1.1" 200 29385 "-" "Mozilla/5.0 AppleWebKit/537.36 (KHTML, like Gecko; compatible; bingbot/2.0; +http://www.bing.com/bingbot.htm) Chrome/116.0.1938.76 Safari/537.36"
52.167.144.181 - - [16/Nov/2024:07:37:36 +0000] "GET /82649630 HTTP/1.1" 200 27676 "-" "Mozilla/5.0 AppleWebKit/537.36 (KHTML, like Gecko; compatible; bingbot/2.0; +http://www.bing.com/bingbot.htm) Chrome/116.0.1938.76 Safari/537.36"
52.167.144.181 - - [16/Nov/2024:07:37:36 +0000] "GET /75901550 HTTP/1.1" 200 39037 "-" "Mozilla/5.0 AppleWebKit/537.36 (KHTML, like Gecko; compatible; bingbot/2.0; +http://www.bing.com/bingbot.htm) Chrome/116.0.1938.76 Safari/537.36"
52.167.144.181 - - [16/Nov/2024:07:37:37 +0000] "GET /24614510 HTTP/1.1" 200 31310 "-" "Mozilla/5.0 AppleWebKit/537.36 (KHTML, like Gecko; compatible; bingbot/2.0; +http://www.bing.com/bingbot.htm) Chrome/116.0.1938.76 Safari/537.36"
52.167.144.181 - - [16/Nov/2024:07:37:38 +0000] "GET /205430150 HTTP/1.1" 200 24811 "-" "Mozilla/5.0 AppleWebKit/537.36 (KHTML, like Gecko; compatible; bingbot/2.0; +http://www.bing.com/bingbot.htm) Chrome/116.0.1938.76 Safari/537.36"
52.167.144.181 - - [16/Nov/2024:07:37:39 +0000] "GET /73705190 HTTP/1.1" 200 28164 "-" "Mozilla/5.0 AppleWebKit/537.36 (KHTML, like Gecko; compatible; bingbot/2.0; +http://www.bing.com/bingbot.htm) Chrome/116.0.1938.76 Safari/537.36"
54.221.203.24 - - [16/Nov/2024:07:37:39 +0000] "GET /235776yhreuciyi.html HTTP/1.1" 404 30913 "-" "Mozilla/5.0 (Macintosh; Intel Mac OS X 10_10_1) AppleWebKit/600.2.5 (KHTML, like Gecko) Version/8.0.2 Safari/600.2.5 (Amazonbot/0.1; +https://developer.amazon.com/support/amazonbot)"
66.249.75.43 - - [16/Nov/2024:07:37:40 +0000] "GET /110978150 HTTP/1.1" 200 27149 "-" "Mozilla/5.0 (Linux; Android 6.0.1; Nexus 5X Build/MMB29P) AppleWebKit/537.36 (KHTML, like Gecko) Chrome/131.0.6778.69 Mobile Safari/537.36 (compatible; Googlebot/2.1; +http://www.google.com/bot.html)"
52.167.144.181 - - [16/Nov/2024:07:37:40 +0000] "GET /275636630 HTTP/1.1" 200 23391 "-" "Mozilla/5.0 AppleWebKit/537.36 (KHTML, like Gecko; compatible; bingbot/2.0; +http://www.bing.com/bingbot.htm) Chrome/116.0.1938.76 Safari/537.36"
52.167.144.181 - - [16/Nov/2024:07:37:41 +0000] "GET /55707470 HTTP/1.1" 200 27655 "-" "Mozilla/5.0 AppleWebKit/537.36 (KHTML, like Gecko; compatible; bingbot/2.0; +http://www.bing.com/bingbot.htm) Chrome/116.0.1938.76 Safari/537.36"
52.54.95.127 - - [16/Nov/2024:07:37:41 +0000] "GET /220407tbjqitems/etid.html HTTP/1.1" 404 30900 "-" "Mozilla/5.0 (Macintosh; Intel Mac OS X 10_10_1) AppleWebKit/600.2.5 (KHTML, like Gecko) Version/8.0.2 Safari/600.2.5 (Amazonbot/0.1; +https://developer.amazon.com/support/amazonbot)"
52.167.144.181 - - [16/Nov/2024:07:37:42 +0000] "GET /302987390 HTTP/1.1" 200 23185 "-" "Mozilla/5.0 AppleWebKit/537.36 (KHTML, like Gecko; compatible; bingbot/2.0; +http://www.bing.com/bingbot.htm) Chrome/116.0.1938.76 Safari/537.36"
52.167.144.181 - - [16/Nov/2024:07:37:44 +0000] "GET /184103750 HTTP/1.1" 200 24912 "-" "Mozilla/5.0 AppleWebKit/537.36 (KHTML, like Gecko; compatible; bingbot/2.0; +http://www.bing.com/bingbot.htm) Chrome/116.0.1938.76 Safari/537.36"
52.167.144.181 - - [16/Nov/2024:07:37:45 +0000] "GET /145837790 HTTP/1.1" 200 26295 "-" "Mozilla/5.0 AppleWebKit/537.36 (KHTML, like Gecko; compatible; bingbot/2.0; +http://www.bing.com/bingbot.htm) Chrome/116.0.1938.76 Safari/537.36"
52.204.37.237 - - [16/Nov/2024:07:37:46 +0000] "GET /97282yyynitems/etidm35.htm HTTP/1.1" 404 30904 "-" "Mozilla/5.0 (Macintosh; Intel Mac OS X 10_10_1) AppleWebKit/600.2.5 (KHTML, like Gecko) Version/8.0.2 Safari/600.2.5 (Amazonbot/0.1; +https://developer.amazon.com/support/amazonbot)"
52.167.144.181 - - [16/Nov/2024:07:37:47 +0000] "GET /233989910 HTTP/1.1" 200 25751 "-" "Mozilla/5.0 AppleWebKit/537.36 (KHTML, like Gecko; compatible; bingbot/2.0; +http://www.bing.com/bingbot.htm) Chrome/116.0.1938.76 Safari/537.36"
52.167.144.181 - - [16/Nov/2024:07:37:48 +0000] "GET /266329430 HTTP/1.1" 200 27099 "-" "Mozilla/5.0 AppleWebKit/537.36 (KHTML, like Gecko; compatible; bingbot/2.0; +http://www.bing.com/bingbot.htm) Chrome/116.0.1938.76 Safari/537.36"
23.23.214.190 - - [16/Nov/2024:07:37:49 +0000] "GET /27132tbjqetidm87ot.html HTTP/1.1" 404 30915 "-" "Mozilla/5.0 (Macintosh; Intel Mac OS X 10_10_1) AppleWebKit/600.2.5 (KHTML, like Gecko) Version/8.0.2 Safari/600.2.5 (Amazonbot/0.1; +https://developer.amazon.com/support/amazonbot)"
52.167.144.181 - - [16/Nov/2024:07:37:49 +0000] "GET /6011750 HTTP/1.1" 200 26114 "-" "Mozilla/5.0 AppleWebKit/537.36 (KHTML, like Gecko; compatible; bingbot/2.0; +http://www.bing.com/bingbot.htm) Chrome/116.0.1938.76 Safari/537.36"
52.167.144.181 - - [16/Nov/2024:07:37:51 +0000] "GET /72527630 HTTP/1.1" 200 23801 "-" "Mozilla/5.0 AppleWebKit/537.36 (KHTML, like Gecko; compatible; bingbot/2.0; +http://www.bing.com/bingbot.htm) Chrome/116.0.1938.76 Safari/537.36"
52.167.144.181 - - [16/Nov/2024:07:37:52 +0000] "GET /308362430 HTTP/1.1" 200 25353 "-" "Mozilla/5.0 AppleWebKit/537.36 (KHTML, like Gecko; compatible; bingbot/2.0; +http://www.bing.com/bingbot.htm) Chrome/116.0.1938.76 Safari/537.36"
100.28.49.152 - - [16/Nov/2024:07:37:53 +0000] "GET /88693wgwwetidm76hgh.htm HTTP/1.1" 404 30916 "-" "Mozilla/5.0 (Macintosh; Intel Mac OS X 10_10_1) AppleWebKit/600.2.5 (KHTML, like Gecko) Version/8.0.2 Safari/600.2.5 (Amazonbot/0.1; +https://developer.amazon.com/support/amazonbot)"
52.167.144.181 - - [16/Nov/2024:07:37:53 +0000] "GET /325208510 HTTP/1.1" 200 34406 "-" "Mozilla/5.0 AppleWebKit/537.36 (KHTML, like Gecko; compatible; bingbot/2.0; +http://www.bing.com/bingbot.htm) Chrome/116.0.1938.76 Safari/537.36"
52.167.144.181 - - [16/Nov/2024:07:37:54 +0000] "GET /199825310 HTTP/1.1" 200 24036 "-" "Mozilla/5.0 AppleWebKit/537.36 (KHTML, like Gecko; compatible; bingbot/2.0; +http://www.bing.com/bingbot.htm) Chrome/116.0.1938.76 Safari/537.36"
66.249.75.43 - - [16/Nov/2024:07:37:55 +0000] "GET /275794070 HTTP/1.1" 200 23937 "-" "Mozilla/5.0 (Linux; Android 6.0.1; Nexus 5X Build/MMB29P) AppleWebKit/537.36 (KHTML, like Gecko) Chrome/131.0.6778.69 Mobile Safari/537.36 (compatible; Googlebot/2.1; +http://www.google.com/bot.html)"
52.167.144.181 - - [16/Nov/2024:07:37:56 +0000] "GET /122901110 HTTP/1.1" 200 27374 "-" "Mozilla/5.0 AppleWebKit/537.36 (KHTML, like Gecko; compatible; bingbot/2.0; +http://www.bing.com/bingbot.htm) Chrome/116.0.1938.76 Safari/537.36"
52.167.144.181 - - [16/Nov/2024:07:37:57 +0000] "GET /271420070 HTTP/1.1" 200 24621 "-" "Mozilla/5.0 AppleWebKit/537.36 (KHTML, like Gecko; compatible; bingbot/2.0; +http://www.bing.com/bingbot.htm) Chrome/116.0.1938.76 Safari/537.36"
54.164.106.236 - - [16/Nov/2024:07:37:57 +0000] "GET /273450yyynetidm57.html HTTP/1.1" 404 30916 "-" "Mozilla/5.0 (Macintosh; Intel Mac OS X 10_10_1) AppleWebKit/600.2.5 (KHTML, like Gecko) Version/8.0.2 Safari/600.2.5 (Amazonbot/0.1; +https://developer.amazon.com/support/amazonbot)"
52.167.144.181 - - [16/Nov/2024:07:37:58 +0000] "GET /71877350 HTTP/1.1" 200 28263 "-" "Mozilla/5.0 AppleWebKit/537.36 (KHTML, like Gecko; compatible; bingbot/2.0; +http://www.bing.com/bingbot.htm) Chrome/116.0.1938.76 Safari/537.36"
52.167.144.181 - - [16/Nov/2024:07:37:59 +0000] "GET /207423350 HTTP/1.1" 200 26757 "-" "Mozilla/5.0 AppleWebKit/537.36 (KHTML, like Gecko; compatible; bingbot/2.0; +http://www.bing.com/bingbot.htm) Chrome/116.0.1938.76 Safari/537.36"
52.167.144.181 - - [16/Nov/2024:07:37:59 +0000] "GET /17966510 HTTP/1.1" 200 28216 "-" "Mozilla/5.0 AppleWebKit/537.36 (KHTML, like Gecko; compatible; bingbot/2.0; +http://www.bing.com/bingbot.htm) Chrome/116.0.1938.76 Safari/537.36"
52.167.144.181 - - [16/Nov/2024:07:38:00 +0000] "GET /4479830 HTTP/1.1" 200 26162 "-" "Mozilla/5.0 AppleWebKit/537.36 (KHTML, like Gecko; compatible; bingbot/2.0; +http://www.bing.com/bingbot.htm) Chrome/116.0.1938.76 Safari/537.36"
18.210.58.238 - - [16/Nov/2024:07:38:01 +0000] "GET /144155gbzsetidm50l HTTP/1.1" 404 30908 "-" "Mozilla/5.0 (Macintosh; Intel Mac OS X 10_10_1) AppleWebKit/600.2.5 (KHTML, like Gecko) Version/8.0.2 Safari/600.2.5 (Amazonbot/0.1; +https://developer.amazon.com/support/amazonbot)"
52.167.144.181 - - [16/Nov/2024:07:38:01 +0000] "GET /139867910 HTTP/1.1" 200 28419 "-" "Mozilla/5.0 AppleWebKit/537.36 (KHTML, like Gecko; compatible; bingbot/2.0; +http://www.bing.com/bingbot.htm) Chrome/116.0.1938.76 Safari/537.36"
52.167.144.181 - - [16/Nov/2024:07:38:01 +0000] "GET /250763150 HTTP/1.1" 200 25309 "-" "Mozilla/5.0 AppleWebKit/537.36 (KHTML, like Gecko; compatible; bingbot/2.0; +http://www.bing.com/bingbot.htm) Chrome/116.0.1938.76 Safari/537.36"
52.167.144.181 - - [16/Nov/2024:07:38:02 +0000] "GET /142677110 HTTP/1.1" 200 32848 "-" "Mozilla/5.0 AppleWebKit/537.36 (KHTML, like Gecko; compatible; bingbot/2.0; +http://www.bing.com/bingbot.htm) Chrome/116.0.1938.76 Safari/537.36"
52.167.144.181 - - [16/Nov/2024:07:38:03 +0000] "GET /339736430 HTTP/1.1" 200 27317 "-" "Mozilla/5.0 AppleWebKit/537.36 (KHTML, like Gecko; compatible; bingbot/2.0; +http://www.bing.com/bingbot.htm) Chrome/116.0.1938.76 Safari/537.36"
127.0.0.1 - - [16/Nov/2024:07:38:03 +0000] "POST /wp-cron.php?doing_wp_cron=1731742683.4038100242614746093750 HTTP/1.1" 500 5 "-" "WordPress/6.6.2; https://guide.quickscrum.com"
52.167.144.181 - - [16/Nov/2024:07:38:04 +0000] "GET /91824950 HTTP/1.1" 200 24329 "-" "Mozilla/5.0 AppleWebKit/537.36 (KHTML, like Gecko; compatible; bingbot/2.0; +http://www.bing.com/bingbot.htm) Chrome/116.0.1938.76 Safari/537.36"
52.167.144.181 - - [16/Nov/2024:07:38:04 +0000] "GET /87094310 HTTP/1.1" 200 26674 "-" "Mozilla/5.0 AppleWebKit/537.36 (KHTML, like Gecko; compatible; bingbot/2.0; +http://www.bing.com/bingbot.htm) Chrome/116.0.1938.76 Safari/537.36"
52.167.144.181 - - [16/Nov/2024:07:38:05 +0000] "GET /74454350 HTTP/1.1" 200 31412 "-" "Mozilla/5.0 AppleWebKit/537.36 (KHTML, like Gecko; compatible; bingbot/2.0; +http://www.bing.com/bingbot.htm) Chrome/116.0.1938.76 Safari/537.36"
23.23.137.202 - - [16/Nov/2024:07:38:05 +0000] "GET /110966qmpiitems/eti HTTP/1.1" 404 30901 "-" "Mozilla/5.0 (Macintosh; Intel Mac OS X 10_10_1) AppleWebKit/600.2.5 (KHTML, like Gecko) Version/8.0.2 Safari/600.2.5 (Amazonbot/0.1; +https://developer.amazon.com/support/amazonbot)"
52.167.144.181 - - [16/Nov/2024:07:38:06 +0000] "GET /59772590 HTTP/1.1" 200 27808 "-" "Mozilla/5.0 AppleWebKit/537.36 (KHTML, like Gecko; compatible; bingbot/2.0; +http://www.bing.com/bingbot.htm) Chrome/116.0.1938.76 Safari/537.36"
52.167.144.181 - - [16/Nov/2024:07:38:06 +0000] "GET /5367470 HTTP/1.1" 200 31128 "-" "Mozilla/5.0 AppleWebKit/537.36 (KHTML, like Gecko; compatible; bingbot/2.0; +http://www.bing.com/bingbot.htm) Chrome/116.0.1938.76 Safari/537.36"
52.167.144.181 - - [16/Nov/2024:07:38:07 +0000] "GET /361598510 HTTP/1.1" 200 24145 "-" "Mozilla/5.0 AppleWebKit/537.36 (KHTML, like Gecko; compatible; bingbot/2.0; +http://www.bing.com/bingbot.htm) Chrome/116.0.1938.76 Safari/537.36"
52.167.144.181 - - [16/Nov/2024:07:38:07 +0000] "GET /301633190 HTTP/1.1" 200 26077 "-" "Mozilla/5.0 AppleWebKit/537.36 (KHTML, like Gecko; compatible; bingbot/2.0; +http://www.bing.com/bingbot.htm) Chrome/116.0.1938.76 Safari/537.36"
52.167.144.181 - - [16/Nov/2024:07:38:08 +0000] "GET /337554590 HTTP/1.1" 200 25553 "-" "Mozilla/5.0 AppleWebKit/537.36 (KHTML, like Gecko; compatible; bingbot/2.0; +http://www.bing.com/bingbot.htm) Chrome/116.0.1938.76 Safari/537.36"
52.167.144.181 - - [16/Nov/2024:07:38:09 +0000] "GET /164365790 HTTP/1.1" 200 27633 "-" "Mozilla/5.0 AppleWebKit/537.36 (KHTML, like Gecko; compatible; bingbot/2.0; +http://www.bing.com/bingbot.htm) Chrome/116.0.1938.76 Safari/537.36"
18.235.81.246 - - [16/Nov/2024:07:38:09 +0000] "GET /334732tbjqitems/etidm64it.htm HTTP/1.1" 404 30903 "-" "Mozilla/5.0 (Macintosh; Intel Mac OS X 10_10_1) AppleWebKit/600.2.5 (KHTML, like Gecko) Version/8.0.2 Safari/600.2.5 (Amazonbot/0.1; +https://developer.amazon.com/support/amazonbot)"
52.167.144.181 - - [16/Nov/2024:07:38:10 +0000] "GET /73224590 HTTP/1.1" 200 29662 "-" "Mozilla/5.0 AppleWebKit/537.36 (KHTML, like Gecko; compatible; bingbot/2.0; +http://www.bing.com/bingbot.htm) Chrome/116.0.1938.76 Safari/537.36"
66.249.75.43 - - [16/Nov/2024:07:38:10 +0000] "GET /11440tbjqetidm35atl HTTP/1.1" 200 23823 "-" "Mozilla/5.0 (Linux; Android 6.0.1; Nexus 5X Build/MMB29P) AppleWebKit/537.36 (KHTML, like Gecko) Chrome/131.0.6778.69 Mobile Safari/537.36 (compatible; Googlebot/2.1; +http://www.google.com/bot.html)"
52.167.144.181 - - [16/Nov/2024:07:38:11 +0000] "GET /240926390 HTTP/1.1" 200 24747 "-" "Mozilla/5.0 AppleWebKit/537.36 (KHTML, like Gecko; compatible; bingbot/2.0; +http://www.bing.com/bingbot.htm) Chrome/116.0.1938.76 Safari/537.36"
52.167.144.181 - - [16/Nov/2024:07:38:12 +0000] "GET /36206030 HTTP/1.1" 200 26817 "-" "Mozilla/5.0 AppleWebKit/537.36 (KHTML, like Gecko; compatible; bingbot/2.0; +http://www.bing.com/bingbot.htm) Chrome/116.0.1938.76 Safari/537.36"
54.80.73.122 - - [16/Nov/2024:07:38:13 +0000] "GET /62926dboyitems/eti.htm HTTP/1.1" 404 30902 "-" "Mozilla/5.0 (Macintosh; Intel Mac OS X 10_10_1) AppleWebKit/600.2.5 (KHTML, like Gecko) Version/8.0.2 Safari/600.2.5 (Amazonbot/0.1; +https://developer.amazon.com/support/amazonbot)"
52.167.144.181 - - [16/Nov/2024:07:38:13 +0000] "GET /330336110 HTTP/1.1" 200 25875 "-" "Mozilla/5.0 AppleWebKit/537.36 (KHTML, like Gecko; compatible; bingbot/2.0; +http://www.bing.com/bingbot.htm) Chrome/116.0.1938.76 Safari/537.36"
52.167.144.181 - - [16/Nov/2024:07:38:14 +0000] "GET /128603270 HTTP/1.1" 200 26928 "-" "Mozilla/5.0 AppleWebKit/537.36 (KHTML, like Gecko; compatible; bingbot/2.0; +http://www.bing.com/bingbot.htm) Chrome/116.0.1938.76 Safari/537.36"
52.167.144.181 - - [16/Nov/2024:07:38:16 +0000] "GET /353538830 HTTP/1.1" 200 24257 "-" "Mozilla/5.0 AppleWebKit/537.36 (KHTML, like Gecko; compatible; bingbot/2.0; +http://www.bing.com/bingbot.htm) Chrome/116.0.1938.76 Safari/537.36"
52.167.144.181 - - [16/Nov/2024:07:38:17 +0000] "GET /124038710 HTTP/1.1" 200 25775 "-" "Mozilla/5.0 AppleWebKit/537.36 (KHTML, like Gecko; compatible; bingbot/2.0; +http://www.bing.com/bingbot.htm) Chrome/116.0.1938.76 Safari/537.36"
52.167.144.181 - - [16/Nov/2024:07:38:18 +0000] "GET /235653230 HTTP/1.1" 200 23832 "-" "Mozilla/5.0 AppleWebKit/537.36 (KHTML, like Gecko; compatible; bingbot/2.0; +http://www.bing.com/bingbot.htm) Chrome/116.0.1938.76 Safari/537.36"
44.205.74.196 - - [16/Nov/2024:07:38:18 +0000] "GET /252853qmpietidm66dmd.htm HTTP/1.1" 404 30917 "-" "Mozilla/5.0 (Macintosh; Intel Mac OS X 10_10_1) AppleWebKit/600.2.5 (KHTML, like Gecko) Version/8.0.2 Safari/600.2.5 (Amazonbot/0.1; +https://developer.amazon.com/support/amazonbot)"
52.167.144.181 - - [16/Nov/2024:07:38:19 +0000] "GET /331422950 HTTP/1.1" 200 26231 "-" "Mozilla/5.0 AppleWebKit/537.36 (KHTML, like Gecko; compatible; bingbot/2.0; +http://www.bing.com/bingbot.htm) Chrome/116.0.1938.76 Safari/537.36"
52.167.144.181 - - [16/Nov/2024:07:38:21 +0000] "GET /267595550 HTTP/1.1" 200 24500 "-" "Mozilla/5.0 AppleWebKit/537.36 (KHTML, like Gecko; compatible; bingbot/2.0; +http://www.bing.com/bingbot.htm) Chrome/116.0.1938.76 Safari/537.36"
34.197.28.78 - - [16/Nov/2024:07:38:21 +0000] "GET /236472gvsfetidm.html HTTP/1.1" 404 30913 "-" "Mozilla/5.0 (Macintosh; Intel Mac OS X 10_10_1) AppleWebKit/600.2.5 (KHTML, like Gecko) Version/8.0.2 Safari/600.2.5 (Amazonbot/0.1; +https://developer.amazon.com/support/amazonbot)"
52.167.144.181 - - [16/Nov/2024:07:38:22 +0000] "GET /95758670 HTTP/1.1" 200 25396 "-" "Mozilla/5.0 AppleWebKit/537.36 (KHTML, like Gecko; compatible; bingbot/2.0; +http://www.bing.com/bingbot.htm) Chrome/116.0.1938.76 Safari/537.36"
52.167.144.181 - - [16/Nov/2024:07:38:24 +0000] "GET /137048510 HTTP/1.1" 200 24369 "-" "Mozilla/5.0 AppleWebKit/537.36 (KHTML, like Gecko; compatible; bingbot/2.0; +http://www.bing.com/bingbot.htm) Chrome/116.0.1938.76 Safari/537.36"
57.141.3.26 - - [16/Nov/2024:07:38:24 +0000] "GET /162665tbjqetidm3 HTTP/1.1" 404 140466 "-" "meta-externalagent/1.1 (+https://developers.facebook.com/docs/sharing/webmasters/crawler)"
52.201.155.215 - - [16/Nov/2024:07:38:25 +0000] "GET /37495tbjqetid.htm HTTP/1.1" 404 30913 "-" "Mozilla/5.0 (Macintosh; Intel Mac OS X 10_10_1) AppleWebKit/600.2.5 (KHTML, like Gecko) Version/8.0.2 Safari/600.2.5 (Amazonbot/0.1; +https://developer.amazon.com/support/amazonbot)"
52.167.144.181 - - [16/Nov/2024:07:38:25 +0000] "GET /94529750 HTTP/1.1" 200 28193 "-" "Mozilla/5.0 AppleWebKit/537.36 (KHTML, like Gecko; compatible; bingbot/2.0; +http://www.bing.com/bingbot.htm) Chrome/116.0.1938.76 Safari/537.36"
66.249.75.43 - - [16/Nov/2024:07:38:26 +0000] "GET /359596310 HTTP/1.1" 200 25762 "-" "Mozilla/5.0 (Linux; Android 6.0.1; Nexus 5X Build/MMB29P) AppleWebKit/537.36 (KHTML, like Gecko) Chrome/131.0.6778.69 Mobile Safari/537.36 (compatible; Googlebot/2.1; +http://www.google.com/bot.html)"
52.167.144.181 - - [16/Nov/2024:07:38:26 +0000] "GET /127471190 HTTP/1.1" 200 25160 "-" "Mozilla/5.0 AppleWebKit/537.36 (KHTML, like Gecko; compatible; bingbot/2.0; +http://www.bing.com/bingbot.htm) Chrome/116.0.1938.76 Safari/537.36"
52.167.144.181 - - [16/Nov/2024:07:38:27 +0000] "GET /256878950 HTTP/1.1" 200 24730 "-" "Mozilla/5.0 AppleWebKit/537.36 (KHTML, like Gecko; compatible; bingbot/2.0; +http://www.bing.com/bingbot.htm) Chrome/116.0.1938.76 Safari/537.36"
3.94.157.25 - - [16/Nov/2024:07:38:28 +0000] "GET /218696wgwwitems/etidm HTTP/1.1" 404 30903 "-" "Mozilla/5.0 (Macintosh; Intel Mac OS X 10_10_1) AppleWebKit/600.2.5 (KHTML, like Gecko) Version/8.0.2 Safari/600.2.5 (Amazonbot/0.1; +https://developer.amazon.com/support/amazonbot)"
52.167.144.181 - - [16/Nov/2024:07:38:29 +0000] "GET /189544310 HTTP/1.1" 200 25971 "-" "Mozilla/5.0 AppleWebKit/537.36 (KHTML, like Gecko; compatible; bingbot/2.0; +http://www.bing.com/bingbot.htm) Chrome/116.0.1938.76 Safari/537.36"
52.167.144.181 - - [16/Nov/2024:07:38:29 +0000] "GET /186257390 HTTP/1.1" 200 23734 "-" "Mozilla/5.0 AppleWebKit/537.36 (KHTML, like Gecko; compatible; bingbot/2.0; +http://www.bing.com/bingbot.htm) Chrome/116.0.1938.76 Safari/537.36"
52.167.144.181 - - [16/Nov/2024:07:38:30 +0000] "GET /164469710 HTTP/1.1" 200 25268 "-" "Mozilla/5.0 AppleWebKit/537.36 (KHTML, like Gecko; compatible; bingbot/2.0; +http://www.bing.com/bingbot.htm) Chrome/116.0.1938.76 Safari/537.36"
52.167.144.181 - - [16/Nov/2024:07:38:31 +0000] "GET /183477470 HTTP/1.1" 200 23881 "-" "Mozilla/5.0 AppleWebKit/537.36 (KHTML, like Gecko; compatible; bingbot/2.0; +http://www.bing.com/bingbot.htm) Chrome/116.0.1938.76 Safari/537.36"
52.167.144.181 - - [16/Nov/2024:07:38:31 +0000] "GET /318676670 HTTP/1.1" 200 23827 "-" "Mozilla/5.0 AppleWebKit/537.36 (KHTML, like Gecko; compatible; bingbot/2.0; +http://www.bing.com/bingbot.htm) Chrome/116.0.1938.76 Safari/537.36"
52.167.144.181 - - [16/Nov/2024:07:38:32 +0000] "GET /182795150 HTTP/1.1" 200 24216 "-" "Mozilla/5.0 AppleWebKit/537.36 (KHTML, like Gecko; compatible; bingbot/2.0; +http://www.bing.com/bingbot.htm) Chrome/116.0.1938.76 Safari/537.36"
52.167.144.181 - - [16/Nov/2024:07:38:33 +0000] "GET /303803510 HTTP/1.1" 200 25118 "-" "Mozilla/5.0 AppleWebKit/537.36 (KHTML, like Gecko; compatible; bingbot/2.0; +http://www.bing.com/bingbot.htm) Chrome/116.0.1938.76 Safari/537.36"
18.214.238.178 - - [16/Nov/2024:07:38:33 +0000] "GET /294997tbjqetidm74bbb.htm HTTP/1.1" 404 30913 "-" "Mozilla/5.0 (Macintosh; Intel Mac OS X 10_10_1) AppleWebKit/600.2.5 (KHTML, like Gecko) Version/8.0.2 Safari/600.2.5 (Amazonbot/0.1; +https://developer.amazon.com/support/amazonbot)"
52.167.144.181 - - [16/Nov/2024:07:38:33 +0000] "GET /213822350 HTTP/1.1" 200 24874 "-" "Mozilla/5.0 AppleWebKit/537.36 (KHTML, like Gecko; compatible; bingbot/2.0; +http://www.bing.com/bingbot.htm) Chrome/116.0.1938.76 Safari/537.36"
52.167.144.181 - - [16/Nov/2024:07:38:34 +0000] "GET /325799030 HTTP/1.1" 200 27346 "-" "Mozilla/5.0 AppleWebKit/537.36 (KHTML, like Gecko; compatible; bingbot/2.0; +http://www.bing.com/bingbot.htm) Chrome/116.0.1938.76 Safari/537.36"
52.167.144.181 - - [16/Nov/2024:07:38:35 +0000] "GET /13862990 HTTP/1.1" 200 24234 "-" "Mozilla/5.0 AppleWebKit/537.36 (KHTML, like Gecko; compatible; bingbot/2.0; +http://www.bing.com/bingbot.htm) Chrome/116.0.1938.76 Safari/537.36"
52.167.144.181 - - [16/Nov/2024:07:38:35 +0000] "GET /311188310 HTTP/1.1" 200 23538 "-" "Mozilla/5.0 AppleWebKit/537.36 (KHTML, like Gecko; compatible; bingbot/2.0; +http://www.bing.com/bingbot.htm) Chrome/116.0.1938.76 Safari/537.36"
52.167.144.181 - - [16/Nov/2024:07:38:36 +0000] "GET /247563470 HTTP/1.1" 200 24507 "-" "Mozilla/5.0 AppleWebKit/537.36 (KHTML, like Gecko; compatible; bingbot/2.0; +http://www.bing.com/bingbot.htm) Chrome/116.0.1938.76 Safari/537.36"
52.167.144.181 - - [16/Nov/2024:07:38:36 +0000] "GET /348052430 HTTP/1.1" 200 24593 "-" "Mozilla/5.0 AppleWebKit/537.36 (KHTML, like Gecko; compatible; bingbot/2.0; +http://www.bing.com/bingbot.htm) Chrome/116.0.1938.76 Safari/537.36"
185.191.171.14 - - [16/Nov/2024:07:38:36 +0000] "GET /110275yhreucjejtio.htm HTTP/1.1" 500 5 "-" "Mozilla/5.0 (compatible; SemrushBot/7~bl; +http://www.semrush.com/bot.html)"
52.0.63.151 - - [16/Nov/2024:07:38:37 +0000] "GET /238860yhreucyyytion.html HTTP/1.1" 404 30921 "-" "Mozilla/5.0 (Macintosh; Intel Mac OS X 10_10_1) AppleWebKit/600.2.5 (KHTML, like Gecko) Version/8.0.2 Safari/600.2.5 (Amazonbot/0.1; +https://developer.amazon.com/support/amazonbot)"
52.167.144.181 - - [16/Nov/2024:07:38:37 +0000] "GET /286232150 HTTP/1.1" 200 24729 "-" "Mozilla/5.0 AppleWebKit/537.36 (KHTML, like Gecko; compatible; bingbot/2.0; +http://www.bing.com/bingbot.htm) Chrome/116.0.1938.76 Safari/537.36"
52.167.144.181 - - [16/Nov/2024:07:38:38 +0000] "GET /143109710 HTTP/1.1" 200 27065 "-" "Mozilla/5.0 AppleWebKit/537.36 (KHTML, like Gecko; compatible; bingbot/2.0; +http://www.bing.com/bingbot.htm) Chrome/116.0.1938.76 Safari/537.36"
52.167.144.181 - - [16/Nov/2024:07:38:40 +0000] "GET /69138350 HTTP/1.1" 200 26021 "-" "Mozilla/5.0 AppleWebKit/537.36 (KHTML, like Gecko; compatible; bingbot/2.0; +http://www.bing.com/bingbot.htm) Chrome/116.0.1938.76 Safari/537.36"
66.249.75.43 - - [16/Nov/2024:07:38:41 +0000] "GET /296689550 HTTP/1.1" 200 23602 "-" "Mozilla/5.0 (Linux; Android 6.0.1; Nexus 5X Build/MMB29P) AppleWebKit/537.36 (KHTML, like Gecko) Chrome/131.0.6778.69 Mobile Safari/537.36 (compatible; Googlebot/2.1; +http://www.google.com/bot.html)"
23.23.137.202 - - [16/Nov/2024:07:38:41 +0000] "GET /177858ygvoetidm53.html HTTP/1.1" 404 30914 "-" "Mozilla/5.0 (Macintosh; Intel Mac OS X 10_10_1) AppleWebKit/600.2.5 (KHTML, like Gecko) Version/8.0.2 Safari/600.2.5 (Amazonbot/0.1; +https://developer.amazon.com/support/amazonbot)"
52.167.144.181 - - [16/Nov/2024:07:38:41 +0000] "GET /153856910 HTTP/1.1" 200 25215 "-" "Mozilla/5.0 AppleWebKit/537.36 (KHTML, like Gecko; compatible; bingbot/2.0; +http://www.bing.com/bingbot.htm) Chrome/116.0.1938.76 Safari/537.36"
52.167.144.181 - - [16/Nov/2024:07:38:42 +0000] "GET /191248910 HTTP/1.1" 200 28236 "-" "Mozilla/5.0 AppleWebKit/537.36 (KHTML, like Gecko; compatible; bingbot/2.0; +http://www.bing.com/bingbot.htm) Chrome/116.0.1938.76 Safari/537.36"
52.167.144.181 - - [16/Nov/2024:07:38:44 +0000] "GET /85364870 HTTP/1.1" 200 28069 "-" "Mozilla/5.0 AppleWebKit/537.36 (KHTML, like Gecko; compatible; bingbot/2.0; +http://www.bing.com/bingbot.htm) Chrome/116.0.1938.76 Safari/537.36"
52.205.141.124 - - [16/Nov/2024:07:38:45 +0000] "GET /57112yhrejp/ucqyq.htm HTTP/1.1" 404 30905 "-" "Mozilla/5.0 (Macintosh; Intel Mac OS X 10_10_1) AppleWebKit/600.2.5 (KHTML, like Gecko) Version/8.0.2 Safari/600.2.5 (Amazonbot/0.1; +https://developer.amazon.com/support/amazonbot)"
52.167.144.181 - - [16/Nov/2024:07:38:45 +0000] "GET /244162310 HTTP/1.1" 200 25473 "-" "Mozilla/5.0 AppleWebKit/537.36 (KHTML, like Gecko; compatible; bingbot/2.0; +http://www.bing.com/bingbot.htm) Chrome/116.0.1938.76 Safari/537.36"
52.167.144.181 - - [16/Nov/2024:07:38:47 +0000] "GET /346461230 HTTP/1.1" 200 24633 "-" "Mozilla/5.0 AppleWebKit/537.36 (KHTML, like Gecko; compatible; bingbot/2.0; +http://www.bing.com/bingbot.htm) Chrome/116.0.1938.76 Safari/537.36"
52.167.144.181 - - [16/Nov/2024:07:38:48 +0000] "GET /235273910 HTTP/1.1" 200 25037 "-" "Mozilla/5.0 AppleWebKit/537.36 (KHTML, like Gecko; compatible; bingbot/2.0; +http://www.bing.com/bingbot.htm) Chrome/116.0.1938.76 Safari/537.36"
162.19.236.43 - - [16/Nov/2024:07:38:49 +0000] "GET /.env HTTP/1.1" 404 209 "-" "Mozilla/5.0 (X11; Linux x86_64) AppleWebKit/537.36 (KHTML, like Gecko) Chrome/81.0.4044.129 Safari/537.36"
162.19.236.43 - - [16/Nov/2024:07:38:49 +0000] "POST / HTTP/1.1" 405 584 "-" "Mozilla/5.0 (X11; Linux x86_64) AppleWebKit/537.36 (KHTML, like Gecko) Chrome/81.0.4044.129 Safari/537.36"
52.167.144.181 - - [16/Nov/2024:07:38:49 +0000] "GET /288455030 HTTP/1.1" 200 25035 "-" "Mozilla/5.0 AppleWebKit/537.36 (KHTML, like Gecko; compatible; bingbot/2.0; +http://www.bing.com/bingbot.htm) Chrome/116.0.1938.76 Safari/537.36"
3.219.81.66 - - [16/Nov/2024:07:38:50 +0000] "GET /93001qmpietidm6.htm HTTP/1.1" 404 30910 "-" "Mozilla/5.0 (Macintosh; Intel Mac OS X 10_10_1) AppleWebKit/600.2.5 (KHTML, like Gecko) Version/8.0.2 Safari/600.2.5 (Amazonbot/0.1; +https://developer.amazon.com/support/amazonbot)"
52.167.144.181 - - [16/Nov/2024:07:38:51 +0000] "GET /41104430 HTTP/1.1" 200 24661 "-" "Mozilla/5.0 AppleWebKit/537.36 (KHTML, like Gecko; compatible; bingbot/2.0; +http://www.bing.com/bingbot.htm) Chrome/116.0.1938.76 Safari/537.36"
52.167.144.181 - - [16/Nov/2024:07:38:52 +0000] "GET /43649030 HTTP/1.1" 200 25934 "-" "Mozilla/5.0 AppleWebKit/537.36 (KHTML, like Gecko; compatible; bingbot/2.0; +http://www.bing.com/bingbot.htm) Chrome/116.0.1938.76 Safari/537.36"
52.167.144.181 - - [16/Nov/2024:07:38:53 +0000] "GET /184165790 HTTP/1.1" 200 24168 "-" "Mozilla/5.0 AppleWebKit/537.36 (KHTML, like Gecko; compatible; bingbot/2.0; +http://www.bing.com/bingbot.htm) Chrome/116.0.1938.76 Safari/537.36"
3.221.50.71 - - [16/Nov/2024:07:38:53 +0000] "GET /118065yyynitems/etidm9.html HTTP/1.1" 404 30901 "-" "Mozilla/5.0 (Macintosh; Intel Mac OS X 10_10_1) AppleWebKit/600.2.5 (KHTML, like Gecko) Version/8.0.2 Safari/600.2.5 (Amazonbot/0.1; +https://developer.amazon.com/support/amazonbot)"
52.167.144.181 - - [16/Nov/2024:07:38:54 +0000] "GET /254772350 HTTP/1.1" 200 25639 "-" "Mozilla/5.0 AppleWebKit/537.36 (KHTML, like Gecko; compatible; bingbot/2.0; +http://www.bing.com/bingbot.htm) Chrome/116.0.1938.76 Safari/537.36"
52.167.144.181 - - [16/Nov/2024:07:38:55 +0000] "GET /307582190 HTTP/1.1" 200 23516 "-" "Mozilla/5.0 AppleWebKit/537.36 (KHTML, like Gecko; compatible; bingbot/2.0; +http://www.bing.com/bingbot.htm) Chrome/116.0.1938.76 Safari/537.36"
66.249.75.43 - - [16/Nov/2024:07:38:56 +0000] "GET /272931110 HTTP/1.1" 200 24580 "-" "Mozilla/5.0 (Linux; Android 6.0.1; Nexus 5X Build/MMB29P) AppleWebKit/537.36 (KHTML, like Gecko) Chrome/131.0.6778.69 Mobile Safari/537.36 (compatible; Googlebot/2.1; +http://www.google.com/bot.html)"
52.167.144.181 - - [16/Nov/2024:07:38:57 +0000] "GET /67070390 HTTP/1.1" 200 27870 "-" "Mozilla/5.0 AppleWebKit/537.36 (KHTML, like Gecko; compatible; bingbot/2.0; +http://www.bing.com/bingbot.htm) Chrome/116.0.1938.76 Safari/537.36"
98.83.226.125 - - [16/Nov/2024:07:38:57 +0000] "GET /19458yyynetidm92.html HTTP/1.1" 404 30913 "-" "Mozilla/5.0 (Macintosh; Intel Mac OS X 10_10_1) AppleWebKit/600.2.5 (KHTML, like Gecko) Version/8.0.2 Safari/600.2.5 (Amazonbot/0.1; +https://developer.amazon.com/support/amazonbot)"
52.167.144.181 - - [16/Nov/2024:07:38:58 +0000] "GET /112567790 HTTP/1.1" 200 24985 "-" "Mozilla/5.0 AppleWebKit/537.36 (KHTML, like Gecko; compatible; bingbot/2.0; +http://www.bing.com/bingbot.htm) Chrome/116.0.1938.76 Safari/537.36"
52.167.144.181 - - [16/Nov/2024:07:38:59 +0000] "GET /201296390 HTTP/1.1" 200 23687 "-" "Mozilla/5.0 AppleWebKit/537.36 (KHTML, like Gecko; compatible; bingbot/2.0; +http://www.bing.com/bingbot.htm) Chrome/116.0.1938.76 Safari/537.36"
52.167.144.181 - - [16/Nov/2024:07:39:00 +0000] "GET /325255310 HTTP/1.1" 200 34725 "-" "Mozilla/5.0 AppleWebKit/537.36 (KHTML, like Gecko; compatible; bingbot/2.0; +http://www.bing.com/bingbot.htm) Chrome/116.0.1938.76 Safari/537.36"
52.167.144.181 - - [16/Nov/2024:07:39:01 +0000] "GET /123706910 HTTP/1.1" 200 26650 "-" "Mozilla/5.0 AppleWebKit/537.36 (KHTML, like Gecko; compatible; bingbot/2.0; +http://www.bing.com/bingbot.htm) Chrome/116.0.1938.76 Safari/537.36"
52.167.144.181 - - [16/Nov/2024:07:39:01 +0000] "GET /100134830 HTTP/1.1" 200 30946 "-" "Mozilla/5.0 AppleWebKit/537.36 (KHTML, like Gecko; compatible; bingbot/2.0; +http://www.bing.com/bingbot.htm) Chrome/116.0.1938.76 Safari/537.36"
54.84.250.51 - - [16/Nov/2024:07:39:01 +0000] "GET /287830tbjqitems/eti.htm HTTP/1.1" 404 30901 "-" "Mozilla/5.0 (Macintosh; Intel Mac OS X 10_10_1) AppleWebKit/600.2.5 (KHTML, like Gecko) Version/8.0.2 Safari/600.2.5 (Amazonbot/0.1; +https://developer.amazon.com/support/amazonbot)"
52.167.144.181 - - [16/Nov/2024:07:39:02 +0000] "GET /168579350 HTTP/1.1" 200 24898 "-" "Mozilla/5.0 AppleWebKit/537.36 (KHTML, like Gecko; compatible; bingbot/2.0; +http://www.bing.com/bingbot.htm) Chrome/116.0.1938.76 Safari/537.36"
45.227.254.34 - - [16/Nov/2024:07:39:02 +0000] "GET / HTTP/1.1" 200 67 "-" "Mozilla/5.0 (Macintosh; Intel Mac OS X 10_15_7) AppleWebKit/537.36 (KHTML, like Gecko) Chrome/120.0.0.0 Safari/537.36"
52.167.144.181 - - [16/Nov/2024:07:39:03 +0000] "GET /168225710 HTTP/1.1" 200 25450 "-" "Mozilla/5.0 AppleWebKit/537.36 (KHTML, like Gecko; compatible; bingbot/2.0; +http://www.bing.com/bingbot.htm) Chrome/116.0.1938.76 Safari/537.36"
52.167.144.181 - - [16/Nov/2024:07:39:03 +0000] "GET /34570070 HTTP/1.1" 200 29179 "-" "Mozilla/5.0 AppleWebKit/537.36 (KHTML, like Gecko; compatible; bingbot/2.0; +http://www.bing.com/bingbot.htm) Chrome/116.0.1938.76 Safari/537.36"
127.0.0.1 - - [16/Nov/2024:07:39:04 +0000] "POST /wp-cron.php?doing_wp_cron=1731742743.8422389030456542968750 HTTP/1.1" 500 5 "-" "WordPress/6.6.2; https://guide.quickscrum.com"
52.167.144.181 - - [16/Nov/2024:07:39:04 +0000] "GET /17048030 HTTP/1.1" 200 28393 "-" "Mozilla/5.0 AppleWebKit/537.36 (KHTML, like Gecko; compatible; bingbot/2.0; +http://www.bing.com/bingbot.htm) Chrome/116.0.1938.76 Safari/537.36"
52.167.144.181 - - [16/Nov/2024:07:39:04 +0000] "GET /180171710 HTTP/1.1" 200 25145 "-" "Mozilla/5.0 AppleWebKit/537.36 (KHTML, like Gecko; compatible; bingbot/2.0; +http://www.bing.com/bingbot.htm) Chrome/116.0.1938.76 Safari/537.36"
34.197.28.78 - - [16/Nov/2024:07:39:05 +0000] "GET /210872zmdditems/etidm HTTP/1.1" 404 30905 "-" "Mozilla/5.0 (Macintosh; Intel Mac OS X 10_10_1) AppleWebKit/600.2.5 (KHTML, like Gecko) Version/8.0.2 Safari/600.2.5 (Amazonbot/0.1; +https://developer.amazon.com/support/amazonbot)"
52.167.144.181 - - [16/Nov/2024:07:39:05 +0000] "GET /76638110 HTTP/1.1" 200 28097 "-" "Mozilla/5.0 AppleWebKit/537.36 (KHTML, like Gecko; compatible; bingbot/2.0; +http://www.bing.com/bingbot.htm) Chrome/116.0.1938.76 Safari/537.36"
57.141.3.23 - - [16/Nov/2024:07:39:05 +0000] "GET /101069zmdditems/eti HTTP/1.1" 404 140465 "-" "meta-externalagent/1.1 (+https://developers.facebook.com/docs/sharing/webmasters/crawler)"
52.167.144.181 - - [16/Nov/2024:07:39:06 +0000] "GET /241786910 HTTP/1.1" 200 26761 "-" "Mozilla/5.0 AppleWebKit/537.36 (KHTML, like Gecko; compatible; bingbot/2.0; +http://www.bing.com/bingbot.htm) Chrome/116.0.1938.76 Safari/537.36"
52.167.144.181 - - [16/Nov/2024:07:39:06 +0000] "GET /280951790 HTTP/1.1" 200 24615 "-" "Mozilla/5.0 AppleWebKit/537.36 (KHTML, like Gecko; compatible; bingbot/2.0; +http://www.bing.com/bingbot.htm) Chrome/116.0.1938.76 Safari/537.36"
57.141.3.11 - - [16/Nov/2024:07:39:07 +0000] "GET /137064yhreucsys.html HTTP/1.1" 404 140463 "-" "meta-externalagent/1.1 (+https://developers.facebook.com/docs/sharing/webmasters/crawler)"
52.167.144.181 - - [16/Nov/2024:07:39:07 +0000] "GET /202722710 HTTP/1.1" 200 25490 "-" "Mozilla/5.0 AppleWebKit/537.36 (KHTML, like Gecko; compatible; bingbot/2.0; +http://www.bing.com/bingbot.htm) Chrome/116.0.1938.76 Safari/537.36"
52.167.144.181 - - [16/Nov/2024:07:39:08 +0000] "GET /168576350 HTTP/1.1" 200 27517 "-" "Mozilla/5.0 AppleWebKit/537.36 (KHTML, like Gecko; compatible; bingbot/2.0; +http://www.bing.com/bingbot.htm) Chrome/116.0.1938.76 Safari/537.36"
52.167.144.181 - - [16/Nov/2024:07:39:08 +0000] "GET /52327190 HTTP/1.1" 200 26156 "-" "Mozilla/5.0 AppleWebKit/537.36 (KHTML, like Gecko; compatible; bingbot/2.0; +http://www.bing.com/bingbot.htm) Chrome/116.0.1938.76 Safari/537.36"
