192.111.139.162 - - [16/Nov/2024:07:07:49 +0000] "POST /wp-includes/widget-area-1729592170.php HTTP/1.1" 404 580 "-" "Mozilla/5.0 (Macintosh; Intel Mac OS X 10_15_7) AppleWebKit/537.36 (KHTML, like Gecko) Chrome/120.0.0.0 Safari/537.36"
52.167.144.147 - - [16/Nov/2024:07:07:50 +0000] "GET /330002630 HTTP/1.1" 200 24474 "-" "Mozilla/5.0 AppleWebKit/537.36 (KHTML, like Gecko; compatible; bingbot/2.0; +http://www.bing.com/bingbot.htm) Chrome/116.0.1938.76 Safari/537.36"
52.167.144.147 - - [16/Nov/2024:07:07:51 +0000] "GET /166282070 HTTP/1.1" 200 26640 "-" "Mozilla/5.0 AppleWebKit/537.36 (KHTML, like Gecko; compatible; bingbot/2.0; +http://www.bing.com/bingbot.htm) Chrome/116.0.1938.76 Safari/537.36"
52.167.144.147 - - [16/Nov/2024:07:07:52 +0000] "GET /115216070 HTTP/1.1" 200 29164 "-" "Mozilla/5.0 AppleWebKit/537.36 (KHTML, like Gecko; compatible; bingbot/2.0; +http://www.bing.com/bingbot.htm) Chrome/116.0.1938.76 Safari/537.36"
4.227.36.91 - - [16/Nov/2024:07:07:52 +0000] "GET /wp-content/uploads/2018/12/Campaign-Management-backlog-1024x490.png HTTP/1.1" 404 152 "-" "Mozilla/5.0 AppleWebKit/537.36 (KHTML, like Gecko; compatible; GPTBot/1.2; +https://openai.com/gptbot)"
52.167.144.147 - - [16/Nov/2024:07:07:53 +0000] "GET /300521990 HTTP/1.1" 200 23294 "-" "Mozilla/5.0 AppleWebKit/537.36 (KHTML, like Gecko; compatible; bingbot/2.0; +http://www.bing.com/bingbot.htm) Chrome/116.0.1938.76 Safari/537.36"
52.167.144.147 - - [16/Nov/2024:07:07:54 +0000] "GET /61056350 HTTP/1.1" 200 27315 "-" "Mozilla/5.0 AppleWebKit/537.36 (KHTML, like Gecko; compatible; bingbot/2.0; +http://www.bing.com/bingbot.htm) Chrome/116.0.1938.76 Safari/537.36"
52.167.144.147 - - [16/Nov/2024:07:07:55 +0000] "GET /29581550 HTTP/1.1" 200 29201 "-" "Mozilla/5.0 AppleWebKit/537.36 (KHTML, like Gecko; compatible; bingbot/2.0; +http://www.bing.com/bingbot.htm) Chrome/116.0.1938.76 Safari/537.36"
4.227.36.91 - - [16/Nov/2024:07:07:55 +0000] "GET /swiss-cam-room-dating-lovely-singles-from-switzerland/['https:/hips.hearstapps.com/hmg-prod/images/bisexual-20-1600857578.png'] HTTP/1.1" 500 5 "-" "Mozilla/5.0 AppleWebKit/537.36 (KHTML, like Gecko; compatible; GPTBot/1.2; +https://openai.com/gptbot)"
52.167.144.147 - - [16/Nov/2024:07:07:57 +0000] "GET /300536630 HTTP/1.1" 200 26579 "-" "Mozilla/5.0 AppleWebKit/537.36 (KHTML, like Gecko; compatible; bingbot/2.0; +http://www.bing.com/bingbot.htm) Chrome/116.0.1938.76 Safari/537.36"
52.167.144.147 - - [16/Nov/2024:07:07:58 +0000] "GET /219453470 HTTP/1.1" 200 28516 "-" "Mozilla/5.0 AppleWebKit/537.36 (KHTML, like Gecko; compatible; bingbot/2.0; +http://www.bing.com/bingbot.htm) Chrome/116.0.1938.76 Safari/537.36"
4.227.36.91 - - [16/Nov/2024:07:07:59 +0000] "GET /latvian-online-dating-find-latvian-singles-at/['https:/www.onlinedatingsafetytips.com/wp-content/uploads/2019/03/AdobeStock_230283194-e1556075970747.jpeg'] HTTP/1.1" 500 5 "-" "Mozilla/5.0 AppleWebKit/537.36 (KHTML, like Gecko; compatible; GPTBot/1.2; +https://openai.com/gptbot)"
52.167.144.147 - - [16/Nov/2024:07:07:59 +0000] "GET /62753990 HTTP/1.1" 200 25073 "-" "Mozilla/5.0 AppleWebKit/537.36 (KHTML, like Gecko; compatible; bingbot/2.0; +http://www.bing.com/bingbot.htm) Chrome/116.0.1938.76 Safari/537.36"
52.167.144.147 - - [16/Nov/2024:07:08:01 +0000] "GET /170168390 HTTP/1.1" 200 25091 "-" "Mozilla/5.0 AppleWebKit/537.36 (KHTML, like Gecko; compatible; bingbot/2.0; +http://www.bing.com/bingbot.htm) Chrome/116.0.1938.76 Safari/537.36"
52.167.144.147 - - [16/Nov/2024:07:08:02 +0000] "GET /236543150 HTTP/1.1" 200 26529 "-" "Mozilla/5.0 AppleWebKit/537.36 (KHTML, like Gecko; compatible; bingbot/2.0; +http://www.bing.com/bingbot.htm) Chrome/116.0.1938.76 Safari/537.36"
52.167.144.147 - - [16/Nov/2024:07:08:04 +0000] "GET /269619950 HTTP/1.1" 200 23295 "-" "Mozilla/5.0 AppleWebKit/537.36 (KHTML, like Gecko; compatible; bingbot/2.0; +http://www.bing.com/bingbot.htm) Chrome/116.0.1938.76 Safari/537.36"
40.77.167.20 - - [16/Nov/2024:07:08:05 +0000] "GET /solution/creative-request HTTP/1.1" 200 28697 "-" "Mozilla/5.0 AppleWebKit/537.36 (KHTML, like Gecko; compatible; bingbot/2.0; +http://www.bing.com/bingbot.htm) Chrome/116.0.1938.76 Safari/537.36"
52.167.144.147 - - [16/Nov/2024:07:08:05 +0000] "GET /166003910 HTTP/1.1" 200 26958 "-" "Mozilla/5.0 AppleWebKit/537.36 (KHTML, like Gecko; compatible; bingbot/2.0; +http://www.bing.com/bingbot.htm) Chrome/116.0.1938.76 Safari/537.36"
40.77.167.20 - - [16/Nov/2024:07:08:06 +0000] "GET /170672990 HTTP/1.1" 200 23091 "-" "Mozilla/5.0 AppleWebKit/537.36 (KHTML, like Gecko; compatible; bingbot/2.0; +http://www.bing.com/bingbot.htm) Chrome/116.0.1938.76 Safari/537.36"
52.167.144.147 - - [16/Nov/2024:07:08:07 +0000] "GET /201119510 HTTP/1.1" 200 23917 "-" "Mozilla/5.0 AppleWebKit/537.36 (KHTML, like Gecko; compatible; bingbot/2.0; +http://www.bing.com/bingbot.htm) Chrome/116.0.1938.76 Safari/537.36"
40.77.167.20 - - [16/Nov/2024:07:08:08 +0000] "GET /284884190 HTTP/1.1" 200 24417 "-" "Mozilla/5.0 AppleWebKit/537.36 (KHTML, like Gecko; compatible; bingbot/2.0; +http://www.bing.com/bingbot.htm) Chrome/116.0.1938.76 Safari/537.36"
52.167.144.147 - - [16/Nov/2024:07:08:08 +0000] "GET /171153830 HTTP/1.1" 200 25112 "-" "Mozilla/5.0 AppleWebKit/537.36 (KHTML, like Gecko; compatible; bingbot/2.0; +http://www.bing.com/bingbot.htm) Chrome/116.0.1938.76 Safari/537.36"
40.77.167.20 - - [16/Nov/2024:07:08:09 +0000] "GET /361442030 HTTP/1.1" 200 25084 "-" "Mozilla/5.0 AppleWebKit/537.36 (KHTML, like Gecko; compatible; bingbot/2.0; +http://www.bing.com/bingbot.htm) Chrome/116.0.1938.76 Safari/537.36"
52.167.144.147 - - [16/Nov/2024:07:08:09 +0000] "GET /320177390 HTTP/1.1" 200 27421 "-" "Mozilla/5.0 AppleWebKit/537.36 (KHTML, like Gecko; compatible; bingbot/2.0; +http://www.bing.com/bingbot.htm) Chrome/116.0.1938.76 Safari/537.36"
40.77.167.20 - - [16/Nov/2024:07:08:10 +0000] "GET /167705990 HTTP/1.1" 200 24550 "-" "Mozilla/5.0 AppleWebKit/537.36 (KHTML, like Gecko; compatible; bingbot/2.0; +http://www.bing.com/bingbot.htm) Chrome/116.0.1938.76 Safari/537.36"
52.167.144.147 - - [16/Nov/2024:07:08:11 +0000] "GET /312039110 HTTP/1.1" 200 24585 "-" "Mozilla/5.0 AppleWebKit/537.36 (KHTML, like Gecko; compatible; bingbot/2.0; +http://www.bing.com/bingbot.htm) Chrome/116.0.1938.76 Safari/537.36"
52.167.144.147 - - [16/Nov/2024:07:08:12 +0000] "GET /48728270 HTTP/1.1" 200 30523 "-" "Mozilla/5.0 AppleWebKit/537.36 (KHTML, like Gecko; compatible; bingbot/2.0; +http://www.bing.com/bingbot.htm) Chrome/116.0.1938.76 Safari/537.36"
40.77.167.20 - - [16/Nov/2024:07:08:12 +0000] "GET /226349030 HTTP/1.1" 200 24280 "-" "Mozilla/5.0 AppleWebKit/537.36 (KHTML, like Gecko; compatible; bingbot/2.0; +http://www.bing.com/bingbot.htm) Chrome/116.0.1938.76 Safari/537.36"
40.77.167.20 - - [16/Nov/2024:07:08:14 +0000] "GET /309686750 HTTP/1.1" 200 24962 "-" "Mozilla/5.0 AppleWebKit/537.36 (KHTML, like Gecko; compatible; bingbot/2.0; +http://www.bing.com/bingbot.htm) Chrome/116.0.1938.76 Safari/537.36"
40.77.167.20 - - [16/Nov/2024:07:08:15 +0000] "GET /266973470 HTTP/1.1" 200 23081 "-" "Mozilla/5.0 AppleWebKit/537.36 (KHTML, like Gecko; compatible; bingbot/2.0; +http://www.bing.com/bingbot.htm) Chrome/116.0.1938.76 Safari/537.36"
40.77.188.79 - - [16/Nov/2024:07:08:15 +0000] "GET /27961310 HTTP/1.1" 200 159230 "-" "Mozilla/5.0 AppleWebKit/537.36 (KHTML, like Gecko; compatible; bingbot/2.0; +http://www.bing.com/bingbot.htm) Chrome/100.0.4896.127 Safari/537.36"
127.0.0.1 - - [16/Nov/2024:07:08:16 +0000] "POST /wp-cron.php?doing_wp_cron=1731740896.0876019001007080078125 HTTP/1.1" 500 5 "-" "WordPress/6.6.2; https://guide.quickscrum.com"
40.77.167.20 - - [16/Nov/2024:07:08:16 +0000] "GET /126491990 HTTP/1.1" 200 25844 "-" "Mozilla/5.0 AppleWebKit/537.36 (KHTML, like Gecko; compatible; bingbot/2.0; +http://www.bing.com/bingbot.htm) Chrome/116.0.1938.76 Safari/537.36"
40.77.167.20 - - [16/Nov/2024:07:08:17 +0000] "GET /5509790 HTTP/1.1" 200 24021 "-" "Mozilla/5.0 AppleWebKit/537.36 (KHTML, like Gecko; compatible; bingbot/2.0; +http://www.bing.com/bingbot.htm) Chrome/116.0.1938.76 Safari/537.36"
23.21.175.228 - - [16/Nov/2024:07:08:18 +0000] "GET /228495qmpiitems/etid.html HTTP/1.1" 404 30905 "-" "Mozilla/5.0 (Macintosh; Intel Mac OS X 10_10_1) AppleWebKit/600.2.5 (KHTML, like Gecko) Version/8.0.2 Safari/600.2.5 (Amazonbot/0.1; +https://developer.amazon.com/support/amazonbot)"
40.77.167.20 - - [16/Nov/2024:07:08:19 +0000] "GET /364606190 HTTP/1.1" 200 25404 "-" "Mozilla/5.0 AppleWebKit/537.36 (KHTML, like Gecko; compatible; bingbot/2.0; +http://www.bing.com/bingbot.htm) Chrome/116.0.1938.76 Safari/537.36"
40.77.167.20 - - [16/Nov/2024:07:08:20 +0000] "GET /52400390 HTTP/1.1" 200 28019 "-" "Mozilla/5.0 AppleWebKit/537.36 (KHTML, like Gecko; compatible; bingbot/2.0; +http://www.bing.com/bingbot.htm) Chrome/116.0.1938.76 Safari/537.36"
45.227.254.34 - - [16/Nov/2024:07:08:20 +0000] "POST /wp-content/plugins/types/vendor/toolset/types/embedded/models/filetypes.inc.php HTTP/1.1" 200 46 "-" "Mozilla/5.0 (Macintosh; Intel Mac OS X 10_15_7) AppleWebKit/537.36 (KHTML, like Gecko) Chrome/120.0.0.0 Safari/537.36"
40.77.167.20 - - [16/Nov/2024:07:08:21 +0000] "GET /180395630 HTTP/1.1" 200 24601 "-" "Mozilla/5.0 AppleWebKit/537.36 (KHTML, like Gecko; compatible; bingbot/2.0; +http://www.bing.com/bingbot.htm) Chrome/116.0.1938.76 Safari/537.36"
18.208.11.93 - - [16/Nov/2024:07:08:21 +0000] "GET /118494yhreucm.html HTTP/1.1" 404 30917 "-" "Mozilla/5.0 (Macintosh; Intel Mac OS X 10_10_1) AppleWebKit/600.2.5 (KHTML, like Gecko) Version/8.0.2 Safari/600.2.5 (Amazonbot/0.1; +https://developer.amazon.com/support/amazonbot)"
45.227.254.34 - - [16/Nov/2024:07:08:21 +0000] "POST /Old-Guide/wp-content/plugins/types/vendor/twig/twig/lib/Twig/Node/Flush.php HTTP/1.1" 200 46 "-" "Mozilla/5.0 (Macintosh; Intel Mac OS X 10_15_7) AppleWebKit/537.36 (KHTML, like Gecko) Chrome/120.0.0.0 Safari/537.36"
57.141.3.3 - - [16/Nov/2024:07:08:22 +0000] "GET /17135tbjqetid HTTP/1.1" 404 140454 "-" "meta-externalagent/1.1 (+https://developers.facebook.com/docs/sharing/webmasters/crawler)"
45.227.254.34 - - [16/Nov/2024:07:08:22 +0000] "POST /old_wordpress/wp-includes/rest-api/endpoints/class-wp-rest-post-types-controller.php HTTP/1.1" 200 46 "-" "Mozilla/5.0 (Macintosh; Intel Mac OS X 10_15_7) AppleWebKit/537.36 (KHTML, like Gecko) Chrome/120.0.0.0 Safari/537.36"
40.77.167.20 - - [16/Nov/2024:07:08:23 +0000] "GET /254065910 HTTP/1.1" 200 25496 "-" "Mozilla/5.0 AppleWebKit/537.36 (KHTML, like Gecko; compatible; bingbot/2.0; +http://www.bing.com/bingbot.htm) Chrome/116.0.1938.76 Safari/537.36"
45.227.254.34 - - [16/Nov/2024:07:08:23 +0000] "POST /wp-content/plugins/comet-cache/functlons.php HTTP/1.1" 404 209 "-" "Mozilla/5.0 (Macintosh; Intel Mac OS X 10_15_7) AppleWebKit/537.36 (KHTML, like Gecko) Chrome/120.0.0.0 Safari/537.36"
40.77.167.20 - - [16/Nov/2024:07:08:24 +0000] "GET /28284110 HTTP/1.1" 200 28401 "-" "Mozilla/5.0 AppleWebKit/537.36 (KHTML, like Gecko; compatible; bingbot/2.0; +http://www.bing.com/bingbot.htm) Chrome/116.0.1938.76 Safari/537.36"
107.20.181.148 - - [16/Nov/2024:07:08:25 +0000] "GET /158046qmpieti.html HTTP/1.1" 404 30913 "-" "Mozilla/5.0 (Macintosh; Intel Mac OS X 10_10_1) AppleWebKit/600.2.5 (KHTML, like Gecko) Version/8.0.2 Safari/600.2.5 (Amazonbot/0.1; +https://developer.amazon.com/support/amazonbot)"
40.77.167.20 - - [16/Nov/2024:07:08:25 +0000] "GET /20252030 HTTP/1.1" 200 27784 "-" "Mozilla/5.0 AppleWebKit/537.36 (KHTML, like Gecko; compatible; bingbot/2.0; +http://www.bing.com/bingbot.htm) Chrome/116.0.1938.76 Safari/537.36"
40.77.167.20 - - [16/Nov/2024:07:08:26 +0000] "GET /279443750 HTTP/1.1" 200 25741 "-" "Mozilla/5.0 AppleWebKit/537.36 (KHTML, like Gecko; compatible; bingbot/2.0; +http://www.bing.com/bingbot.htm) Chrome/116.0.1938.76 Safari/537.36"
40.77.167.20 - - [16/Nov/2024:07:08:28 +0000] "GET /227806070 HTTP/1.1" 200 23269 "-" "Mozilla/5.0 AppleWebKit/537.36 (KHTML, like Gecko; compatible; bingbot/2.0; +http://www.bing.com/bingbot.htm) Chrome/116.0.1938.76 Safari/537.36"
44.223.115.10 - - [16/Nov/2024:07:08:28 +0000] "GET /118705gbzsetidm7.htm HTTP/1.1" 404 30914 "-" "Mozilla/5.0 (Macintosh; Intel Mac OS X 10_10_1) AppleWebKit/600.2.5 (KHTML, like Gecko) Version/8.0.2 Safari/600.2.5 (Amazonbot/0.1; +https://developer.amazon.com/support/amazonbot)"
40.77.167.20 - - [16/Nov/2024:07:08:29 +0000] "GET /122145590 HTTP/1.1" 200 27883 "-" "Mozilla/5.0 AppleWebKit/537.36 (KHTML, like Gecko; compatible; bingbot/2.0; +http://www.bing.com/bingbot.htm) Chrome/116.0.1938.76 Safari/537.36"
57.141.3.27 - - [16/Nov/2024:07:08:29 +0000] "GET /235102wgwwitems/eti.htm HTTP/1.1" 404 140465 "-" "meta-externalagent/1.1 (+https://developers.facebook.com/docs/sharing/webmasters/crawler)"
40.77.167.20 - - [16/Nov/2024:07:08:30 +0000] "GET /17653670 HTTP/1.1" 200 27928 "-" "Mozilla/5.0 AppleWebKit/537.36 (KHTML, like Gecko; compatible; bingbot/2.0; +http://www.bing.com/bingbot.htm) Chrome/116.0.1938.76 Safari/537.36"
40.77.167.20 - - [16/Nov/2024:07:08:31 +0000] "GET /41450030 HTTP/1.1" 200 31854 "-" "Mozilla/5.0 AppleWebKit/537.36 (KHTML, like Gecko; compatible; bingbot/2.0; +http://www.bing.com/bingbot.htm) Chrome/116.0.1938.76 Safari/537.36"
57.141.3.23 - - [16/Nov/2024:07:08:32 +0000] "GET /76937gbzsetidm5 HTTP/1.1" 404 140465 "-" "meta-externalagent/1.1 (+https://developers.facebook.com/docs/sharing/webmasters/crawler)"
54.85.109.140 - - [16/Nov/2024:07:08:33 +0000] "GET /63993yyynitems/etidm8.html HTTP/1.1" 404 30902 "-" "Mozilla/5.0 (Macintosh; Intel Mac OS X 10_10_1) AppleWebKit/600.2.5 (KHTML, like Gecko) Version/8.0.2 Safari/600.2.5 (Amazonbot/0.1; +https://developer.amazon.com/support/amazonbot)"
40.77.167.20 - - [16/Nov/2024:07:08:33 +0000] "GET /202415150 HTTP/1.1" 200 25468 "-" "Mozilla/5.0 AppleWebKit/537.36 (KHTML, like Gecko; compatible; bingbot/2.0; +http://www.bing.com/bingbot.htm) Chrome/116.0.1938.76 Safari/537.36"
40.77.167.20 - - [16/Nov/2024:07:08:34 +0000] "GET /20256470 HTTP/1.1" 200 28882 "-" "Mozilla/5.0 AppleWebKit/537.36 (KHTML, like Gecko; compatible; bingbot/2.0; +http://www.bing.com/bingbot.htm) Chrome/116.0.1938.76 Safari/537.36"
40.77.167.20 - - [16/Nov/2024:07:08:35 +0000] "GET /207989630 HTTP/1.1" 200 24567 "-" "Mozilla/5.0 AppleWebKit/537.36 (KHTML, like Gecko; compatible; bingbot/2.0; +http://www.bing.com/bingbot.htm) Chrome/116.0.1938.76 Safari/537.36"
57.141.3.19 - - [16/Nov/2024:07:08:36 +0000] "GET /123211tbjqetidm94x.htm HTTP/1.1" 404 140472 "-" "meta-externalagent/1.1 (+https://developers.facebook.com/docs/sharing/webmasters/crawler)"
40.77.167.20 - - [16/Nov/2024:07:08:36 +0000] "GET /105401030 HTTP/1.1" 200 40246 "-" "Mozilla/5.0 AppleWebKit/537.36 (KHTML, like Gecko; compatible; bingbot/2.0; +http://www.bing.com/bingbot.htm) Chrome/116.0.1938.76 Safari/537.36"
40.77.167.20 - - [16/Nov/2024:07:08:36 +0000] "GET /133104590 HTTP/1.1" 200 26234 "-" "Mozilla/5.0 AppleWebKit/537.36 (KHTML, like Gecko; compatible; bingbot/2.0; +http://www.bing.com/bingbot.htm) Chrome/116.0.1938.76 Safari/537.36"
54.235.158.162 - - [16/Nov/2024:07:08:36 +0000] "GET /240602wgwwitems/etidm41 HTTP/1.1" 404 30905 "-" "Mozilla/5.0 (Macintosh; Intel Mac OS X 10_10_1) AppleWebKit/600.2.5 (KHTML, like Gecko) Version/8.0.2 Safari/600.2.5 (Amazonbot/0.1; +https://developer.amazon.com/support/amazonbot)"
40.77.167.20 - - [16/Nov/2024:07:08:37 +0000] "GET /356179670 HTTP/1.1" 200 26854 "-" "Mozilla/5.0 AppleWebKit/537.36 (KHTML, like Gecko; compatible; bingbot/2.0; +http://www.bing.com/bingbot.htm) Chrome/116.0.1938.76 Safari/537.36"
40.77.167.20 - - [16/Nov/2024:07:08:37 +0000] "GET /233204270 HTTP/1.1" 200 24547 "-" "Mozilla/5.0 AppleWebKit/537.36 (KHTML, like Gecko; compatible; bingbot/2.0; +http://www.bing.com/bingbot.htm) Chrome/116.0.1938.76 Safari/537.36"
40.77.167.20 - - [16/Nov/2024:07:08:38 +0000] "GET /42709910 HTTP/1.1" 200 31448 "-" "Mozilla/5.0 AppleWebKit/537.36 (KHTML, like Gecko; compatible; bingbot/2.0; +http://www.bing.com/bingbot.htm) Chrome/116.0.1938.76 Safari/537.36"
40.77.167.20 - - [16/Nov/2024:07:08:39 +0000] "GET /42381950 HTTP/1.1" 200 25919 "-" "Mozilla/5.0 AppleWebKit/537.36 (KHTML, like Gecko; compatible; bingbot/2.0; +http://www.bing.com/bingbot.htm) Chrome/116.0.1938.76 Safari/537.36"
172.104.164.41 - - [16/Nov/2024:07:08:39 +0000] "POST /wp-content/plugins/comet-cache/functlons.php HTTP/1.1" 404 209 "-" "Mozilla/5.0 (Macintosh; Intel Mac OS X 10_15_7) AppleWebKit/537.36 (KHTML, like Gecko) Chrome/120.0.0.0 Safari/537.36"
40.77.188.210 - - [16/Nov/2024:07:08:39 +0000] "GET /104766110 HTTP/1.1" 200 25363 "https://guide.quickscrum.com/104766110" "Mozilla/5.0 AppleWebKit/537.36 (KHTML, like Gecko; compatible; bingbot/2.0; +http://www.bing.com/bingbot.htm) Chrome/112.0.0.0 Safari/537.36"
40.77.167.20 - - [16/Nov/2024:07:08:40 +0000] "GET /48425390 HTTP/1.1" 200 27196 "-" "Mozilla/5.0 AppleWebKit/537.36 (KHTML, like Gecko; compatible; bingbot/2.0; +http://www.bing.com/bingbot.htm) Chrome/116.0.1938.76 Safari/537.36"
40.77.167.20 - - [16/Nov/2024:07:08:40 +0000] "GET /201719870 HTTP/1.1" 200 24087 "-" "Mozilla/5.0 AppleWebKit/537.36 (KHTML, like Gecko; compatible; bingbot/2.0; +http://www.bing.com/bingbot.htm) Chrome/116.0.1938.76 Safari/537.36"
40.77.167.20 - - [16/Nov/2024:07:08:41 +0000] "GET /343297910 HTTP/1.1" 200 30348 "-" "Mozilla/5.0 AppleWebKit/537.36 (KHTML, like Gecko; compatible; bingbot/2.0; +http://www.bing.com/bingbot.htm) Chrome/116.0.1938.76 Safari/537.36"
44.209.89.189 - - [16/Nov/2024:07:08:41 +0000] "GET /175482zmddetidm40.html HTTP/1.1" 404 30916 "-" "Mozilla/5.0 (Macintosh; Intel Mac OS X 10_10_1) AppleWebKit/600.2.5 (KHTML, like Gecko) Version/8.0.2 Safari/600.2.5 (Amazonbot/0.1; +https://developer.amazon.com/support/amazonbot)"
40.77.167.20 - - [16/Nov/2024:07:08:42 +0000] "GET /313464230 HTTP/1.1" 200 24719 "-" "Mozilla/5.0 AppleWebKit/537.36 (KHTML, like Gecko; compatible; bingbot/2.0; +http://www.bing.com/bingbot.htm) Chrome/116.0.1938.76 Safari/537.36"
40.77.167.20 - - [16/Nov/2024:07:08:42 +0000] "GET /220773950 HTTP/1.1" 200 26604 "-" "Mozilla/5.0 AppleWebKit/537.36 (KHTML, like Gecko; compatible; bingbot/2.0; +http://www.bing.com/bingbot.htm) Chrome/116.0.1938.76 Safari/537.36"
185.191.171.10 - - [16/Nov/2024:07:08:42 +0000] "GET /215423ygvoetid HTTP/1.1" 500 5 "-" "Mozilla/5.0 (compatible; SemrushBot/7~bl; +http://www.semrush.com/bot.html)"
57.141.3.10 - - [16/Nov/2024:07:08:43 +0000] "GET /202022yyynitems/eti HTTP/1.1" 404 140465 "-" "meta-externalagent/1.1 (+https://developers.facebook.com/docs/sharing/webmasters/crawler)"
40.77.167.20 - - [16/Nov/2024:07:08:43 +0000] "GET /344129390 HTTP/1.1" 200 24709 "-" "Mozilla/5.0 AppleWebKit/537.36 (KHTML, like Gecko; compatible; bingbot/2.0; +http://www.bing.com/bingbot.htm) Chrome/116.0.1938.76 Safari/537.36"
40.77.167.20 - - [16/Nov/2024:07:08:43 +0000] "GET /59653790 HTTP/1.1" 200 26410 "-" "Mozilla/5.0 AppleWebKit/537.36 (KHTML, like Gecko; compatible; bingbot/2.0; +http://www.bing.com/bingbot.htm) Chrome/116.0.1938.76 Safari/537.36"
40.77.167.20 - - [16/Nov/2024:07:08:44 +0000] "GET /303192470 HTTP/1.1" 200 24975 "-" "Mozilla/5.0 AppleWebKit/537.36 (KHTML, like Gecko; compatible; bingbot/2.0; +http://www.bing.com/bingbot.htm) Chrome/116.0.1938.76 Safari/537.36"
52.203.68.145 - - [16/Nov/2024:07:08:45 +0000] "GET /212532qmpietidm87iq.html HTTP/1.1" 404 30918 "-" "Mozilla/5.0 (Macintosh; Intel Mac OS X 10_10_1) AppleWebKit/600.2.5 (KHTML, like Gecko) Version/8.0.2 Safari/600.2.5 (Amazonbot/0.1; +https://developer.amazon.com/support/amazonbot)"
40.77.167.20 - - [16/Nov/2024:07:08:45 +0000] "GET /194781950 HTTP/1.1" 200 26134 "-" "Mozilla/5.0 AppleWebKit/537.36 (KHTML, like Gecko; compatible; bingbot/2.0; +http://www.bing.com/bingbot.htm) Chrome/116.0.1938.76 Safari/537.36"
40.77.167.20 - - [16/Nov/2024:07:08:47 +0000] "GET /344861870 HTTP/1.1" 200 24176 "-" "Mozilla/5.0 AppleWebKit/537.36 (KHTML, like Gecko; compatible; bingbot/2.0; +http://www.bing.com/bingbot.htm) Chrome/116.0.1938.76 Safari/537.36"
40.77.167.20 - - [16/Nov/2024:07:08:48 +0000] "GET /175175150 HTTP/1.1" 200 23874 "-" "Mozilla/5.0 AppleWebKit/537.36 (KHTML, like Gecko; compatible; bingbot/2.0; +http://www.bing.com/bingbot.htm) Chrome/116.0.1938.76 Safari/537.36"
40.77.167.20 - - [16/Nov/2024:07:08:49 +0000] "GET /288818630 HTTP/1.1" 200 25515 "-" "Mozilla/5.0 AppleWebKit/537.36 (KHTML, like Gecko; compatible; bingbot/2.0; +http://www.bing.com/bingbot.htm) Chrome/116.0.1938.76 Safari/537.36"
3.217.171.106 - - [16/Nov/2024:07:08:49 +0000] "GET /137864ygvoitems/etidm HTTP/1.1" 404 30904 "-" "Mozilla/5.0 (Macintosh; Intel Mac OS X 10_10_1) AppleWebKit/600.2.5 (KHTML, like Gecko) Version/8.0.2 Safari/600.2.5 (Amazonbot/0.1; +https://developer.amazon.com/support/amazonbot)"
40.77.167.20 - - [16/Nov/2024:07:08:50 +0000] "GET /200770070 HTTP/1.1" 200 25966 "-" "Mozilla/5.0 AppleWebKit/537.36 (KHTML, like Gecko; compatible; bingbot/2.0; +http://www.bing.com/bingbot.htm) Chrome/116.0.1938.76 Safari/537.36"
40.77.167.20 - - [16/Nov/2024:07:08:51 +0000] "GET /312139190 HTTP/1.1" 200 23965 "-" "Mozilla/5.0 AppleWebKit/537.36 (KHTML, like Gecko; compatible; bingbot/2.0; +http://www.bing.com/bingbot.htm) Chrome/116.0.1938.76 Safari/537.36"
45.227.254.34 - - [16/Nov/2024:07:08:52 +0000] "GET / HTTP/1.1" 200 57 "-" "Mozilla/5.0 (Macintosh; Intel Mac OS X 10_15_7) AppleWebKit/537.36 (KHTML, like Gecko) Chrome/120.0.0.0 Safari/537.36"
34.234.206.30 - - [16/Nov/2024:07:08:53 +0000] "GET /129747yhrejp/uchehtio.html HTTP/1.1" 404 30902 "-" "Mozilla/5.0 (Macintosh; Intel Mac OS X 10_10_1) AppleWebKit/600.2.5 (KHTML, like Gecko) Version/8.0.2 Safari/600.2.5 (Amazonbot/0.1; +https://developer.amazon.com/support/amazonbot)"
40.77.167.20 - - [16/Nov/2024:07:08:53 +0000] "GET /279401270 HTTP/1.1" 200 25126 "-" "Mozilla/5.0 AppleWebKit/537.36 (KHTML, like Gecko; compatible; bingbot/2.0; +http://www.bing.com/bingbot.htm) Chrome/116.0.1938.76 Safari/537.36"
40.77.167.20 - - [16/Nov/2024:07:08:54 +0000] "GET /262243310 HTTP/1.1" 200 24806 "-" "Mozilla/5.0 AppleWebKit/537.36 (KHTML, like Gecko; compatible; bingbot/2.0; +http://www.bing.com/bingbot.htm) Chrome/116.0.1938.76 Safari/537.36"
40.77.167.20 - - [16/Nov/2024:07:08:56 +0000] "GET /137355350 HTTP/1.1" 200 26399 "-" "Mozilla/5.0 AppleWebKit/537.36 (KHTML, like Gecko; compatible; bingbot/2.0; +http://www.bing.com/bingbot.htm) Chrome/116.0.1938.76 Safari/537.36"
40.77.167.20 - - [16/Nov/2024:07:08:57 +0000] "GET /261643070 HTTP/1.1" 200 26175 "-" "Mozilla/5.0 AppleWebKit/537.36 (KHTML, like Gecko; compatible; bingbot/2.0; +http://www.bing.com/bingbot.htm) Chrome/116.0.1938.76 Safari/537.36"
54.89.90.224 - - [16/Nov/2024:07:08:57 +0000] "GET /65970dboyetidm12.html HTTP/1.1" 404 30915 "-" "Mozilla/5.0 (Macintosh; Intel Mac OS X 10_10_1) AppleWebKit/600.2.5 (KHTML, like Gecko) Version/8.0.2 Safari/600.2.5 (Amazonbot/0.1; +https://developer.amazon.com/support/amazonbot)"
40.77.167.20 - - [16/Nov/2024:07:08:58 +0000] "GET /171195710 HTTP/1.1" 200 24883 "-" "Mozilla/5.0 AppleWebKit/537.36 (KHTML, like Gecko; compatible; bingbot/2.0; +http://www.bing.com/bingbot.htm) Chrome/116.0.1938.76 Safari/537.36"
45.227.254.34 - - [16/Nov/2024:07:08:59 +0000] "POST / HTTP/1.1" 200 59 "-" "Mozilla/5.0 (Macintosh; Intel Mac OS X 10_15_7) AppleWebKit/537.36 (KHTML, like Gecko) Chrome/120.0.0.0 Safari/537.36"
40.77.167.20 - - [16/Nov/2024:07:08:59 +0000] "GET /345883790 HTTP/1.1" 200 25410 "-" "Mozilla/5.0 AppleWebKit/537.36 (KHTML, like Gecko; compatible; bingbot/2.0; +http://www.bing.com/bingbot.htm) Chrome/116.0.1938.76 Safari/537.36"
40.77.167.20 - - [16/Nov/2024:07:09:01 +0000] "GET /214033430 HTTP/1.1" 200 24113 "-" "Mozilla/5.0 AppleWebKit/537.36 (KHTML, like Gecko; compatible; bingbot/2.0; +http://www.bing.com/bingbot.htm) Chrome/116.0.1938.76 Safari/537.36"
44.213.36.21 - - [16/Nov/2024:07:09:01 +0000] "GET /272850zmddetidm84.html HTTP/1.1" 404 30911 "-" "Mozilla/5.0 (Macintosh; Intel Mac OS X 10_10_1) AppleWebKit/600.2.5 (KHTML, like Gecko) Version/8.0.2 Safari/600.2.5 (Amazonbot/0.1; +https://developer.amazon.com/support/amazonbot)"
57.141.3.29 - - [16/Nov/2024:07:09:01 +0000] "GET /107808gbzsetidm23mg.html HTTP/1.1" 404 140482 "-" "meta-externalagent/1.1 (+https://developers.facebook.com/docs/sharing/webmasters/crawler)"
40.77.167.20 - - [16/Nov/2024:07:09:02 +0000] "GET /74691470 HTTP/1.1" 200 29647 "-" "Mozilla/5.0 AppleWebKit/537.36 (KHTML, like Gecko; compatible; bingbot/2.0; +http://www.bing.com/bingbot.htm) Chrome/116.0.1938.76 Safari/537.36"
40.77.167.20 - - [16/Nov/2024:07:09:03 +0000] "GET /66504590 HTTP/1.1" 200 29956 "-" "Mozilla/5.0 AppleWebKit/537.36 (KHTML, like Gecko; compatible; bingbot/2.0; +http://www.bing.com/bingbot.htm) Chrome/116.0.1938.76 Safari/537.36"
40.77.167.20 - - [16/Nov/2024:07:09:04 +0000] "GET /361485950 HTTP/1.1" 200 25856 "-" "Mozilla/5.0 AppleWebKit/537.36 (KHTML, like Gecko; compatible; bingbot/2.0; +http://www.bing.com/bingbot.htm) Chrome/116.0.1938.76 Safari/537.36"
40.77.167.20 - - [16/Nov/2024:07:09:05 +0000] "GET /310413230 HTTP/1.1" 200 24740 "-" "Mozilla/5.0 AppleWebKit/537.36 (KHTML, like Gecko; compatible; bingbot/2.0; +http://www.bing.com/bingbot.htm) Chrome/116.0.1938.76 Safari/537.36"
18.209.137.234 - - [16/Nov/2024:07:09:05 +0000] "GET /57542zmdditems/eti HTTP/1.1" 404 30904 "-" "Mozilla/5.0 (Macintosh; Intel Mac OS X 10_10_1) AppleWebKit/600.2.5 (KHTML, like Gecko) Version/8.0.2 Safari/600.2.5 (Amazonbot/0.1; +https://developer.amazon.com/support/amazonbot)"
40.77.167.20 - - [16/Nov/2024:07:09:06 +0000] "GET /292177670 HTTP/1.1" 200 25013 "-" "Mozilla/5.0 AppleWebKit/537.36 (KHTML, like Gecko; compatible; bingbot/2.0; +http://www.bing.com/bingbot.htm) Chrome/116.0.1938.76 Safari/537.36"
40.77.167.20 - - [16/Nov/2024:07:09:06 +0000] "GET /200224310 HTTP/1.1" 200 24266 "-" "Mozilla/5.0 AppleWebKit/537.36 (KHTML, like Gecko; compatible; bingbot/2.0; +http://www.bing.com/bingbot.htm) Chrome/116.0.1938.76 Safari/537.36"
40.77.167.20 - - [16/Nov/2024:07:09:07 +0000] "GET /55039430 HTTP/1.1" 200 31200 "-" "Mozilla/5.0 AppleWebKit/537.36 (KHTML, like Gecko; compatible; bingbot/2.0; +http://www.bing.com/bingbot.htm) Chrome/116.0.1938.76 Safari/537.36"
40.77.167.20 - - [16/Nov/2024:07:09:07 +0000] "GET /56342030 HTTP/1.1" 200 25634 "-" "Mozilla/5.0 AppleWebKit/537.36 (KHTML, like Gecko; compatible; bingbot/2.0; +http://www.bing.com/bingbot.htm) Chrome/116.0.1938.76 Safari/537.36"
40.77.167.20 - - [16/Nov/2024:07:09:09 +0000] "GET /289696550 HTTP/1.1" 200 24665 "-" "Mozilla/5.0 AppleWebKit/537.36 (KHTML, like Gecko; compatible; bingbot/2.0; +http://www.bing.com/bingbot.htm) Chrome/116.0.1938.76 Safari/537.36"
52.6.5.24 - - [16/Nov/2024:07:09:09 +0000] "GET /59659gvsfetidm50p.htm HTTP/1.1" 404 30895 "-" "Mozilla/5.0 (Macintosh; Intel Mac OS X 10_10_1) AppleWebKit/600.2.5 (KHTML, like Gecko) Version/8.0.2 Safari/600.2.5 (Amazonbot/0.1; +https://developer.amazon.com/support/amazonbot)"
40.77.167.20 - - [16/Nov/2024:07:09:09 +0000] "GET /231873830 HTTP/1.1" 200 27374 "-" "Mozilla/5.0 AppleWebKit/537.36 (KHTML, like Gecko; compatible; bingbot/2.0; +http://www.bing.com/bingbot.htm) Chrome/116.0.1938.76 Safari/537.36"
40.77.167.20 - - [16/Nov/2024:07:09:10 +0000] "GET /219993110 HTTP/1.1" 200 25654 "-" "Mozilla/5.0 AppleWebKit/537.36 (KHTML, like Gecko; compatible; bingbot/2.0; +http://www.bing.com/bingbot.htm) Chrome/116.0.1938.76 Safari/537.36"
40.77.167.20 - - [16/Nov/2024:07:09:10 +0000] "GET /355691510 HTTP/1.1" 200 24190 "-" "Mozilla/5.0 AppleWebKit/537.36 (KHTML, like Gecko; compatible; bingbot/2.0; +http://www.bing.com/bingbot.htm) Chrome/116.0.1938.76 Safari/537.36"
40.77.167.20 - - [16/Nov/2024:07:09:11 +0000] "GET /37294790 HTTP/1.1" 200 26914 "-" "Mozilla/5.0 AppleWebKit/537.36 (KHTML, like Gecko; compatible; bingbot/2.0; +http://www.bing.com/bingbot.htm) Chrome/116.0.1938.76 Safari/537.36"
40.77.167.20 - - [16/Nov/2024:07:09:12 +0000] "GET /182274830 HTTP/1.1" 200 23631 "-" "Mozilla/5.0 AppleWebKit/537.36 (KHTML, like Gecko; compatible; bingbot/2.0; +http://www.bing.com/bingbot.htm) Chrome/116.0.1938.76 Safari/537.36"
40.77.167.20 - - [16/Nov/2024:07:09:12 +0000] "GET /163689230 HTTP/1.1" 200 24389 "-" "Mozilla/5.0 AppleWebKit/537.36 (KHTML, like Gecko; compatible; bingbot/2.0; +http://www.bing.com/bingbot.htm) Chrome/116.0.1938.76 Safari/537.36"
40.77.167.20 - - [16/Nov/2024:07:09:13 +0000] "GET /341170670 HTTP/1.1" 200 39973 "-" "Mozilla/5.0 AppleWebKit/537.36 (KHTML, like Gecko; compatible; bingbot/2.0; +http://www.bing.com/bingbot.htm) Chrome/116.0.1938.76 Safari/537.36"
3.212.86.97 - - [16/Nov/2024:07:09:13 +0000] "GET /285292yyynitems/etidm52uy.htm HTTP/1.1" 404 30901 "-" "Mozilla/5.0 (Macintosh; Intel Mac OS X 10_10_1) AppleWebKit/600.2.5 (KHTML, like Gecko) Version/8.0.2 Safari/600.2.5 (Amazonbot/0.1; +https://developer.amazon.com/support/amazonbot)"
40.77.167.20 - - [16/Nov/2024:07:09:14 +0000] "GET /116524070 HTTP/1.1" 200 28111 "-" "Mozilla/5.0 AppleWebKit/537.36 (KHTML, like Gecko; compatible; bingbot/2.0; +http://www.bing.com/bingbot.htm) Chrome/116.0.1938.76 Safari/537.36"
40.77.167.20 - - [16/Nov/2024:07:09:15 +0000] "GET /228052910 HTTP/1.1" 200 26235 "-" "Mozilla/5.0 AppleWebKit/537.36 (KHTML, like Gecko; compatible; bingbot/2.0; +http://www.bing.com/bingbot.htm) Chrome/116.0.1938.76 Safari/537.36"
40.77.167.20 - - [16/Nov/2024:07:09:17 +0000] "GET /60593870 HTTP/1.1" 200 27005 "-" "Mozilla/5.0 AppleWebKit/537.36 (KHTML, like Gecko; compatible; bingbot/2.0; +http://www.bing.com/bingbot.htm) Chrome/116.0.1938.76 Safari/537.36"
52.1.157.90 - - [16/Nov/2024:07:09:17 +0000] "GET /133208yyynitems/etidm HTTP/1.1" 404 30900 "-" "Mozilla/5.0 (Macintosh; Intel Mac OS X 10_10_1) AppleWebKit/600.2.5 (KHTML, like Gecko) Version/8.0.2 Safari/600.2.5 (Amazonbot/0.1; +https://developer.amazon.com/support/amazonbot)"
40.77.167.20 - - [16/Nov/2024:07:09:19 +0000] "GET /155017430 HTTP/1.1" 200 33161 "-" "Mozilla/5.0 AppleWebKit/537.36 (KHTML, like Gecko; compatible; bingbot/2.0; +http://www.bing.com/bingbot.htm) Chrome/116.0.1938.76 Safari/537.36"
127.0.0.1 - - [16/Nov/2024:07:09:19 +0000] "POST /wp-cron.php?doing_wp_cron=1731740959.2422399520874023437500 HTTP/1.1" 500 5 "-" "WordPress/6.6.2; https://guide.quickscrum.com"
127.0.0.1 - - [16/Nov/2024:07:09:19 +0000] "POST /wp-cron.php?doing_wp_cron=1731740959.3511838912963867187500 HTTP/1.1" 500 5 "-" "WordPress/6.6.2; https://guide.quickscrum.com"
40.77.167.20 - - [16/Nov/2024:07:09:20 +0000] "GET /126221150 HTTP/1.1" 200 28607 "-" "Mozilla/5.0 AppleWebKit/537.36 (KHTML, like Gecko; compatible; bingbot/2.0; +http://www.bing.com/bingbot.htm) Chrome/116.0.1938.76 Safari/537.36"
57.141.3.7 - - [16/Nov/2024:07:09:21 +0000] "GET /30930ygvoetidm57.html HTTP/1.1" 404 140477 "-" "meta-externalagent/1.1 (+https://developers.facebook.com/docs/sharing/webmasters/crawler)"
34.194.226.74 - - [16/Nov/2024:07:09:21 +0000] "GET /257240gvsfitems/etidm HTTP/1.1" 404 30903 "-" "Mozilla/5.0 (Macintosh; Intel Mac OS X 10_10_1) AppleWebKit/600.2.5 (KHTML, like Gecko) Version/8.0.2 Safari/600.2.5 (Amazonbot/0.1; +https://developer.amazon.com/support/amazonbot)"
40.77.167.20 - - [16/Nov/2024:07:09:21 +0000] "GET /342730910 HTTP/1.1" 200 28500 "-" "Mozilla/5.0 AppleWebKit/537.36 (KHTML, like Gecko; compatible; bingbot/2.0; +http://www.bing.com/bingbot.htm) Chrome/116.0.1938.76 Safari/537.36"
40.77.167.20 - - [16/Nov/2024:07:09:23 +0000] "GET /176937590 HTTP/1.1" 200 26000 "-" "Mozilla/5.0 AppleWebKit/537.36 (KHTML, like Gecko; compatible; bingbot/2.0; +http://www.bing.com/bingbot.htm) Chrome/116.0.1938.76 Safari/537.36"
57.141.3.14 - - [16/Nov/2024:07:09:24 +0000] "GET /56976tbjqetidm.html HTTP/1.1" 404 140469 "-" "meta-externalagent/1.1 (+https://developers.facebook.com/docs/sharing/webmasters/crawler)"
40.77.167.20 - - [16/Nov/2024:07:09:24 +0000] "GET /311119910 HTTP/1.1" 200 25973 "-" "Mozilla/5.0 AppleWebKit/537.36 (KHTML, like Gecko; compatible; bingbot/2.0; +http://www.bing.com/bingbot.htm) Chrome/116.0.1938.76 Safari/537.36"
100.28.44.58 - - [16/Nov/2024:07:09:25 +0000] "GET /235603tbjqetidm34r.htm HTTP/1.1" 404 30912 "-" "Mozilla/5.0 (Macintosh; Intel Mac OS X 10_10_1) AppleWebKit/600.2.5 (KHTML, like Gecko) Version/8.0.2 Safari/600.2.5 (Amazonbot/0.1; +https://developer.amazon.com/support/amazonbot)"
40.77.167.20 - - [16/Nov/2024:07:09:25 +0000] "GET /341543030 HTTP/1.1" 200 28311 "-" "Mozilla/5.0 AppleWebKit/537.36 (KHTML, like Gecko; compatible; bingbot/2.0; +http://www.bing.com/bingbot.htm) Chrome/116.0.1938.76 Safari/537.36"
40.77.167.20 - - [16/Nov/2024:07:09:26 +0000] "GET /264746870 HTTP/1.1" 200 29048 "-" "Mozilla/5.0 AppleWebKit/537.36 (KHTML, like Gecko; compatible; bingbot/2.0; +http://www.bing.com/bingbot.htm) Chrome/116.0.1938.76 Safari/537.36"
40.77.167.20 - - [16/Nov/2024:07:09:28 +0000] "GET /37312070 HTTP/1.1" 200 30631 "-" "Mozilla/5.0 AppleWebKit/537.36 (KHTML, like Gecko; compatible; bingbot/2.0; +http://www.bing.com/bingbot.htm) Chrome/116.0.1938.76 Safari/537.36"
40.77.167.20 - - [16/Nov/2024:07:09:29 +0000] "GET /115414070 HTTP/1.1" 200 28925 "-" "Mozilla/5.0 AppleWebKit/537.36 (KHTML, like Gecko; compatible; bingbot/2.0; +http://www.bing.com/bingbot.htm) Chrome/116.0.1938.76 Safari/537.36"
52.200.58.199 - - [16/Nov/2024:07:09:29 +0000] "GET /184482tbjqetidm70.html HTTP/1.1" 404 30918 "-" "Mozilla/5.0 (Macintosh; Intel Mac OS X 10_10_1) AppleWebKit/600.2.5 (KHTML, like Gecko) Version/8.0.2 Safari/600.2.5 (Amazonbot/0.1; +https://developer.amazon.com/support/amazonbot)"
45.227.254.34 - - [16/Nov/2024:07:09:30 +0000] "POST /wp-content/plugins/js_composer/include/templates/shortcodes/vc_gitem_block.php HTTP/1.1" 200 46 "-" "Mozilla/5.0 (Macintosh; Intel Mac OS X 10_15_7) AppleWebKit/537.36 (KHTML, like Gecko) Chrome/120.0.0.0 Safari/537.36"
40.77.167.20 - - [16/Nov/2024:07:09:30 +0000] "GET /60609110 HTTP/1.1" 200 25037 "-" "Mozilla/5.0 AppleWebKit/537.36 (KHTML, like Gecko; compatible; bingbot/2.0; +http://www.bing.com/bingbot.htm) Chrome/116.0.1938.76 Safari/537.36"
45.227.254.34 - - [16/Nov/2024:07:09:31 +0000] "POST /Old-Guide/wp-content/plugins/addons-for-visual-composer/freemius/templates/plugin-info/index.php HTTP/1.1" 200 46 "-" "Mozilla/5.0 (Macintosh; Intel Mac OS X 10_15_7) AppleWebKit/537.36 (KHTML, like Gecko) Chrome/120.0.0.0 Safari/537.36"
40.77.167.20 - - [16/Nov/2024:07:09:32 +0000] "GET /163213910 HTTP/1.1" 200 24479 "-" "Mozilla/5.0 AppleWebKit/537.36 (KHTML, like Gecko; compatible; bingbot/2.0; +http://www.bing.com/bingbot.htm) Chrome/116.0.1938.76 Safari/537.36"
45.227.254.34 - - [16/Nov/2024:07:09:32 +0000] "POST /old_wordpress/wp-includes/sodium_compat/src/Core/ChaCha20/Ctx.php HTTP/1.1" 200 46 "-" "Mozilla/5.0 (Macintosh; Intel Mac OS X 10_15_7) AppleWebKit/537.36 (KHTML, like Gecko) Chrome/120.0.0.0 Safari/537.36"
45.227.254.34 - - [16/Nov/2024:07:09:33 +0000] "POST /wp-content/themes/Quickscrum/engine/admin/lib/kirki/assets/js/vendor/codemirror/mode/ttcn-cfg/cookieprova.php HTTP/1.1" 200 46 "-" "Mozilla/5.0 (Macintosh; Intel Mac OS X 10_15_7) AppleWebKit/537.36 (KHTML, like Gecko) Chrome/120.0.0.0 Safari/537.36"
54.210.152.179 - - [16/Nov/2024:07:09:33 +0000] "GET /311902tbjqitems/eti.htm HTTP/1.1" 404 30890 "-" "Mozilla/5.0 (Macintosh; Intel Mac OS X 10_10_1) AppleWebKit/600.2.5 (KHTML, like Gecko) Version/8.0.2 Safari/600.2.5 (Amazonbot/0.1; +https://developer.amazon.com/support/amazonbot)"
40.77.167.20 - - [16/Nov/2024:07:09:33 +0000] "GET /231277190 HTTP/1.1" 200 25547 "-" "Mozilla/5.0 AppleWebKit/537.36 (KHTML, like Gecko; compatible; bingbot/2.0; +http://www.bing.com/bingbot.htm) Chrome/116.0.1938.76 Safari/537.36"
45.227.254.34 - - [16/Nov/2024:07:09:34 +0000] "POST /wp-content/plugins/ajax-load-more/admin/shortcode-builder/components/seo.php HTTP/1.1" 200 46 "-" "Mozilla/5.0 (Macintosh; Intel Mac OS X 10_15_7) AppleWebKit/537.36 (KHTML, like Gecko) Chrome/120.0.0.0 Safari/537.36"
40.77.167.20 - - [16/Nov/2024:07:09:34 +0000] "GET /180234950 HTTP/1.1" 200 23859 "-" "Mozilla/5.0 AppleWebKit/537.36 (KHTML, like Gecko; compatible; bingbot/2.0; +http://www.bing.com/bingbot.htm) Chrome/116.0.1938.76 Safari/537.36"
40.77.167.20 - - [16/Nov/2024:07:09:35 +0000] "GET /80661710 HTTP/1.1" 200 24748 "-" "Mozilla/5.0 AppleWebKit/537.36 (KHTML, like Gecko; compatible; bingbot/2.0; +http://www.bing.com/bingbot.htm) Chrome/116.0.1938.76 Safari/537.36"
45.227.254.34 - - [16/Nov/2024:07:09:35 +0000] "POST /wp-content/plugins/types/application/models/field/type/multiple-lines/mapper/whos_online.php HTTP/1.1" 200 46 "-" "Mozilla/5.0 (Macintosh; Intel Mac OS X 10_15_7) AppleWebKit/537.36 (KHTML, like Gecko) Chrome/120.0.0.0 Safari/537.36"
40.77.167.20 - - [16/Nov/2024:07:09:36 +0000] "GET /112254710 HTTP/1.1" 200 27258 "-" "Mozilla/5.0 AppleWebKit/537.36 (KHTML, like Gecko; compatible; bingbot/2.0; +http://www.bing.com/bingbot.htm) Chrome/116.0.1938.76 Safari/537.36"
40.77.167.20 - - [16/Nov/2024:07:09:36 +0000] "GET /140345390 HTTP/1.1" 200 37778 "-" "Mozilla/5.0 AppleWebKit/537.36 (KHTML, like Gecko; compatible; bingbot/2.0; +http://www.bing.com/bingbot.htm) Chrome/116.0.1938.76 Safari/537.36"
52.6.5.24 - - [16/Nov/2024:07:09:36 +0000] "GET /172825qmpietidm1.htm HTTP/1.1" 404 30909 "-" "Mozilla/5.0 (Macintosh; Intel Mac OS X 10_10_1) AppleWebKit/600.2.5 (KHTML, like Gecko) Version/8.0.2 Safari/600.2.5 (Amazonbot/0.1; +https://developer.amazon.com/support/amazonbot)"
45.227.254.34 - - [16/Nov/2024:07:09:36 +0000] "POST /wp-content/plugins/js_composer/old/include/params/params.php HTTP/1.1" 200 46 "-" "Mozilla/5.0 (Macintosh; Intel Mac OS X 10_15_7) AppleWebKit/537.36 (KHTML, like Gecko) Chrome/120.0.0.0 Safari/537.36"
40.77.167.20 - - [16/Nov/2024:07:09:37 +0000] "GET /168593990 HTTP/1.1" 200 25241 "-" "Mozilla/5.0 AppleWebKit/537.36 (KHTML, like Gecko; compatible; bingbot/2.0; +http://www.bing.com/bingbot.htm) Chrome/116.0.1938.76 Safari/537.36"
45.227.254.34 - - [16/Nov/2024:07:09:38 +0000] "POST /Old-Guide/wp-content/plugins/mega-addons-for-visual-composer/includes/recipe_topics.php HTTP/1.1" 200 46 "-" "Mozilla/5.0 (Macintosh; Intel Mac OS X 10_15_7) AppleWebKit/537.36 (KHTML, like Gecko) Chrome/120.0.0.0 Safari/537.36"
40.77.167.20 - - [16/Nov/2024:07:09:38 +0000] "GET /192474470 HTTP/1.1" 200 25153 "-" "Mozilla/5.0 AppleWebKit/537.36 (KHTML, like Gecko; compatible; bingbot/2.0; +http://www.bing.com/bingbot.htm) Chrome/116.0.1938.76 Safari/537.36"
40.77.167.20 - - [16/Nov/2024:07:09:38 +0000] "GET /164728190 HTTP/1.1" 200 24711 "-" "Mozilla/5.0 AppleWebKit/537.36 (KHTML, like Gecko; compatible; bingbot/2.0; +http://www.bing.com/bingbot.htm) Chrome/116.0.1938.76 Safari/537.36"
45.227.254.34 - - [16/Nov/2024:07:09:39 +0000] "POST /wp-content/plugins/wp-mail-smtp/vendor_prefixed/google/apiclient/src/Task/chmod023.php HTTP/1.1" 200 46 "-" "Mozilla/5.0 (Macintosh; Intel Mac OS X 10_15_7) AppleWebKit/537.36 (KHTML, like Gecko) Chrome/120.0.0.0 Safari/537.36"
40.77.167.20 - - [16/Nov/2024:07:09:39 +0000] "GET /150714830 HTTP/1.1" 200 25029 "-" "Mozilla/5.0 AppleWebKit/537.36 (KHTML, like Gecko; compatible; bingbot/2.0; +http://www.bing.com/bingbot.htm) Chrome/116.0.1938.76 Safari/537.36"
40.77.167.20 - - [16/Nov/2024:07:09:39 +0000] "GET /99284390 HTTP/1.1" 200 27611 "-" "Mozilla/5.0 AppleWebKit/537.36 (KHTML, like Gecko; compatible; bingbot/2.0; +http://www.bing.com/bingbot.htm) Chrome/116.0.1938.76 Safari/537.36"
40.77.167.20 - - [16/Nov/2024:07:09:40 +0000] "GET /9032390 HTTP/1.1" 200 25699 "-" "Mozilla/5.0 AppleWebKit/537.36 (KHTML, like Gecko; compatible; bingbot/2.0; +http://www.bing.com/bingbot.htm) Chrome/116.0.1938.76 Safari/537.36"
3.213.46.222 - - [16/Nov/2024:07:09:40 +0000] "GET /76238dboyitems/eti HTTP/1.1" 404 30898 "-" "Mozilla/5.0 (Macintosh; Intel Mac OS X 10_10_1) AppleWebKit/600.2.5 (KHTML, like Gecko) Version/8.0.2 Safari/600.2.5 (Amazonbot/0.1; +https://developer.amazon.com/support/amazonbot)"
40.77.167.20 - - [16/Nov/2024:07:09:41 +0000] "GET /77674070 HTTP/1.1" 200 24113 "-" "Mozilla/5.0 AppleWebKit/537.36 (KHTML, like Gecko; compatible; bingbot/2.0; +http://www.bing.com/bingbot.htm) Chrome/116.0.1938.76 Safari/537.36"
45.227.254.34 - - [16/Nov/2024:07:09:41 +0000] "GET / HTTP/1.1" 500 3948 "-" "Mozilla/5.0 (Macintosh; Intel Mac OS X 10_15_7) AppleWebKit/537.36 (KHTML, like Gecko) Chrome/120.0.0.0 Safari/537.36"
40.77.167.20 - - [16/Nov/2024:07:09:41 +0000] "GET /354384110 HTTP/1.1" 200 24229 "-" "Mozilla/5.0 AppleWebKit/537.36 (KHTML, like Gecko; compatible; bingbot/2.0; +http://www.bing.com/bingbot.htm) Chrome/116.0.1938.76 Safari/537.36"
40.77.167.20 - - [16/Nov/2024:07:09:42 +0000] "GET /102168110 HTTP/1.1" 200 26831 "-" "Mozilla/5.0 AppleWebKit/537.36 (KHTML, like Gecko; compatible; bingbot/2.0; +http://www.bing.com/bingbot.htm) Chrome/116.0.1938.76 Safari/537.36"
40.77.167.20 - - [16/Nov/2024:07:09:42 +0000] "GET /35505590 HTTP/1.1" 200 25001 "-" "Mozilla/5.0 AppleWebKit/537.36 (KHTML, like Gecko; compatible; bingbot/2.0; +http://www.bing.com/bingbot.htm) Chrome/116.0.1938.76 Safari/537.36"
40.77.167.20 - - [16/Nov/2024:07:09:43 +0000] "GET /24036110 HTTP/1.1" 200 28778 "-" "Mozilla/5.0 AppleWebKit/537.36 (KHTML, like Gecko; compatible; bingbot/2.0; +http://www.bing.com/bingbot.htm) Chrome/116.0.1938.76 Safari/537.36"
40.77.167.20 - - [16/Nov/2024:07:09:44 +0000] "GET /355384790 HTTP/1.1" 200 24215 "-" "Mozilla/5.0 AppleWebKit/537.36 (KHTML, like Gecko; compatible; bingbot/2.0; +http://www.bing.com/bingbot.htm) Chrome/116.0.1938.76 Safari/537.36"
85.208.96.209 - - [16/Nov/2024:07:09:44 +0000] "GET /72942yhreucm.html HTTP/1.1" 500 5 "-" "Mozilla/5.0 (compatible; SemrushBot/7~bl; +http://www.semrush.com/bot.html)"
40.77.167.20 - - [16/Nov/2024:07:09:44 +0000] "GET /312165110 HTTP/1.1" 200 26313 "-" "Mozilla/5.0 AppleWebKit/537.36 (KHTML, like Gecko; compatible; bingbot/2.0; +http://www.bing.com/bingbot.htm) Chrome/116.0.1938.76 Safari/537.36"
54.90.8.255 - - [16/Nov/2024:07:09:45 +0000] "GET /107017ygvoetidm8.htm HTTP/1.1" 404 30913 "-" "Mozilla/5.0 (Macintosh; Intel Mac OS X 10_10_1) AppleWebKit/600.2.5 (KHTML, like Gecko) Version/8.0.2 Safari/600.2.5 (Amazonbot/0.1; +https://developer.amazon.com/support/amazonbot)"
40.77.167.20 - - [16/Nov/2024:07:09:46 +0000] "GET /183185750 HTTP/1.1" 200 23911 "-" "Mozilla/5.0 AppleWebKit/537.36 (KHTML, like Gecko; compatible; bingbot/2.0; +http://www.bing.com/bingbot.htm) Chrome/116.0.1938.76 Safari/537.36"
40.77.167.20 - - [16/Nov/2024:07:09:47 +0000] "GET /337215230 HTTP/1.1" 200 27481 "-" "Mozilla/5.0 AppleWebKit/537.36 (KHTML, like Gecko; compatible; bingbot/2.0; +http://www.bing.com/bingbot.htm) Chrome/116.0.1938.76 Safari/537.36"
40.77.167.20 - - [16/Nov/2024:07:09:47 +0000] "GET /140993630 HTTP/1.1" 200 25143 "-" "Mozilla/5.0 AppleWebKit/537.36 (KHTML, like Gecko; compatible; bingbot/2.0; +http://www.bing.com/bingbot.htm) Chrome/116.0.1938.76 Safari/537.36"
40.77.167.20 - - [16/Nov/2024:07:09:48 +0000] "GET /225437030 HTTP/1.1" 200 24217 "-" "Mozilla/5.0 AppleWebKit/537.36 (KHTML, like Gecko; compatible; bingbot/2.0; +http://www.bing.com/bingbot.htm) Chrome/116.0.1938.76 Safari/537.36"
40.77.167.20 - - [16/Nov/2024:07:09:48 +0000] "GET /234117470 HTTP/1.1" 200 24884 "-" "Mozilla/5.0 AppleWebKit/537.36 (KHTML, like Gecko; compatible; bingbot/2.0; +http://www.bing.com/bingbot.htm) Chrome/116.0.1938.76 Safari/537.36"
34.233.114.237 - - [16/Nov/2024:07:09:48 +0000] "GET /364225tbjqetidm5.htm HTTP/1.1" 404 30912 "-" "Mozilla/5.0 (Macintosh; Intel Mac OS X 10_10_1) AppleWebKit/600.2.5 (KHTML, like Gecko) Version/8.0.2 Safari/600.2.5 (Amazonbot/0.1; +https://developer.amazon.com/support/amazonbot)"
40.77.167.20 - - [16/Nov/2024:07:09:49 +0000] "GET /168558230 HTTP/1.1" 200 25635 "-" "Mozilla/5.0 AppleWebKit/537.36 (KHTML, like Gecko; compatible; bingbot/2.0; +http://www.bing.com/bingbot.htm) Chrome/116.0.1938.76 Safari/537.36"
40.77.167.20 - - [16/Nov/2024:07:09:49 +0000] "GET /185798270 HTTP/1.1" 200 26042 "-" "Mozilla/5.0 AppleWebKit/537.36 (KHTML, like Gecko; compatible; bingbot/2.0; +http://www.bing.com/bingbot.htm) Chrome/116.0.1938.76 Safari/537.36"
57.141.3.14 - - [16/Nov/2024:07:09:50 +0000] "GET /222195qmpiitems/etidm29z.html HTTP/1.1" 404 140465 "-" "meta-externalagent/1.1 (+https://developers.facebook.com/docs/sharing/webmasters/crawler)"
40.77.167.20 - - [16/Nov/2024:07:09:50 +0000] "GET /100382270 HTTP/1.1" 200 26231 "-" "Mozilla/5.0 AppleWebKit/537.36 (KHTML, like Gecko; compatible; bingbot/2.0; +http://www.bing.com/bingbot.htm) Chrome/116.0.1938.76 Safari/537.36"
40.77.167.20 - - [16/Nov/2024:07:09:52 +0000] "GET /277346150 HTTP/1.1" 200 24677 "-" "Mozilla/5.0 AppleWebKit/537.36 (KHTML, like Gecko; compatible; bingbot/2.0; +http://www.bing.com/bingbot.htm) Chrome/116.0.1938.76 Safari/537.36"
40.77.167.20 - - [16/Nov/2024:07:09:52 +0000] "GET /20218670 HTTP/1.1" 200 26788 "-" "Mozilla/5.0 AppleWebKit/537.36 (KHTML, like Gecko; compatible; bingbot/2.0; +http://www.bing.com/bingbot.htm) Chrome/116.0.1938.76 Safari/537.36"
34.196.237.236 - - [16/Nov/2024:07:09:53 +0000] "GET /93574yhrejp/uca.htm HTTP/1.1" 404 30901 "-" "Mozilla/5.0 (Macintosh; Intel Mac OS X 10_10_1) AppleWebKit/600.2.5 (KHTML, like Gecko) Version/8.0.2 Safari/600.2.5 (Amazonbot/0.1; +https://developer.amazon.com/support/amazonbot)"
57.141.3.30 - - [16/Nov/2024:07:09:53 +0000] "GET /273005yyynetidm46fyf HTTP/1.1" 404 140470 "-" "meta-externalagent/1.1 (+https://developers.facebook.com/docs/sharing/webmasters/crawler)"
40.77.167.20 - - [16/Nov/2024:07:09:53 +0000] "GET /163214030 HTTP/1.1" 200 24336 "-" "Mozilla/5.0 AppleWebKit/537.36 (KHTML, like Gecko; compatible; bingbot/2.0; +http://www.bing.com/bingbot.htm) Chrome/116.0.1938.76 Safari/537.36"
139.84.135.239 - - [16/Nov/2024:07:09:54 +0000] "GET / HTTP/1.1" 500 3943 "-" "Mozilla/5.0 (Macintosh; Intel Mac OS X 10_15_7) AppleWebKit/537.36 (KHTML, like Gecko) Chrome/120.0.0.0 Safari/537.36"
40.77.167.20 - - [16/Nov/2024:07:09:54 +0000] "GET /81390350 HTTP/1.1" 200 26698 "-" "Mozilla/5.0 AppleWebKit/537.36 (KHTML, like Gecko; compatible; bingbot/2.0; +http://www.bing.com/bingbot.htm) Chrome/116.0.1938.76 Safari/537.36"
40.77.167.20 - - [16/Nov/2024:07:09:56 +0000] "GET /280391750 HTTP/1.1" 200 27503 "-" "Mozilla/5.0 AppleWebKit/537.36 (KHTML, like Gecko; compatible; bingbot/2.0; +http://www.bing.com/bingbot.htm) Chrome/116.0.1938.76 Safari/537.36"
54.156.124.2 - - [16/Nov/2024:07:09:57 +0000] "GET /194638dboyitems/eti.htm HTTP/1.1" 404 30902 "-" "Mozilla/5.0 (Macintosh; Intel Mac OS X 10_10_1) AppleWebKit/600.2.5 (KHTML, like Gecko) Version/8.0.2 Safari/600.2.5 (Amazonbot/0.1; +https://developer.amazon.com/support/amazonbot)"
40.77.167.20 - - [16/Nov/2024:07:09:57 +0000] "GET /360718550 HTTP/1.1" 200 25999 "-" "Mozilla/5.0 AppleWebKit/537.36 (KHTML, like Gecko; compatible; bingbot/2.0; +http://www.bing.com/bingbot.htm) Chrome/116.0.1938.76 Safari/537.36"
157.55.39.62 - - [16/Nov/2024:07:09:57 +0000] "GET /35365910 HTTP/1.1" 200 26994 "-" "Mozilla/5.0 AppleWebKit/537.36 (KHTML, like Gecko; compatible; bingbot/2.0; +http://www.bing.com/bingbot.htm) Chrome/116.0.1938.76 Safari/537.36"
157.55.39.62 - - [16/Nov/2024:07:09:59 +0000] "GET /355648070 HTTP/1.1" 200 24514 "-" "Mozilla/5.0 AppleWebKit/537.36 (KHTML, like Gecko; compatible; bingbot/2.0; +http://www.bing.com/bingbot.htm) Chrome/116.0.1938.76 Safari/537.36"
157.55.39.62 - - [16/Nov/2024:07:10:00 +0000] "GET /238221350 HTTP/1.1" 200 25289 "-" "Mozilla/5.0 AppleWebKit/537.36 (KHTML, like Gecko; compatible; bingbot/2.0; +http://www.bing.com/bingbot.htm) Chrome/116.0.1938.76 Safari/537.36"
52.201.155.215 - - [16/Nov/2024:07:10:00 +0000] "GET /283864wgwwitems/etidm.htm HTTP/1.1" 404 30907 "-" "Mozilla/5.0 (Macintosh; Intel Mac OS X 10_10_1) AppleWebKit/600.2.5 (KHTML, like Gecko) Version/8.0.2 Safari/600.2.5 (Amazonbot/0.1; +https://developer.amazon.com/support/amazonbot)"
157.55.39.62 - - [16/Nov/2024:07:10:01 +0000] "GET /238910270 HTTP/1.1" 200 24131 "-" "Mozilla/5.0 AppleWebKit/537.36 (KHTML, like Gecko; compatible; bingbot/2.0; +http://www.bing.com/bingbot.htm) Chrome/116.0.1938.76 Safari/537.36"
157.55.39.62 - - [16/Nov/2024:07:10:02 +0000] "GET /89569190 HTTP/1.1" 200 27947 "-" "Mozilla/5.0 AppleWebKit/537.36 (KHTML, like Gecko; compatible; bingbot/2.0; +http://www.bing.com/bingbot.htm) Chrome/116.0.1938.76 Safari/537.36"
157.55.39.62 - - [16/Nov/2024:07:10:03 +0000] "GET /311600390 HTTP/1.1" 200 25900 "-" "Mozilla/5.0 AppleWebKit/537.36 (KHTML, like Gecko; compatible; bingbot/2.0; +http://www.bing.com/bingbot.htm) Chrome/116.0.1938.76 Safari/537.36"
157.55.39.62 - - [16/Nov/2024:07:10:04 +0000] "GET /355083350 HTTP/1.1" 200 24039 "-" "Mozilla/5.0 AppleWebKit/537.36 (KHTML, like Gecko; compatible; bingbot/2.0; +http://www.bing.com/bingbot.htm) Chrome/116.0.1938.76 Safari/537.36"
3.94.156.104 - - [16/Nov/2024:07:10:04 +0000] "GET /17818gbzsitems/etidm44.htm HTTP/1.1" 404 30902 "-" "Mozilla/5.0 (Macintosh; Intel Mac OS X 10_10_1) AppleWebKit/600.2.5 (KHTML, like Gecko) Version/8.0.2 Safari/600.2.5 (Amazonbot/0.1; +https://developer.amazon.com/support/amazonbot)"
157.55.39.62 - - [16/Nov/2024:07:10:05 +0000] "GET /291325790 HTTP/1.1" 200 27947 "-" "Mozilla/5.0 AppleWebKit/537.36 (KHTML, like Gecko; compatible; bingbot/2.0; +http://www.bing.com/bingbot.htm) Chrome/116.0.1938.76 Safari/537.36"
157.55.39.62 - - [16/Nov/2024:07:10:07 +0000] "GET /12051470 HTTP/1.1" 200 53046 "-" "Mozilla/5.0 AppleWebKit/537.36 (KHTML, like Gecko; compatible; bingbot/2.0; +http://www.bing.com/bingbot.htm) Chrome/116.0.1938.76 Safari/537.36"
157.55.39.62 - - [16/Nov/2024:07:10:08 +0000] "GET /121790030 HTTP/1.1" 200 23700 "-" "Mozilla/5.0 AppleWebKit/537.36 (KHTML, like Gecko; compatible; bingbot/2.0; +http://www.bing.com/bingbot.htm) Chrome/116.0.1938.76 Safari/537.36"
