34.231.181.240 - - [16/Nov/2024:07:46:49 +0000] "GET /10436gbzsitems/etidm13kg HTTP/1.1" 404 30903 "-" "Mozilla/5.0 (Macintosh; Intel Mac OS X 10_10_1) AppleWebKit/600.2.5 (KHTML, like Gecko) Version/8.0.2 Safari/600.2.5 (Amazonbot/0.1; +https://developer.amazon.com/support/amazonbot)"
185.191.171.3 - - [16/Nov/2024:07:46:49 +0000] "GET /221051tbjqetidm19z HTTP/1.1" 500 5 "-" "Mozilla/5.0 (compatible; SemrushBot/7~bl; +http://www.semrush.com/bot.html)"
52.167.144.162 - - [16/Nov/2024:07:46:50 +0000] "GET /202449950 HTTP/1.1" 200 26519 "-" "Mozilla/5.0 AppleWebKit/537.36 (KHTML, like Gecko; compatible; bingbot/2.0; +http://www.bing.com/bingbot.htm) Chrome/116.0.1938.76 Safari/537.36"
52.167.144.162 - - [16/Nov/2024:07:46:52 +0000] "GET /278121950 HTTP/1.1" 200 25707 "-" "Mozilla/5.0 AppleWebKit/537.36 (KHTML, like Gecko; compatible; bingbot/2.0; +http://www.bing.com/bingbot.htm) Chrome/116.0.1938.76 Safari/537.36"
52.167.144.162 - - [16/Nov/2024:07:46:53 +0000] "GET /20180270 HTTP/1.1" 200 25742 "-" "Mozilla/5.0 AppleWebKit/537.36 (KHTML, like Gecko; compatible; bingbot/2.0; +http://www.bing.com/bingbot.htm) Chrome/116.0.1938.76 Safari/537.36"
98.84.184.80 - - [16/Nov/2024:07:46:53 +0000] "GET /184240qmpiitems/etidm.htm HTTP/1.1" 404 30902 "-" "Mozilla/5.0 (Macintosh; Intel Mac OS X 10_10_1) AppleWebKit/600.2.5 (KHTML, like Gecko) Version/8.0.2 Safari/600.2.5 (Amazonbot/0.1; +https://developer.amazon.com/support/amazonbot)"
52.167.144.162 - - [16/Nov/2024:07:46:54 +0000] "GET /281747510 HTTP/1.1" 200 26213 "-" "Mozilla/5.0 AppleWebKit/537.36 (KHTML, like Gecko; compatible; bingbot/2.0; +http://www.bing.com/bingbot.htm) Chrome/116.0.1938.76 Safari/537.36"
52.167.144.162 - - [16/Nov/2024:07:46:55 +0000] "GET /248228630 HTTP/1.1" 200 23875 "-" "Mozilla/5.0 AppleWebKit/537.36 (KHTML, like Gecko; compatible; bingbot/2.0; +http://www.bing.com/bingbot.htm) Chrome/116.0.1938.76 Safari/537.36"
52.167.144.162 - - [16/Nov/2024:07:46:56 +0000] "GET /90188150 HTTP/1.1" 200 39417 "-" "Mozilla/5.0 AppleWebKit/537.36 (KHTML, like Gecko; compatible; bingbot/2.0; +http://www.bing.com/bingbot.htm) Chrome/116.0.1938.76 Safari/537.36"
23.23.137.202 - - [16/Nov/2024:07:46:57 +0000] "GET /197378yyynitems/etidm44 HTTP/1.1" 404 30902 "-" "Mozilla/5.0 (Macintosh; Intel Mac OS X 10_10_1) AppleWebKit/600.2.5 (KHTML, like Gecko) Version/8.0.2 Safari/600.2.5 (Amazonbot/0.1; +https://developer.amazon.com/support/amazonbot)"
52.167.144.162 - - [16/Nov/2024:07:46:58 +0000] "GET /202315910 HTTP/1.1" 200 27612 "-" "Mozilla/5.0 AppleWebKit/537.36 (KHTML, like Gecko; compatible; bingbot/2.0; +http://www.bing.com/bingbot.htm) Chrome/116.0.1938.76 Safari/537.36"
66.249.75.43 - - [16/Nov/2024:07:46:59 +0000] "GET /297928310 HTTP/1.1" 200 25349 "-" "Mozilla/5.0 (Linux; Android 6.0.1; Nexus 5X Build/MMB29P) AppleWebKit/537.36 (KHTML, like Gecko) Chrome/131.0.6778.69 Mobile Safari/537.36 (compatible; Googlebot/2.1; +http://www.google.com/bot.html)"
52.167.144.162 - - [16/Nov/2024:07:46:59 +0000] "GET /93373190 HTTP/1.1" 200 24593 "-" "Mozilla/5.0 AppleWebKit/537.36 (KHTML, like Gecko; compatible; bingbot/2.0; +http://www.bing.com/bingbot.htm) Chrome/116.0.1938.76 Safari/537.36"
52.167.144.162 - - [16/Nov/2024:07:47:00 +0000] "GET /129305750 HTTP/1.1" 200 43057 "-" "Mozilla/5.0 AppleWebKit/537.36 (KHTML, like Gecko; compatible; bingbot/2.0; +http://www.bing.com/bingbot.htm) Chrome/116.0.1938.76 Safari/537.36"
3.213.85.234 - - [16/Nov/2024:07:47:01 +0000] "GET /28225zmddetidm4.htm HTTP/1.1" 404 30911 "-" "Mozilla/5.0 (Macintosh; Intel Mac OS X 10_10_1) AppleWebKit/600.2.5 (KHTML, like Gecko) Version/8.0.2 Safari/600.2.5 (Amazonbot/0.1; +https://developer.amazon.com/support/amazonbot)"
57.141.3.8 - - [16/Nov/2024:07:47:01 +0000] "GET /195189yhrejp/uchhhtion.html HTTP/1.1" 404 140453 "-" "meta-externalagent/1.1 (+https://developers.facebook.com/docs/sharing/webmasters/crawler)"
52.167.144.162 - - [16/Nov/2024:07:47:01 +0000] "GET /124343390 HTTP/1.1" 200 25007 "-" "Mozilla/5.0 AppleWebKit/537.36 (KHTML, like Gecko; compatible; bingbot/2.0; +http://www.bing.com/bingbot.htm) Chrome/116.0.1938.76 Safari/537.36"
52.167.144.162 - - [16/Nov/2024:07:47:02 +0000] "GET /23065550 HTTP/1.1" 200 31987 "-" "Mozilla/5.0 AppleWebKit/537.36 (KHTML, like Gecko; compatible; bingbot/2.0; +http://www.bing.com/bingbot.htm) Chrome/116.0.1938.76 Safari/537.36"
52.167.144.181 - - [16/Nov/2024:07:47:03 +0000] "GET /287513390 HTTP/1.1" 200 25435 "-" "Mozilla/5.0 AppleWebKit/537.36 (KHTML, like Gecko; compatible; bingbot/2.0; +http://www.bing.com/bingbot.htm) Chrome/116.0.1938.76 Safari/537.36"
52.167.144.162 - - [16/Nov/2024:07:47:04 +0000] "GET /145290230 HTTP/1.1" 200 26265 "-" "Mozilla/5.0 AppleWebKit/537.36 (KHTML, like Gecko; compatible; bingbot/2.0; +http://www.bing.com/bingbot.htm) Chrome/116.0.1938.76 Safari/537.36"
44.215.61.66 - - [16/Nov/2024:07:47:05 +0000] "GET /238177yhreucrhrt.htm HTTP/1.1" 404 30911 "-" "Mozilla/5.0 (Macintosh; Intel Mac OS X 10_10_1) AppleWebKit/600.2.5 (KHTML, like Gecko) Version/8.0.2 Safari/600.2.5 (Amazonbot/0.1; +https://developer.amazon.com/support/amazonbot)"
52.167.144.162 - - [16/Nov/2024:07:47:05 +0000] "GET /33207110 HTTP/1.1" 200 24960 "-" "Mozilla/5.0 AppleWebKit/537.36 (KHTML, like Gecko; compatible; bingbot/2.0; +http://www.bing.com/bingbot.htm) Chrome/116.0.1938.76 Safari/537.36"
207.46.13.54 - - [16/Nov/2024:07:47:07 +0000] "GET /179288750 HTTP/1.1" 200 26497 "-" "Mozilla/5.0 AppleWebKit/537.36 (KHTML, like Gecko; compatible; bingbot/2.0; +http://www.bing.com/bingbot.htm) Chrome/116.0.1938.76 Safari/537.36"
57.141.3.9 - - [16/Nov/2024:07:47:07 +0000] "GET /59703yhrejp/uche.html HTTP/1.1" 404 140459 "-" "meta-externalagent/1.1 (+https://developers.facebook.com/docs/sharing/webmasters/crawler)"
52.167.144.162 - - [16/Nov/2024:07:47:07 +0000] "GET /341416070 HTTP/1.1" 200 31104 "-" "Mozilla/5.0 AppleWebKit/537.36 (KHTML, like Gecko; compatible; bingbot/2.0; +http://www.bing.com/bingbot.htm) Chrome/116.0.1938.76 Safari/537.36"
207.46.13.54 - - [16/Nov/2024:07:47:08 +0000] "GET /131338310 HTTP/1.1" 200 25073 "-" "Mozilla/5.0 AppleWebKit/537.36 (KHTML, like Gecko; compatible; bingbot/2.0; +http://www.bing.com/bingbot.htm) Chrome/116.0.1938.76 Safari/537.36"
35.174.253.85 - - [16/Nov/2024:07:47:09 +0000] "GET /121480gbzsitems/etidm.htm HTTP/1.1" 404 30904 "-" "Mozilla/5.0 (Macintosh; Intel Mac OS X 10_10_1) AppleWebKit/600.2.5 (KHTML, like Gecko) Version/8.0.2 Safari/600.2.5 (Amazonbot/0.1; +https://developer.amazon.com/support/amazonbot)"
52.167.144.162 - - [16/Nov/2024:07:47:09 +0000] "GET /335342990 HTTP/1.1" 200 28090 "-" "Mozilla/5.0 AppleWebKit/537.36 (KHTML, like Gecko; compatible; bingbot/2.0; +http://www.bing.com/bingbot.htm) Chrome/116.0.1938.76 Safari/537.36"
207.46.13.54 - - [16/Nov/2024:07:47:09 +0000] "GET /223547270 HTTP/1.1" 200 24697 "-" "Mozilla/5.0 AppleWebKit/537.36 (KHTML, like Gecko; compatible; bingbot/2.0; +http://www.bing.com/bingbot.htm) Chrome/116.0.1938.76 Safari/537.36"
57.141.3.18 - - [16/Nov/2024:07:47:10 +0000] "GET /300389zmdditems/etidm.htm HTTP/1.1" 404 140473 "-" "meta-externalagent/1.1 (+https://developers.facebook.com/docs/sharing/webmasters/crawler)"
52.167.144.162 - - [16/Nov/2024:07:47:10 +0000] "GET /280907150 HTTP/1.1" 200 23569 "-" "Mozilla/5.0 AppleWebKit/537.36 (KHTML, like Gecko; compatible; bingbot/2.0; +http://www.bing.com/bingbot.htm) Chrome/116.0.1938.76 Safari/537.36"
207.46.13.54 - - [16/Nov/2024:07:47:11 +0000] "GET /22098110 HTTP/1.1" 200 26501 "-" "Mozilla/5.0 AppleWebKit/537.36 (KHTML, like Gecko; compatible; bingbot/2.0; +http://www.bing.com/bingbot.htm) Chrome/116.0.1938.76 Safari/537.36"
207.46.13.54 - - [16/Nov/2024:07:47:12 +0000] "GET /273351590 HTTP/1.1" 200 24927 "-" "Mozilla/5.0 AppleWebKit/537.36 (KHTML, like Gecko; compatible; bingbot/2.0; +http://www.bing.com/bingbot.htm) Chrome/116.0.1938.76 Safari/537.36"
57.141.3.15 - - [16/Nov/2024:07:47:12 +0000] "GET /88736gvsfitems/etidm HTTP/1.1" 404 140457 "-" "meta-externalagent/1.1 (+https://developers.facebook.com/docs/sharing/webmasters/crawler)"
52.167.144.162 - - [16/Nov/2024:07:47:12 +0000] "GET /133000310 HTTP/1.1" 200 24824 "-" "Mozilla/5.0 AppleWebKit/537.36 (KHTML, like Gecko; compatible; bingbot/2.0; +http://www.bing.com/bingbot.htm) Chrome/116.0.1938.76 Safari/537.36"
207.46.13.54 - - [16/Nov/2024:07:47:13 +0000] "GET /327478190 HTTP/1.1" 200 26186 "-" "Mozilla/5.0 AppleWebKit/537.36 (KHTML, like Gecko; compatible; bingbot/2.0; +http://www.bing.com/bingbot.htm) Chrome/116.0.1938.76 Safari/537.36"
3.217.171.106 - - [16/Nov/2024:07:47:13 +0000] "GET /35482yyynitems/etidm45.htm HTTP/1.1" 404 30903 "-" "Mozilla/5.0 (Macintosh; Intel Mac OS X 10_10_1) AppleWebKit/600.2.5 (KHTML, like Gecko) Version/8.0.2 Safari/600.2.5 (Amazonbot/0.1; +https://developer.amazon.com/support/amazonbot)"
52.167.144.162 - - [16/Nov/2024:07:47:14 +0000] "GET /49300790 HTTP/1.1" 200 26982 "-" "Mozilla/5.0 AppleWebKit/537.36 (KHTML, like Gecko; compatible; bingbot/2.0; +http://www.bing.com/bingbot.htm) Chrome/116.0.1938.76 Safari/537.36"
66.249.75.44 - - [16/Nov/2024:07:47:14 +0000] "GET /294676190 HTTP/1.1" 200 26104 "-" "Mozilla/5.0 (Linux; Android 6.0.1; Nexus 5X Build/MMB29P) AppleWebKit/537.36 (KHTML, like Gecko) Chrome/131.0.6778.69 Mobile Safari/537.36 (compatible; Googlebot/2.1; +http://www.google.com/bot.html)"
207.46.13.54 - - [16/Nov/2024:07:47:14 +0000] "GET /349842710 HTTP/1.1" 200 23735 "-" "Mozilla/5.0 AppleWebKit/537.36 (KHTML, like Gecko; compatible; bingbot/2.0; +http://www.bing.com/bingbot.htm) Chrome/116.0.1938.76 Safari/537.36"
52.167.144.162 - - [16/Nov/2024:07:47:15 +0000] "GET /68556470 HTTP/1.1" 200 30946 "-" "Mozilla/5.0 AppleWebKit/537.36 (KHTML, like Gecko; compatible; bingbot/2.0; +http://www.bing.com/bingbot.htm) Chrome/116.0.1938.76 Safari/537.36"
127.0.0.1 - - [16/Nov/2024:07:47:15 +0000] "POST /wp-cron.php?doing_wp_cron=1731743235.2182219028472900390625 HTTP/1.1" 500 5 "-" "WordPress/6.6.2; https://guide.quickscrum.com"
57.141.3.11 - - [16/Nov/2024:07:47:15 +0000] "GET /285112qmpiitems/etidm.htm HTTP/1.1" 404 140465 "-" "meta-externalagent/1.1 (+https://developers.facebook.com/docs/sharing/webmasters/crawler)"
207.46.13.54 - - [16/Nov/2024:07:47:15 +0000] "GET /21315230 HTTP/1.1" 200 25252 "-" "Mozilla/5.0 AppleWebKit/537.36 (KHTML, like Gecko; compatible; bingbot/2.0; +http://www.bing.com/bingbot.htm) Chrome/116.0.1938.76 Safari/537.36"
207.46.13.54 - - [16/Nov/2024:07:47:17 +0000] "GET /244533110 HTTP/1.1" 200 24956 "-" "Mozilla/5.0 AppleWebKit/537.36 (KHTML, like Gecko; compatible; bingbot/2.0; +http://www.bing.com/bingbot.htm) Chrome/116.0.1938.76 Safari/537.36"
52.0.41.164 - - [16/Nov/2024:07:47:17 +0000] "GET /181018yyynitems/etidm24.htm HTTP/1.1" 404 30902 "-" "Mozilla/5.0 (Macintosh; Intel Mac OS X 10_10_1) AppleWebKit/600.2.5 (KHTML, like Gecko) Version/8.0.2 Safari/600.2.5 (Amazonbot/0.1; +https://developer.amazon.com/support/amazonbot)"
57.141.3.9 - - [16/Nov/2024:07:47:17 +0000] "GET /196216gbzsitems/etidm.htm HTTP/1.1" 404 140471 "-" "meta-externalagent/1.1 (+https://developers.facebook.com/docs/sharing/webmasters/crawler)"
207.46.13.54 - - [16/Nov/2024:07:47:18 +0000] "GET /315398990 HTTP/1.1" 200 24034 "-" "Mozilla/5.0 AppleWebKit/537.36 (KHTML, like Gecko; compatible; bingbot/2.0; +http://www.bing.com/bingbot.htm) Chrome/116.0.1938.76 Safari/537.36"
207.46.13.54 - - [16/Nov/2024:07:47:19 +0000] "GET /138271070 HTTP/1.1" 200 25698 "-" "Mozilla/5.0 AppleWebKit/537.36 (KHTML, like Gecko; compatible; bingbot/2.0; +http://www.bing.com/bingbot.htm) Chrome/116.0.1938.76 Safari/537.36"
207.46.13.54 - - [16/Nov/2024:07:47:20 +0000] "GET /94454990 HTTP/1.1" 200 32516 "-" "Mozilla/5.0 AppleWebKit/537.36 (KHTML, like Gecko; compatible; bingbot/2.0; +http://www.bing.com/bingbot.htm) Chrome/116.0.1938.76 Safari/537.36"
18.215.77.19 - - [16/Nov/2024:07:47:21 +0000] "GET /241952yyynitems/etidm HTTP/1.1" 404 30902 "-" "Mozilla/5.0 (Macintosh; Intel Mac OS X 10_10_1) AppleWebKit/600.2.5 (KHTML, like Gecko) Version/8.0.2 Safari/600.2.5 (Amazonbot/0.1; +https://developer.amazon.com/support/amazonbot)"
207.46.13.54 - - [16/Nov/2024:07:47:21 +0000] "GET /101638910 HTTP/1.1" 200 33214 "-" "Mozilla/5.0 AppleWebKit/537.36 (KHTML, like Gecko; compatible; bingbot/2.0; +http://www.bing.com/bingbot.htm) Chrome/116.0.1938.76 Safari/537.36"
207.46.13.54 - - [16/Nov/2024:07:47:23 +0000] "GET /72240110 HTTP/1.1" 200 26519 "-" "Mozilla/5.0 AppleWebKit/537.36 (KHTML, like Gecko; compatible; bingbot/2.0; +http://www.bing.com/bingbot.htm) Chrome/116.0.1938.76 Safari/537.36"
207.46.13.54 - - [16/Nov/2024:07:47:24 +0000] "GET /304595150 HTTP/1.1" 200 27974 "-" "Mozilla/5.0 AppleWebKit/537.36 (KHTML, like Gecko; compatible; bingbot/2.0; +http://www.bing.com/bingbot.htm) Chrome/116.0.1938.76 Safari/537.36"
34.233.114.237 - - [16/Nov/2024:07:47:25 +0000] "GET /29480gbzsitems/etidm HTTP/1.1" 404 30899 "-" "Mozilla/5.0 (Macintosh; Intel Mac OS X 10_10_1) AppleWebKit/600.2.5 (KHTML, like Gecko) Version/8.0.2 Safari/600.2.5 (Amazonbot/0.1; +https://developer.amazon.com/support/amazonbot)"
207.46.13.54 - - [16/Nov/2024:07:47:25 +0000] "GET /261060470 HTTP/1.1" 200 25090 "-" "Mozilla/5.0 AppleWebKit/537.36 (KHTML, like Gecko; compatible; bingbot/2.0; +http://www.bing.com/bingbot.htm) Chrome/116.0.1938.76 Safari/537.36"
207.46.13.54 - - [16/Nov/2024:07:47:26 +0000] "GET /129246710 HTTP/1.1" 200 23821 "-" "Mozilla/5.0 AppleWebKit/537.36 (KHTML, like Gecko; compatible; bingbot/2.0; +http://www.bing.com/bingbot.htm) Chrome/116.0.1938.76 Safari/537.36"
207.46.13.54 - - [16/Nov/2024:07:47:27 +0000] "GET /325077590 HTTP/1.1" 200 31340 "-" "Mozilla/5.0 AppleWebKit/537.36 (KHTML, like Gecko; compatible; bingbot/2.0; +http://www.bing.com/bingbot.htm) Chrome/116.0.1938.76 Safari/537.36"
66.249.75.44 - - [16/Nov/2024:07:47:28 +0000] "GET /363198230 HTTP/1.1" 200 24792 "-" "Mozilla/5.0 (Linux; Android 6.0.1; Nexus 5X Build/MMB29P) AppleWebKit/537.36 (KHTML, like Gecko) Chrome/131.0.6778.69 Mobile Safari/537.36 (compatible; Googlebot/2.1; +http://www.google.com/bot.html)"
207.46.13.54 - - [16/Nov/2024:07:47:28 +0000] "GET /234593390 HTTP/1.1" 200 25368 "-" "Mozilla/5.0 AppleWebKit/537.36 (KHTML, like Gecko; compatible; bingbot/2.0; +http://www.bing.com/bingbot.htm) Chrome/116.0.1938.76 Safari/537.36"
100.24.149.244 - - [16/Nov/2024:07:47:29 +0000] "GET /290780tbjqitems/etidm99wt HTTP/1.1" 404 30904 "-" "Mozilla/5.0 (Macintosh; Intel Mac OS X 10_10_1) AppleWebKit/600.2.5 (KHTML, like Gecko) Version/8.0.2 Safari/600.2.5 (Amazonbot/0.1; +https://developer.amazon.com/support/amazonbot)"
207.46.13.54 - - [16/Nov/2024:07:47:29 +0000] "GET /177616670 HTTP/1.1" 200 25462 "-" "Mozilla/5.0 AppleWebKit/537.36 (KHTML, like Gecko; compatible; bingbot/2.0; +http://www.bing.com/bingbot.htm) Chrome/116.0.1938.76 Safari/537.36"
207.46.13.54 - - [16/Nov/2024:07:47:31 +0000] "GET /284125430 HTTP/1.1" 200 24521 "-" "Mozilla/5.0 AppleWebKit/537.36 (KHTML, like Gecko; compatible; bingbot/2.0; +http://www.bing.com/bingbot.htm) Chrome/116.0.1938.76 Safari/537.36"
207.46.13.54 - - [16/Nov/2024:07:47:32 +0000] "GET /165485510 HTTP/1.1" 200 24092 "-" "Mozilla/5.0 AppleWebKit/537.36 (KHTML, like Gecko; compatible; bingbot/2.0; +http://www.bing.com/bingbot.htm) Chrome/116.0.1938.76 Safari/537.36"
52.167.144.181 - - [16/Nov/2024:07:47:32 +0000] "GET /87403790 HTTP/1.1" 200 24219 "-" "Mozilla/5.0 AppleWebKit/537.36 (KHTML, like Gecko; compatible; bingbot/2.0; +http://www.bing.com/bingbot.htm) Chrome/116.0.1938.76 Safari/537.36"
52.3.102.51 - - [16/Nov/2024:07:47:33 +0000] "GET /218637qmpiitems/etidm50dmd.html HTTP/1.1" 404 30902 "-" "Mozilla/5.0 (Macintosh; Intel Mac OS X 10_10_1) AppleWebKit/600.2.5 (KHTML, like Gecko) Version/8.0.2 Safari/600.2.5 (Amazonbot/0.1; +https://developer.amazon.com/support/amazonbot)"
207.46.13.54 - - [16/Nov/2024:07:47:33 +0000] "GET /91658510 HTTP/1.1" 200 25851 "-" "Mozilla/5.0 AppleWebKit/537.36 (KHTML, like Gecko; compatible; bingbot/2.0; +http://www.bing.com/bingbot.htm) Chrome/116.0.1938.76 Safari/537.36"
57.141.3.18 - - [16/Nov/2024:07:47:34 +0000] "GET /285629gbzsetidm80tbt HTTP/1.1" 404 140470 "-" "meta-externalagent/1.1 (+https://developers.facebook.com/docs/sharing/webmasters/crawler)"
207.46.13.54 - - [16/Nov/2024:07:47:35 +0000] "GET /112241870 HTTP/1.1" 200 26272 "-" "Mozilla/5.0 AppleWebKit/537.36 (KHTML, like Gecko; compatible; bingbot/2.0; +http://www.bing.com/bingbot.htm) Chrome/116.0.1938.76 Safari/537.36"
207.46.13.54 - - [16/Nov/2024:07:47:36 +0000] "GET /91006790 HTTP/1.1" 200 27210 "-" "Mozilla/5.0 AppleWebKit/537.36 (KHTML, like Gecko; compatible; bingbot/2.0; +http://www.bing.com/bingbot.htm) Chrome/116.0.1938.76 Safari/537.36"
52.167.144.162 - - [16/Nov/2024:07:47:36 +0000] "GET /122030510 HTTP/1.1" 200 25399 "-" "Mozilla/5.0 AppleWebKit/537.36 (KHTML, like Gecko; compatible; bingbot/2.0; +http://www.bing.com/bingbot.htm) Chrome/116.0.1938.76 Safari/537.36"
207.46.13.54 - - [16/Nov/2024:07:47:37 +0000] "GET /295669190 HTTP/1.1" 200 24228 "-" "Mozilla/5.0 AppleWebKit/537.36 (KHTML, like Gecko; compatible; bingbot/2.0; +http://www.bing.com/bingbot.htm) Chrome/116.0.1938.76 Safari/537.36"
52.167.144.162 - - [16/Nov/2024:07:47:38 +0000] "GET /5969150 HTTP/1.1" 200 26581 "-" "Mozilla/5.0 AppleWebKit/537.36 (KHTML, like Gecko; compatible; bingbot/2.0; +http://www.bing.com/bingbot.htm) Chrome/116.0.1938.76 Safari/537.36"
18.207.89.138 - - [16/Nov/2024:07:47:38 +0000] "GET /178521gvsfitems/etidm9.html HTTP/1.1" 404 30904 "-" "Mozilla/5.0 (Macintosh; Intel Mac OS X 10_10_1) AppleWebKit/600.2.5 (KHTML, like Gecko) Version/8.0.2 Safari/600.2.5 (Amazonbot/0.1; +https://developer.amazon.com/support/amazonbot)"
207.46.13.54 - - [16/Nov/2024:07:47:38 +0000] "GET /303008150 HTTP/1.1" 200 26240 "-" "Mozilla/5.0 AppleWebKit/537.36 (KHTML, like Gecko; compatible; bingbot/2.0; +http://www.bing.com/bingbot.htm) Chrome/116.0.1938.76 Safari/537.36"
52.167.144.162 - - [16/Nov/2024:07:47:39 +0000] "GET /280939310 HTTP/1.1" 200 24587 "-" "Mozilla/5.0 AppleWebKit/537.36 (KHTML, like Gecko; compatible; bingbot/2.0; +http://www.bing.com/bingbot.htm) Chrome/116.0.1938.76 Safari/537.36"
207.46.13.54 - - [16/Nov/2024:07:47:39 +0000] "GET /279457790 HTTP/1.1" 200 24100 "-" "Mozilla/5.0 AppleWebKit/537.36 (KHTML, like Gecko; compatible; bingbot/2.0; +http://www.bing.com/bingbot.htm) Chrome/116.0.1938.76 Safari/537.36"
52.167.144.162 - - [16/Nov/2024:07:47:40 +0000] "GET /208259750 HTTP/1.1" 200 23882 "-" "Mozilla/5.0 AppleWebKit/537.36 (KHTML, like Gecko; compatible; bingbot/2.0; +http://www.bing.com/bingbot.htm) Chrome/116.0.1938.76 Safari/537.36"
57.141.3.6 - - [16/Nov/2024:07:47:40 +0000] "GET /89659wgwwetidm59lw.html HTTP/1.1" 404 140464 "-" "meta-externalagent/1.1 (+https://developers.facebook.com/docs/sharing/webmasters/crawler)"
207.46.13.54 - - [16/Nov/2024:07:47:41 +0000] "GET /59794070 HTTP/1.1" 200 29677 "-" "Mozilla/5.0 AppleWebKit/537.36 (KHTML, like Gecko; compatible; bingbot/2.0; +http://www.bing.com/bingbot.htm) Chrome/116.0.1938.76 Safari/537.36"
52.2.83.227 - - [16/Nov/2024:07:47:41 +0000] "GET /181276zmdditems/etidm97ez.htm HTTP/1.1" 404 30903 "-" "Mozilla/5.0 (Macintosh; Intel Mac OS X 10_10_1) AppleWebKit/600.2.5 (KHTML, like Gecko) Version/8.0.2 Safari/600.2.5 (Amazonbot/0.1; +https://developer.amazon.com/support/amazonbot)"
52.167.144.162 - - [16/Nov/2024:07:47:41 +0000] "GET /256638950 HTTP/1.1" 200 24569 "-" "Mozilla/5.0 AppleWebKit/537.36 (KHTML, like Gecko; compatible; bingbot/2.0; +http://www.bing.com/bingbot.htm) Chrome/116.0.1938.76 Safari/537.36"
66.249.75.43 - - [16/Nov/2024:07:47:42 +0000] "GET /product-help/set-workitem-business-value/ HTTP/1.1" 200 30411 "-" "Mozilla/5.0 (Linux; Android 6.0.1; Nexus 5X Build/MMB29P) AppleWebKit/537.36 (KHTML, like Gecko) Chrome/131.0.6778.69 Mobile Safari/537.36 (compatible; Googlebot/2.1; +http://www.google.com/bot.html)"
207.46.13.54 - - [16/Nov/2024:07:47:42 +0000] "GET /40535390 HTTP/1.1" 200 26822 "-" "Mozilla/5.0 AppleWebKit/537.36 (KHTML, like Gecko; compatible; bingbot/2.0; +http://www.bing.com/bingbot.htm) Chrome/116.0.1938.76 Safari/537.36"
52.167.144.162 - - [16/Nov/2024:07:47:43 +0000] "GET /152249750 HTTP/1.1" 200 26749 "-" "Mozilla/5.0 AppleWebKit/537.36 (KHTML, like Gecko; compatible; bingbot/2.0; +http://www.bing.com/bingbot.htm) Chrome/116.0.1938.76 Safari/537.36"
52.167.144.162 - - [16/Nov/2024:07:47:44 +0000] "GET /91268270 HTTP/1.1" 200 26144 "-" "Mozilla/5.0 AppleWebKit/537.36 (KHTML, like Gecko; compatible; bingbot/2.0; +http://www.bing.com/bingbot.htm) Chrome/116.0.1938.76 Safari/537.36"
52.167.144.162 - - [16/Nov/2024:07:47:45 +0000] "GET /35973110 HTTP/1.1" 200 32014 "-" "Mozilla/5.0 AppleWebKit/537.36 (KHTML, like Gecko; compatible; bingbot/2.0; +http://www.bing.com/bingbot.htm) Chrome/116.0.1938.76 Safari/537.36"
54.157.84.74 - - [16/Nov/2024:07:47:45 +0000] "GET /291097qmpietidm3.htm HTTP/1.1" 404 30913 "-" "Mozilla/5.0 (Macintosh; Intel Mac OS X 10_10_1) AppleWebKit/600.2.5 (KHTML, like Gecko) Version/8.0.2 Safari/600.2.5 (Amazonbot/0.1; +https://developer.amazon.com/support/amazonbot)"
52.167.144.162 - - [16/Nov/2024:07:47:47 +0000] "GET /73332350 HTTP/1.1" 200 26489 "-" "Mozilla/5.0 AppleWebKit/537.36 (KHTML, like Gecko; compatible; bingbot/2.0; +http://www.bing.com/bingbot.htm) Chrome/116.0.1938.76 Safari/537.36"
52.167.144.162 - - [16/Nov/2024:07:47:48 +0000] "GET /61590590 HTTP/1.1" 200 29511 "-" "Mozilla/5.0 AppleWebKit/537.36 (KHTML, like Gecko; compatible; bingbot/2.0; +http://www.bing.com/bingbot.htm) Chrome/116.0.1938.76 Safari/537.36"
3.221.244.28 - - [16/Nov/2024:07:47:49 +0000] "GET /59385yyynitems/etidm1.html HTTP/1.1" 404 30902 "-" "Mozilla/5.0 (Macintosh; Intel Mac OS X 10_10_1) AppleWebKit/600.2.5 (KHTML, like Gecko) Version/8.0.2 Safari/600.2.5 (Amazonbot/0.1; +https://developer.amazon.com/support/amazonbot)"
52.167.144.162 - - [16/Nov/2024:07:47:49 +0000] "GET /181216550 HTTP/1.1" 200 24141 "-" "Mozilla/5.0 AppleWebKit/537.36 (KHTML, like Gecko; compatible; bingbot/2.0; +http://www.bing.com/bingbot.htm) Chrome/116.0.1938.76 Safari/537.36"
52.167.144.162 - - [16/Nov/2024:07:47:50 +0000] "GET /119555630 HTTP/1.1" 200 29870 "-" "Mozilla/5.0 AppleWebKit/537.36 (KHTML, like Gecko; compatible; bingbot/2.0; +http://www.bing.com/bingbot.htm) Chrome/116.0.1938.76 Safari/537.36"
85.208.96.209 - - [16/Nov/2024:07:47:51 +0000] "GET /225761dboyetidm2 HTTP/1.1" 500 5 "-" "Mozilla/5.0 (compatible; SemrushBot/7~bl; +http://www.semrush.com/bot.html)"
52.167.144.162 - - [16/Nov/2024:07:47:52 +0000] "GET /202569350 HTTP/1.1" 200 26053 "-" "Mozilla/5.0 AppleWebKit/537.36 (KHTML, like Gecko; compatible; bingbot/2.0; +http://www.bing.com/bingbot.htm) Chrome/116.0.1938.76 Safari/537.36"
23.21.225.190 - - [16/Nov/2024:07:47:53 +0000] "GET /211302zmddeti.html HTTP/1.1" 404 30909 "-" "Mozilla/5.0 (Macintosh; Intel Mac OS X 10_10_1) AppleWebKit/600.2.5 (KHTML, like Gecko) Version/8.0.2 Safari/600.2.5 (Amazonbot/0.1; +https://developer.amazon.com/support/amazonbot)"
52.167.144.162 - - [16/Nov/2024:07:47:53 +0000] "GET /81883430 HTTP/1.1" 200 25727 "-" "Mozilla/5.0 AppleWebKit/537.36 (KHTML, like Gecko; compatible; bingbot/2.0; +http://www.bing.com/bingbot.htm) Chrome/116.0.1938.76 Safari/537.36"
52.167.144.162 - - [16/Nov/2024:07:47:55 +0000] "GET /291187070 HTTP/1.1" 200 25847 "-" "Mozilla/5.0 AppleWebKit/537.36 (KHTML, like Gecko; compatible; bingbot/2.0; +http://www.bing.com/bingbot.htm) Chrome/116.0.1938.76 Safari/537.36"
52.167.144.162 - - [16/Nov/2024:07:47:56 +0000] "GET /16473230 HTTP/1.1" 200 25710 "-" "Mozilla/5.0 AppleWebKit/537.36 (KHTML, like Gecko; compatible; bingbot/2.0; +http://www.bing.com/bingbot.htm) Chrome/116.0.1938.76 Safari/537.36"
66.249.75.43 - - [16/Nov/2024:07:47:57 +0000] "GET /19903gbzsetid.htm HTTP/1.1" 200 25210 "-" "Mozilla/5.0 (Linux; Android 6.0.1; Nexus 5X Build/MMB29P) AppleWebKit/537.36 (KHTML, like Gecko) Chrome/131.0.6778.69 Mobile Safari/537.36 (compatible; Googlebot/2.1; +http://www.google.com/bot.html)"
44.210.204.255 - - [16/Nov/2024:07:47:57 +0000] "GET /127301gvsfetidm66fvf HTTP/1.1" 404 30911 "-" "Mozilla/5.0 (Macintosh; Intel Mac OS X 10_10_1) AppleWebKit/600.2.5 (KHTML, like Gecko) Version/8.0.2 Safari/600.2.5 (Amazonbot/0.1; +https://developer.amazon.com/support/amazonbot)"
52.167.144.162 - - [16/Nov/2024:07:47:57 +0000] "GET /46759310 HTTP/1.1" 200 26287 "-" "Mozilla/5.0 AppleWebKit/537.36 (KHTML, like Gecko; compatible; bingbot/2.0; +http://www.bing.com/bingbot.htm) Chrome/116.0.1938.76 Safari/537.36"
57.141.3.7 - - [16/Nov/2024:07:47:57 +0000] "GET /209190gvsfeti.html HTTP/1.1" 404 140459 "-" "meta-externalagent/1.1 (+https://developers.facebook.com/docs/sharing/webmasters/crawler)"
52.167.144.162 - - [16/Nov/2024:07:47:58 +0000] "GET /294685550 HTTP/1.1" 200 24146 "-" "Mozilla/5.0 AppleWebKit/537.36 (KHTML, like Gecko; compatible; bingbot/2.0; +http://www.bing.com/bingbot.htm) Chrome/116.0.1938.76 Safari/537.36"
52.167.144.162 - - [16/Nov/2024:07:47:59 +0000] "GET /48153950 HTTP/1.1" 200 29001 "-" "Mozilla/5.0 AppleWebKit/537.36 (KHTML, like Gecko; compatible; bingbot/2.0; +http://www.bing.com/bingbot.htm) Chrome/116.0.1938.76 Safari/537.36"
44.194.134.53 - - [16/Nov/2024:07:48:01 +0000] "GET /269860yyynitems/etidm96gy.htm HTTP/1.1" 404 30903 "-" "Mozilla/5.0 (Macintosh; Intel Mac OS X 10_10_1) AppleWebKit/600.2.5 (KHTML, like Gecko) Version/8.0.2 Safari/600.2.5 (Amazonbot/0.1; +https://developer.amazon.com/support/amazonbot)"
52.167.144.162 - - [16/Nov/2024:07:48:01 +0000] "GET /346199030 HTTP/1.1" 200 24615 "-" "Mozilla/5.0 AppleWebKit/537.36 (KHTML, like Gecko; compatible; bingbot/2.0; +http://www.bing.com/bingbot.htm) Chrome/116.0.1938.76 Safari/537.36"
52.167.144.162 - - [16/Nov/2024:07:48:02 +0000] "GET /331503110 HTTP/1.1" 200 24527 "-" "Mozilla/5.0 AppleWebKit/537.36 (KHTML, like Gecko; compatible; bingbot/2.0; +http://www.bing.com/bingbot.htm) Chrome/116.0.1938.76 Safari/537.36"
52.167.144.176 - - [16/Nov/2024:07:48:03 +0000] "GET /201883310 HTTP/1.1" 200 25742 "-" "Mozilla/5.0 AppleWebKit/537.36 (KHTML, like Gecko; compatible; bingbot/2.0; +http://www.bing.com/bingbot.htm) Chrome/116.0.1938.76 Safari/537.36"
52.167.144.162 - - [16/Nov/2024:07:48:03 +0000] "GET /256191230 HTTP/1.1" 200 25837 "-" "Mozilla/5.0 AppleWebKit/537.36 (KHTML, like Gecko; compatible; bingbot/2.0; +http://www.bing.com/bingbot.htm) Chrome/116.0.1938.76 Safari/537.36"
52.167.144.162 - - [16/Nov/2024:07:48:04 +0000] "GET /9053750 HTTP/1.1" 200 34504 "-" "Mozilla/5.0 AppleWebKit/537.36 (KHTML, like Gecko; compatible; bingbot/2.0; +http://www.bing.com/bingbot.htm) Chrome/116.0.1938.76 Safari/537.36"
3.235.215.92 - - [16/Nov/2024:07:48:05 +0000] "GET /295107yyynitems/etidm55h.html HTTP/1.1" 404 30904 "-" "Mozilla/5.0 (Macintosh; Intel Mac OS X 10_10_1) AppleWebKit/600.2.5 (KHTML, like Gecko) Version/8.0.2 Safari/600.2.5 (Amazonbot/0.1; +https://developer.amazon.com/support/amazonbot)"
52.167.144.162 - - [16/Nov/2024:07:48:06 +0000] "GET /13842350 HTTP/1.1" 200 25994 "-" "Mozilla/5.0 AppleWebKit/537.36 (KHTML, like Gecko; compatible; bingbot/2.0; +http://www.bing.com/bingbot.htm) Chrome/116.0.1938.76 Safari/537.36"
52.167.144.162 - - [16/Nov/2024:07:48:06 +0000] "GET /323395190 HTTP/1.1" 200 31871 "-" "Mozilla/5.0 AppleWebKit/537.36 (KHTML, like Gecko; compatible; bingbot/2.0; +http://www.bing.com/bingbot.htm) Chrome/116.0.1938.76 Safari/537.36"
52.167.144.162 - - [16/Nov/2024:07:48:07 +0000] "GET /197027270 HTTP/1.1" 200 24971 "-" "Mozilla/5.0 AppleWebKit/537.36 (KHTML, like Gecko; compatible; bingbot/2.0; +http://www.bing.com/bingbot.htm) Chrome/116.0.1938.76 Safari/537.36"
52.167.144.162 - - [16/Nov/2024:07:48:08 +0000] "GET /162364790 HTTP/1.1" 200 27708 "-" "Mozilla/5.0 AppleWebKit/537.36 (KHTML, like Gecko; compatible; bingbot/2.0; +http://www.bing.com/bingbot.htm) Chrome/116.0.1938.76 Safari/537.36"
52.167.144.162 - - [16/Nov/2024:07:48:09 +0000] "GET /69978110 HTTP/1.1" 200 27817 "-" "Mozilla/5.0 AppleWebKit/537.36 (KHTML, like Gecko; compatible; bingbot/2.0; +http://www.bing.com/bingbot.htm) Chrome/116.0.1938.76 Safari/537.36"
52.167.144.162 - - [16/Nov/2024:07:48:09 +0000] "GET /320608670 HTTP/1.1" 200 26605 "-" "Mozilla/5.0 AppleWebKit/537.36 (KHTML, like Gecko; compatible; bingbot/2.0; +http://www.bing.com/bingbot.htm) Chrome/116.0.1938.76 Safari/537.36"
18.235.158.19 - - [16/Nov/2024:07:48:09 +0000] "GET /268052dboyitems/etidm88sd HTTP/1.1" 404 30904 "-" "Mozilla/5.0 (Macintosh; Intel Mac OS X 10_10_1) AppleWebKit/600.2.5 (KHTML, like Gecko) Version/8.0.2 Safari/600.2.5 (Amazonbot/0.1; +https://developer.amazon.com/support/amazonbot)"
52.167.144.162 - - [16/Nov/2024:07:48:10 +0000] "GET /313472990 HTTP/1.1" 200 24808 "-" "Mozilla/5.0 AppleWebKit/537.36 (KHTML, like Gecko; compatible; bingbot/2.0; +http://www.bing.com/bingbot.htm) Chrome/116.0.1938.76 Safari/537.36"
66.249.75.43 - - [16/Nov/2024:07:48:11 +0000] "GET /317227070 HTTP/1.1" 200 25221 "-" "Mozilla/5.0 (Linux; Android 6.0.1; Nexus 5X Build/MMB29P) AppleWebKit/537.36 (KHTML, like Gecko) Chrome/131.0.6778.69 Mobile Safari/537.36 (compatible; Googlebot/2.1; +http://www.google.com/bot.html)"
52.167.144.162 - - [16/Nov/2024:07:48:11 +0000] "GET /279007070 HTTP/1.1" 200 23665 "-" "Mozilla/5.0 AppleWebKit/537.36 (KHTML, like Gecko; compatible; bingbot/2.0; +http://www.bing.com/bingbot.htm) Chrome/116.0.1938.76 Safari/537.36"
57.141.3.22 - - [16/Nov/2024:07:48:11 +0000] "GET /152662ygvoitems/eti.htm HTTP/1.1" 404 140458 "-" "meta-externalagent/1.1 (+https://developers.facebook.com/docs/sharing/webmasters/crawler)"
52.167.144.162 - - [16/Nov/2024:07:48:11 +0000] "GET /49154150 HTTP/1.1" 200 26297 "-" "Mozilla/5.0 AppleWebKit/537.36 (KHTML, like Gecko; compatible; bingbot/2.0; +http://www.bing.com/bingbot.htm) Chrome/116.0.1938.76 Safari/537.36"
52.167.144.162 - - [16/Nov/2024:07:48:12 +0000] "GET /145002470 HTTP/1.1" 200 26664 "-" "Mozilla/5.0 AppleWebKit/537.36 (KHTML, like Gecko; compatible; bingbot/2.0; +http://www.bing.com/bingbot.htm) Chrome/116.0.1938.76 Safari/537.36"
52.167.144.162 - - [16/Nov/2024:07:48:12 +0000] "GET /260145950 HTTP/1.1" 200 26177 "-" "Mozilla/5.0 AppleWebKit/537.36 (KHTML, like Gecko; compatible; bingbot/2.0; +http://www.bing.com/bingbot.htm) Chrome/116.0.1938.76 Safari/537.36"
44.195.145.102 - - [16/Nov/2024:07:48:13 +0000] "GET /thvcatalogueyhre/980 HTTP/1.1" 404 30905 "-" "Mozilla/5.0 (Macintosh; Intel Mac OS X 10_10_1) AppleWebKit/600.2.5 (KHTML, like Gecko) Version/8.0.2 Safari/600.2.5 (Amazonbot/0.1; +https://developer.amazon.com/support/amazonbot)"
52.167.144.162 - - [16/Nov/2024:07:48:14 +0000] "GET /286999670 HTTP/1.1" 200 28527 "-" "Mozilla/5.0 AppleWebKit/537.36 (KHTML, like Gecko; compatible; bingbot/2.0; +http://www.bing.com/bingbot.htm) Chrome/116.0.1938.76 Safari/537.36"
52.167.144.162 - - [16/Nov/2024:07:48:14 +0000] "GET /23915270 HTTP/1.1" 200 23644 "-" "Mozilla/5.0 AppleWebKit/537.36 (KHTML, like Gecko; compatible; bingbot/2.0; +http://www.bing.com/bingbot.htm) Chrome/116.0.1938.76 Safari/537.36"
52.167.144.162 - - [16/Nov/2024:07:48:15 +0000] "GET /225460790 HTTP/1.1" 200 23434 "-" "Mozilla/5.0 AppleWebKit/537.36 (KHTML, like Gecko; compatible; bingbot/2.0; +http://www.bing.com/bingbot.htm) Chrome/116.0.1938.76 Safari/537.36"
52.167.144.162 - - [16/Nov/2024:07:48:15 +0000] "GET /177505910 HTTP/1.1" 200 24190 "-" "Mozilla/5.0 AppleWebKit/537.36 (KHTML, like Gecko; compatible; bingbot/2.0; +http://www.bing.com/bingbot.htm) Chrome/116.0.1938.76 Safari/537.36"
127.0.0.1 - - [16/Nov/2024:07:48:15 +0000] "POST /wp-cron.php?doing_wp_cron=1731743295.6493079662322998046875 HTTP/1.1" 500 5 "-" "WordPress/6.6.2; https://guide.quickscrum.com"
52.167.144.162 - - [16/Nov/2024:07:48:16 +0000] "GET /38684990 HTTP/1.1" 200 31256 "-" "Mozilla/5.0 AppleWebKit/537.36 (KHTML, like Gecko; compatible; bingbot/2.0; +http://www.bing.com/bingbot.htm) Chrome/116.0.1938.76 Safari/537.36"
23.22.105.143 - - [16/Nov/2024:07:48:17 +0000] "GET /7358tbjqitems/eti HTTP/1.1" 404 30893 "-" "Mozilla/5.0 (Macintosh; Intel Mac OS X 10_10_1) AppleWebKit/600.2.5 (KHTML, like Gecko) Version/8.0.2 Safari/600.2.5 (Amazonbot/0.1; +https://developer.amazon.com/support/amazonbot)"
52.167.144.162 - - [16/Nov/2024:07:48:18 +0000] "GET /202699790 HTTP/1.1" 200 24626 "-" "Mozilla/5.0 AppleWebKit/537.36 (KHTML, like Gecko; compatible; bingbot/2.0; +http://www.bing.com/bingbot.htm) Chrome/116.0.1938.76 Safari/537.36"
52.167.144.162 - - [16/Nov/2024:07:48:20 +0000] "GET /168554870 HTTP/1.1" 200 25292 "-" "Mozilla/5.0 AppleWebKit/537.36 (KHTML, like Gecko; compatible; bingbot/2.0; +http://www.bing.com/bingbot.htm) Chrome/116.0.1938.76 Safari/537.36"
52.167.144.162 - - [16/Nov/2024:07:48:21 +0000] "GET /187298390 HTTP/1.1" 200 24297 "-" "Mozilla/5.0 AppleWebKit/537.36 (KHTML, like Gecko; compatible; bingbot/2.0; +http://www.bing.com/bingbot.htm) Chrome/116.0.1938.76 Safari/537.36"
34.196.237.236 - - [16/Nov/2024:07:48:21 +0000] "GET /287370gvsfetidm85.html HTTP/1.1" 404 30914 "-" "Mozilla/5.0 (Macintosh; Intel Mac OS X 10_10_1) AppleWebKit/600.2.5 (KHTML, like Gecko) Version/8.0.2 Safari/600.2.5 (Amazonbot/0.1; +https://developer.amazon.com/support/amazonbot)"
52.167.144.162 - - [16/Nov/2024:07:48:22 +0000] "GET /361492670 HTTP/1.1" 200 26089 "-" "Mozilla/5.0 AppleWebKit/537.36 (KHTML, like Gecko; compatible; bingbot/2.0; +http://www.bing.com/bingbot.htm) Chrome/116.0.1938.76 Safari/537.36"
52.167.144.162 - - [16/Nov/2024:07:48:23 +0000] "GET /285432590 HTTP/1.1" 200 27283 "-" "Mozilla/5.0 AppleWebKit/537.36 (KHTML, like Gecko; compatible; bingbot/2.0; +http://www.bing.com/bingbot.htm) Chrome/116.0.1938.76 Safari/537.36"
66.249.75.44 - - [16/Nov/2024:07:48:25 +0000] "GET /136032dboyetidm.html HTTP/1.1" 200 24689 "-" "Mozilla/5.0 (Linux; Android 6.0.1; Nexus 5X Build/MMB29P) AppleWebKit/537.36 (KHTML, like Gecko) Chrome/131.0.6778.69 Mobile Safari/537.36 (compatible; Googlebot/2.1; +http://www.google.com/bot.html)"
52.167.144.162 - - [16/Nov/2024:07:48:25 +0000] "GET /211519790 HTTP/1.1" 200 23443 "-" "Mozilla/5.0 AppleWebKit/537.36 (KHTML, like Gecko; compatible; bingbot/2.0; +http://www.bing.com/bingbot.htm) Chrome/116.0.1938.76 Safari/537.36"
3.212.205.90 - - [16/Nov/2024:07:48:25 +0000] "GET /43056zmddetidm.html HTTP/1.1" 404 30913 "-" "Mozilla/5.0 (Macintosh; Intel Mac OS X 10_10_1) AppleWebKit/600.2.5 (KHTML, like Gecko) Version/8.0.2 Safari/600.2.5 (Amazonbot/0.1; +https://developer.amazon.com/support/amazonbot)"
52.167.144.162 - - [16/Nov/2024:07:48:26 +0000] "GET /188199350 HTTP/1.1" 200 23995 "-" "Mozilla/5.0 AppleWebKit/537.36 (KHTML, like Gecko; compatible; bingbot/2.0; +http://www.bing.com/bingbot.htm) Chrome/116.0.1938.76 Safari/537.36"
52.167.144.162 - - [16/Nov/2024:07:48:27 +0000] "GET /242530550 HTTP/1.1" 200 24847 "-" "Mozilla/5.0 AppleWebKit/537.36 (KHTML, like Gecko; compatible; bingbot/2.0; +http://www.bing.com/bingbot.htm) Chrome/116.0.1938.76 Safari/537.36"
52.167.144.162 - - [16/Nov/2024:07:48:28 +0000] "GET /72195350 HTTP/1.1" 200 25955 "-" "Mozilla/5.0 AppleWebKit/537.36 (KHTML, like Gecko; compatible; bingbot/2.0; +http://www.bing.com/bingbot.htm) Chrome/116.0.1938.76 Safari/537.36"
3.212.86.97 - - [16/Nov/2024:07:48:29 +0000] "GET /159347yhreuctettio HTTP/1.1" 404 30892 "-" "Mozilla/5.0 (Macintosh; Intel Mac OS X 10_10_1) AppleWebKit/600.2.5 (KHTML, like Gecko) Version/8.0.2 Safari/600.2.5 (Amazonbot/0.1; +https://developer.amazon.com/support/amazonbot)"
185.242.226.75 - - [16/Nov/2024:07:48:29 +0000] "GET / HTTP/1.1" 499 0 "-" "Mozilla/5.0 (Windows NT 10.0; Win64; x64) AppleWebKit/537.36 (KHTML, like Gecko) Chrome/88.0.4324.190 Safari/537.36"
52.167.144.162 - - [16/Nov/2024:07:48:29 +0000] "GET /41834510 HTTP/1.1" 200 37254 "-" "Mozilla/5.0 AppleWebKit/537.36 (KHTML, like Gecko; compatible; bingbot/2.0; +http://www.bing.com/bingbot.htm) Chrome/116.0.1938.76 Safari/537.36"
52.167.144.162 - - [16/Nov/2024:07:48:30 +0000] "GET /223451150 HTTP/1.1" 200 25839 "-" "Mozilla/5.0 AppleWebKit/537.36 (KHTML, like Gecko; compatible; bingbot/2.0; +http://www.bing.com/bingbot.htm) Chrome/116.0.1938.76 Safari/537.36"
52.167.144.162 - - [16/Nov/2024:07:48:32 +0000] "GET /4896950 HTTP/1.1" 200 27717 "-" "Mozilla/5.0 AppleWebKit/537.36 (KHTML, like Gecko; compatible; bingbot/2.0; +http://www.bing.com/bingbot.htm) Chrome/116.0.1938.76 Safari/537.36"
34.227.234.246 - - [16/Nov/2024:07:48:33 +0000] "GET /280349yhreucrhrtion HTTP/1.1" 404 30912 "-" "Mozilla/5.0 (Macintosh; Intel Mac OS X 10_10_1) AppleWebKit/600.2.5 (KHTML, like Gecko) Version/8.0.2 Safari/600.2.5 (Amazonbot/0.1; +https://developer.amazon.com/support/amazonbot)"
52.167.144.162 - - [16/Nov/2024:07:48:33 +0000] "GET /26362430 HTTP/1.1" 200 24625 "-" "Mozilla/5.0 AppleWebKit/537.36 (KHTML, like Gecko; compatible; bingbot/2.0; +http://www.bing.com/bingbot.htm) Chrome/116.0.1938.76 Safari/537.36"
52.167.144.162 - - [16/Nov/2024:07:48:35 +0000] "GET /5836550 HTTP/1.1" 200 24311 "-" "Mozilla/5.0 AppleWebKit/537.36 (KHTML, like Gecko; compatible; bingbot/2.0; +http://www.bing.com/bingbot.htm) Chrome/116.0.1938.76 Safari/537.36"
52.167.144.162 - - [16/Nov/2024:07:48:36 +0000] "GET /26477270 HTTP/1.1" 200 32896 "-" "Mozilla/5.0 AppleWebKit/537.36 (KHTML, like Gecko; compatible; bingbot/2.0; +http://www.bing.com/bingbot.htm) Chrome/116.0.1938.76 Safari/537.36"
207.46.13.54 - - [16/Nov/2024:07:48:36 +0000] "GET /154001510 HTTP/1.1" 200 26930 "-" "Mozilla/5.0 AppleWebKit/537.36 (KHTML, like Gecko; compatible; bingbot/2.0; +http://www.bing.com/bingbot.htm) Chrome/116.0.1938.76 Safari/537.36"
3.226.34.98 - - [16/Nov/2024:07:48:37 +0000] "GET /95124ygvoetidm37qy.html HTTP/1.1" 404 30915 "-" "Mozilla/5.0 (Macintosh; Intel Mac OS X 10_10_1) AppleWebKit/600.2.5 (KHTML, like Gecko) Version/8.0.2 Safari/600.2.5 (Amazonbot/0.1; +https://developer.amazon.com/support/amazonbot)"
52.167.144.162 - - [16/Nov/2024:07:48:37 +0000] "GET /63343910 HTTP/1.1" 200 25844 "-" "Mozilla/5.0 AppleWebKit/537.36 (KHTML, like Gecko; compatible; bingbot/2.0; +http://www.bing.com/bingbot.htm) Chrome/116.0.1938.76 Safari/537.36"
207.46.13.54 - - [16/Nov/2024:07:48:37 +0000] "GET /95382590 HTTP/1.1" 200 25832 "-" "Mozilla/5.0 AppleWebKit/537.36 (KHTML, like Gecko; compatible; bingbot/2.0; +http://www.bing.com/bingbot.htm) Chrome/116.0.1938.76 Safari/537.36"
207.46.13.54 - - [16/Nov/2024:07:48:39 +0000] "GET /68105870 HTTP/1.1" 200 28424 "-" "Mozilla/5.0 AppleWebKit/537.36 (KHTML, like Gecko; compatible; bingbot/2.0; +http://www.bing.com/bingbot.htm) Chrome/116.0.1938.76 Safari/537.36"
66.249.75.43 - - [16/Nov/2024:07:48:39 +0000] "GET /233535ygvoitems/etid.html HTTP/1.1" 200 32455 "-" "Mozilla/5.0 (Linux; Android 6.0.1; Nexus 5X Build/MMB29P) AppleWebKit/537.36 (KHTML, like Gecko) Chrome/131.0.6778.69 Mobile Safari/537.36 (compatible; Googlebot/2.1; +http://www.google.com/bot.html)"
52.167.144.162 - - [16/Nov/2024:07:48:39 +0000] "GET /256849070 HTTP/1.1" 200 27271 "-" "Mozilla/5.0 AppleWebKit/537.36 (KHTML, like Gecko; compatible; bingbot/2.0; +http://www.bing.com/bingbot.htm) Chrome/116.0.1938.76 Safari/537.36"
207.46.13.54 - - [16/Nov/2024:07:48:40 +0000] "GET /283100870 HTTP/1.1" 200 24897 "-" "Mozilla/5.0 AppleWebKit/537.36 (KHTML, like Gecko; compatible; bingbot/2.0; +http://www.bing.com/bingbot.htm) Chrome/116.0.1938.76 Safari/537.36"
207.46.13.54 - - [16/Nov/2024:07:48:41 +0000] "GET /168510110 HTTP/1.1" 200 23529 "-" "Mozilla/5.0 AppleWebKit/537.36 (KHTML, like Gecko; compatible; bingbot/2.0; +http://www.bing.com/bingbot.htm) Chrome/116.0.1938.76 Safari/537.36"
52.167.144.162 - - [16/Nov/2024:07:48:41 +0000] "GET /342640550 HTTP/1.1" 200 25086 "-" "Mozilla/5.0 AppleWebKit/537.36 (KHTML, like Gecko; compatible; bingbot/2.0; +http://www.bing.com/bingbot.htm) Chrome/116.0.1938.76 Safari/537.36"
44.208.193.63 - - [16/Nov/2024:07:48:41 +0000] "GET /244939dboyetidm95t.htm HTTP/1.1" 404 30915 "-" "Mozilla/5.0 (Macintosh; Intel Mac OS X 10_10_1) AppleWebKit/600.2.5 (KHTML, like Gecko) Version/8.0.2 Safari/600.2.5 (Amazonbot/0.1; +https://developer.amazon.com/support/amazonbot)"
207.46.13.54 - - [16/Nov/2024:07:48:42 +0000] "GET /57241310 HTTP/1.1" 200 25535 "-" "Mozilla/5.0 AppleWebKit/537.36 (KHTML, like Gecko; compatible; bingbot/2.0; +http://www.bing.com/bingbot.htm) Chrome/116.0.1938.76 Safari/537.36"
52.167.144.162 - - [16/Nov/2024:07:48:42 +0000] "GET /183730910 HTTP/1.1" 200 24178 "-" "Mozilla/5.0 AppleWebKit/537.36 (KHTML, like Gecko; compatible; bingbot/2.0; +http://www.bing.com/bingbot.htm) Chrome/116.0.1938.76 Safari/537.36"
52.167.144.162 - - [16/Nov/2024:07:48:43 +0000] "GET /156334430 HTTP/1.1" 200 25722 "-" "Mozilla/5.0 AppleWebKit/537.36 (KHTML, like Gecko; compatible; bingbot/2.0; +http://www.bing.com/bingbot.htm) Chrome/116.0.1938.76 Safari/537.36"
207.46.13.54 - - [16/Nov/2024:07:48:43 +0000] "GET /143767190 HTTP/1.1" 200 29588 "-" "Mozilla/5.0 AppleWebKit/537.36 (KHTML, like Gecko; compatible; bingbot/2.0; +http://www.bing.com/bingbot.htm) Chrome/116.0.1938.76 Safari/537.36"
52.167.144.162 - - [16/Nov/2024:07:48:45 +0000] "GET /202443470 HTTP/1.1" 200 25533 "-" "Mozilla/5.0 AppleWebKit/537.36 (KHTML, like Gecko; compatible; bingbot/2.0; +http://www.bing.com/bingbot.htm) Chrome/116.0.1938.76 Safari/537.36"
23.21.179.27 - - [16/Nov/2024:07:48:45 +0000] "GET /107233ygvoetidm6.htm HTTP/1.1" 404 30914 "-" "Mozilla/5.0 (Macintosh; Intel Mac OS X 10_10_1) AppleWebKit/600.2.5 (KHTML, like Gecko) Version/8.0.2 Safari/600.2.5 (Amazonbot/0.1; +https://developer.amazon.com/support/amazonbot)"
207.46.13.54 - - [16/Nov/2024:07:48:45 +0000] "GET /59285510 HTTP/1.1" 200 29672 "-" "Mozilla/5.0 AppleWebKit/537.36 (KHTML, like Gecko; compatible; bingbot/2.0; +http://www.bing.com/bingbot.htm) Chrome/116.0.1938.76 Safari/537.36"
207.46.13.54 - - [16/Nov/2024:07:48:46 +0000] "GET /99950030 HTTP/1.1" 200 27040 "-" "Mozilla/5.0 AppleWebKit/537.36 (KHTML, like Gecko; compatible; bingbot/2.0; +http://www.bing.com/bingbot.htm) Chrome/116.0.1938.76 Safari/537.36"
207.46.13.54 - - [16/Nov/2024:07:48:48 +0000] "GET /43315550 HTTP/1.1" 200 27588 "-" "Mozilla/5.0 AppleWebKit/537.36 (KHTML, like Gecko; compatible; bingbot/2.0; +http://www.bing.com/bingbot.htm) Chrome/116.0.1938.76 Safari/537.36"
107.23.62.75 - - [16/Nov/2024:07:48:49 +0000] "GET /132973qmpietidm58jmj.htm HTTP/1.1" 404 30916 "-" "Mozilla/5.0 (Macintosh; Intel Mac OS X 10_10_1) AppleWebKit/600.2.5 (KHTML, like Gecko) Version/8.0.2 Safari/600.2.5 (Amazonbot/0.1; +https://developer.amazon.com/support/amazonbot)"
207.46.13.54 - - [16/Nov/2024:07:48:49 +0000] "GET /265710590 HTTP/1.1" 200 25288 "-" "Mozilla/5.0 AppleWebKit/537.36 (KHTML, like Gecko; compatible; bingbot/2.0; +http://www.bing.com/bingbot.htm) Chrome/116.0.1938.76 Safari/537.36"
207.46.13.54 - - [16/Nov/2024:07:48:50 +0000] "GET /101633390 HTTP/1.1" 200 35702 "-" "Mozilla/5.0 AppleWebKit/537.36 (KHTML, like Gecko; compatible; bingbot/2.0; +http://www.bing.com/bingbot.htm) Chrome/116.0.1938.76 Safari/537.36"
207.46.13.54 - - [16/Nov/2024:07:48:51 +0000] "GET /35486510 HTTP/1.1" 200 26686 "-" "Mozilla/5.0 AppleWebKit/537.36 (KHTML, like Gecko; compatible; bingbot/2.0; +http://www.bing.com/bingbot.htm) Chrome/116.0.1938.76 Safari/537.36"
207.46.13.54 - - [16/Nov/2024:07:48:52 +0000] "GET /178386950 HTTP/1.1" 200 24662 "-" "Mozilla/5.0 AppleWebKit/537.36 (KHTML, like Gecko; compatible; bingbot/2.0; +http://www.bing.com/bingbot.htm) Chrome/116.0.1938.76 Safari/537.36"
66.249.75.43 - - [16/Nov/2024:07:48:53 +0000] "GET /365493470 HTTP/1.1" 200 24688 "-" "Mozilla/5.0 (Linux; Android 6.0.1; Nexus 5X Build/MMB29P) AppleWebKit/537.36 (KHTML, like Gecko) Chrome/131.0.6778.69 Mobile Safari/537.36 (compatible; Googlebot/2.1; +http://www.google.com/bot.html)"
185.191.171.12 - - [16/Nov/2024:07:48:53 +0000] "GET /114557gbzsetidm76bbb HTTP/1.1" 500 5 "-" "Mozilla/5.0 (compatible; SemrushBot/7~bl; +http://www.semrush.com/bot.html)"
44.205.192.249 - - [16/Nov/2024:07:48:53 +0000] "GET /121591yhreucpe.htm HTTP/1.1" 404 30912 "-" "Mozilla/5.0 (Macintosh; Intel Mac OS X 10_10_1) AppleWebKit/600.2.5 (KHTML, like Gecko) Version/8.0.2 Safari/600.2.5 (Amazonbot/0.1; +https://developer.amazon.com/support/amazonbot)"
207.46.13.54 - - [16/Nov/2024:07:48:54 +0000] "GET /67479590 HTTP/1.1" 200 33746 "-" "Mozilla/5.0 AppleWebKit/537.36 (KHTML, like Gecko; compatible; bingbot/2.0; +http://www.bing.com/bingbot.htm) Chrome/116.0.1938.76 Safari/537.36"
207.46.13.54 - - [16/Nov/2024:07:48:55 +0000] "GET /111802070 HTTP/1.1" 200 30000 "-" "Mozilla/5.0 AppleWebKit/537.36 (KHTML, like Gecko; compatible; bingbot/2.0; +http://www.bing.com/bingbot.htm) Chrome/116.0.1938.76 Safari/537.36"
207.46.13.54 - - [16/Nov/2024:07:48:56 +0000] "GET /296132990 HTTP/1.1" 200 25654 "-" "Mozilla/5.0 AppleWebKit/537.36 (KHTML, like Gecko; compatible; bingbot/2.0; +http://www.bing.com/bingbot.htm) Chrome/116.0.1938.76 Safari/537.36"
3.211.181.86 - - [16/Nov/2024:07:48:57 +0000] "GET /203763yhrejp/ucbebtio.html HTTP/1.1" 404 30900 "-" "Mozilla/5.0 (Macintosh; Intel Mac OS X 10_10_1) AppleWebKit/600.2.5 (KHTML, like Gecko) Version/8.0.2 Safari/600.2.5 (Amazonbot/0.1; +https://developer.amazon.com/support/amazonbot)"
207.46.13.54 - - [16/Nov/2024:07:48:58 +0000] "GET /126737390 HTTP/1.1" 200 23773 "-" "Mozilla/5.0 AppleWebKit/537.36 (KHTML, like Gecko; compatible; bingbot/2.0; +http://www.bing.com/bingbot.htm) Chrome/116.0.1938.76 Safari/537.36"
207.46.13.54 - - [16/Nov/2024:07:48:59 +0000] "GET /257898590 HTTP/1.1" 200 24886 "-" "Mozilla/5.0 AppleWebKit/537.36 (KHTML, like Gecko; compatible; bingbot/2.0; +http://www.bing.com/bingbot.htm) Chrome/116.0.1938.76 Safari/537.36"
57.141.3.29 - - [16/Nov/2024:07:48:59 +0000] "GET /57275gvsfetid HTTP/1.1" 404 140471 "-" "meta-externalagent/1.1 (+https://developers.facebook.com/docs/sharing/webmasters/crawler)"
207.46.13.54 - - [16/Nov/2024:07:49:00 +0000] "GET /165914150 HTTP/1.1" 200 24190 "-" "Mozilla/5.0 AppleWebKit/537.36 (KHTML, like Gecko; compatible; bingbot/2.0; +http://www.bing.com/bingbot.htm) Chrome/116.0.1938.76 Safari/537.36"
18.215.24.66 - - [16/Nov/2024:07:49:01 +0000] "GET /60840dboyetidm.html HTTP/1.1" 404 30912 "-" "Mozilla/5.0 (Macintosh; Intel Mac OS X 10_10_1) AppleWebKit/600.2.5 (KHTML, like Gecko) Version/8.0.2 Safari/600.2.5 (Amazonbot/0.1; +https://developer.amazon.com/support/amazonbot)"
207.46.13.54 - - [16/Nov/2024:07:49:02 +0000] "GET /74191430 HTTP/1.1" 200 31193 "-" "Mozilla/5.0 AppleWebKit/537.36 (KHTML, like Gecko; compatible; bingbot/2.0; +http://www.bing.com/bingbot.htm) Chrome/116.0.1938.76 Safari/537.36"
45.227.254.34 - - [16/Nov/2024:07:49:03 +0000] "GET / HTTP/1.1" 200 61 "-" "Mozilla/5.0 (Macintosh; Intel Mac OS X 10_15_7) AppleWebKit/537.36 (KHTML, like Gecko) Chrome/120.0.0.0 Safari/537.36"
207.46.13.54 - - [16/Nov/2024:07:49:03 +0000] "GET /307744070 HTTP/1.1" 200 24393 "-" "Mozilla/5.0 AppleWebKit/537.36 (KHTML, like Gecko; compatible; bingbot/2.0; +http://www.bing.com/bingbot.htm) Chrome/116.0.1938.76 Safari/537.36"
57.141.3.6 - - [16/Nov/2024:07:49:04 +0000] "GET /96696ygvoitems/etidm37.htm HTTP/1.1" 404 140462 "-" "meta-externalagent/1.1 (+https://developers.facebook.com/docs/sharing/webmasters/crawler)"
50.17.193.48 - - [16/Nov/2024:07:49:04 +0000] "GET /274928yhrejp/uceye HTTP/1.1" 404 30902 "-" "Mozilla/5.0 (Macintosh; Intel Mac OS X 10_10_1) AppleWebKit/600.2.5 (KHTML, like Gecko) Version/8.0.2 Safari/600.2.5 (Amazonbot/0.1; +https://developer.amazon.com/support/amazonbot)"
207.46.13.54 - - [16/Nov/2024:07:49:04 +0000] "GET /48904310 HTTP/1.1" 200 28964 "-" "Mozilla/5.0 AppleWebKit/537.36 (KHTML, like Gecko; compatible; bingbot/2.0; +http://www.bing.com/bingbot.htm) Chrome/116.0.1938.76 Safari/537.36"
207.46.13.54 - - [16/Nov/2024:07:49:05 +0000] "GET /312942110 HTTP/1.1" 200 24771 "-" "Mozilla/5.0 AppleWebKit/537.36 (KHTML, like Gecko; compatible; bingbot/2.0; +http://www.bing.com/bingbot.htm) Chrome/116.0.1938.76 Safari/537.36"
52.167.144.162 - - [16/Nov/2024:07:49:06 +0000] "GET /57227630 HTTP/1.1" 200 30412 "-" "Mozilla/5.0 AppleWebKit/537.36 (KHTML, like Gecko; compatible; bingbot/2.0; +http://www.bing.com/bingbot.htm) Chrome/116.0.1938.76 Safari/537.36"
207.46.13.54 - - [16/Nov/2024:07:49:07 +0000] "GET /143006990 HTTP/1.1" 200 24531 "-" "Mozilla/5.0 AppleWebKit/537.36 (KHTML, like Gecko; compatible; bingbot/2.0; +http://www.bing.com/bingbot.htm) Chrome/116.0.1938.76 Safari/537.36"
66.249.75.45 - - [16/Nov/2024:07:49:07 +0000] "GET /297402470 HTTP/1.1" 200 24431 "-" "Mozilla/5.0 (Linux; Android 6.0.1; Nexus 5X Build/MMB29P) AppleWebKit/537.36 (KHTML, like Gecko) Chrome/131.0.6778.69 Mobile Safari/537.36 (compatible; Googlebot/2.1; +http://www.google.com/bot.html)"
52.167.144.162 - - [16/Nov/2024:07:49:07 +0000] "GET /186474710 HTTP/1.1" 200 25582 "-" "Mozilla/5.0 AppleWebKit/537.36 (KHTML, like Gecko; compatible; bingbot/2.0; +http://www.bing.com/bingbot.htm) Chrome/116.0.1938.76 Safari/537.36"
207.46.13.54 - - [16/Nov/2024:07:49:08 +0000] "GET /164250710 HTTP/1.1" 200 23974 "-" "Mozilla/5.0 AppleWebKit/537.36 (KHTML, like Gecko; compatible; bingbot/2.0; +http://www.bing.com/bingbot.htm) Chrome/116.0.1938.76 Safari/537.36"
52.167.144.162 - - [16/Nov/2024:07:49:08 +0000] "GET /33053030 HTTP/1.1" 200 25416 "-" "Mozilla/5.0 AppleWebKit/537.36 (KHTML, like Gecko; compatible; bingbot/2.0; +http://www.bing.com/bingbot.htm) Chrome/116.0.1938.76 Safari/537.36"
34.231.156.59 - - [16/Nov/2024:07:49:09 +0000] "GET /20365yyynetidm23hyh.htm HTTP/1.1" 404 30914 "-" "Mozilla/5.0 (Macintosh; Intel Mac OS X 10_10_1) AppleWebKit/600.2.5 (KHTML, like Gecko) Version/8.0.2 Safari/600.2.5 (Amazonbot/0.1; +https://developer.amazon.com/support/amazonbot)"
207.46.13.54 - - [16/Nov/2024:07:49:09 +0000] "GET /168784310 HTTP/1.1" 200 24994 "-" "Mozilla/5.0 AppleWebKit/537.36 (KHTML, like Gecko; compatible; bingbot/2.0; +http://www.bing.com/bingbot.htm) Chrome/116.0.1938.76 Safari/537.36"
