40.77.167.14 - - [16/Nov/2024:06:58:20 +0000] "GET /74725670 HTTP/1.1" 200 31967 "-" "Mozilla/5.0 AppleWebKit/537.36 (KHTML, like Gecko; compatible; bingbot/2.0; +http://www.bing.com/bingbot.htm) Chrome/116.0.1938.76 Safari/537.36"
40.77.167.14 - - [16/Nov/2024:06:58:20 +0000] "GET /114793670 HTTP/1.1" 200 24940 "-" "Mozilla/5.0 AppleWebKit/537.36 (KHTML, like Gecko; compatible; bingbot/2.0; +http://www.bing.com/bingbot.htm) Chrome/116.0.1938.76 Safari/537.36"
34.192.125.239 - - [16/Nov/2024:06:58:21 +0000] "GET /132170ygvoitems/etidm42 HTTP/1.1" 404 30904 "-" "Mozilla/5.0 (Macintosh; Intel Mac OS X 10_10_1) AppleWebKit/600.2.5 (KHTML, like Gecko) Version/8.0.2 Safari/600.2.5 (Amazonbot/0.1; +https://developer.amazon.com/support/amazonbot)"
40.77.167.14 - - [16/Nov/2024:06:58:21 +0000] "GET /155424yhreucwyw.html HTTP/1.1" 200 32888 "-" "Mozilla/5.0 AppleWebKit/537.36 (KHTML, like Gecko; compatible; bingbot/2.0; +http://www.bing.com/bingbot.htm) Chrome/116.0.1938.76 Safari/537.36"
40.77.167.14 - - [16/Nov/2024:06:58:22 +0000] "GET /32622230 HTTP/1.1" 200 31620 "-" "Mozilla/5.0 AppleWebKit/537.36 (KHTML, like Gecko; compatible; bingbot/2.0; +http://www.bing.com/bingbot.htm) Chrome/116.0.1938.76 Safari/537.36"
40.77.167.14 - - [16/Nov/2024:06:58:22 +0000] "GET /359927630 HTTP/1.1" 200 27069 "-" "Mozilla/5.0 AppleWebKit/537.36 (KHTML, like Gecko; compatible; bingbot/2.0; +http://www.bing.com/bingbot.htm) Chrome/116.0.1938.76 Safari/537.36"
40.77.167.14 - - [16/Nov/2024:06:58:23 +0000] "GET /258489470 HTTP/1.1" 200 24086 "-" "Mozilla/5.0 AppleWebKit/537.36 (KHTML, like Gecko; compatible; bingbot/2.0; +http://www.bing.com/bingbot.htm) Chrome/116.0.1938.76 Safari/537.36"
40.77.167.14 - - [16/Nov/2024:06:58:24 +0000] "GET /202575350 HTTP/1.1" 200 23778 "-" "Mozilla/5.0 AppleWebKit/537.36 (KHTML, like Gecko; compatible; bingbot/2.0; +http://www.bing.com/bingbot.htm) Chrome/116.0.1938.76 Safari/537.36"
40.77.167.14 - - [16/Nov/2024:06:58:24 +0000] "GET /61667510 HTTP/1.1" 200 32486 "-" "Mozilla/5.0 AppleWebKit/537.36 (KHTML, like Gecko; compatible; bingbot/2.0; +http://www.bing.com/bingbot.htm) Chrome/116.0.1938.76 Safari/537.36"
98.83.226.125 - - [16/Nov/2024:06:58:25 +0000] "GET /136614ygvoeti.html HTTP/1.1" 404 30912 "-" "Mozilla/5.0 (Macintosh; Intel Mac OS X 10_10_1) AppleWebKit/600.2.5 (KHTML, like Gecko) Version/8.0.2 Safari/600.2.5 (Amazonbot/0.1; +https://developer.amazon.com/support/amazonbot)"
40.77.167.14 - - [16/Nov/2024:06:58:25 +0000] "GET /49117070 HTTP/1.1" 200 26048 "-" "Mozilla/5.0 AppleWebKit/537.36 (KHTML, like Gecko; compatible; bingbot/2.0; +http://www.bing.com/bingbot.htm) Chrome/116.0.1938.76 Safari/537.36"
85.208.96.205 - - [16/Nov/2024:06:58:25 +0000] "GET /241859wgwwetidm43h HTTP/1.1" 500 5 "-" "Mozilla/5.0 (compatible; SemrushBot/7~bl; +http://www.semrush.com/bot.html)"
40.77.167.14 - - [16/Nov/2024:06:58:26 +0000] "GET /283517990 HTTP/1.1" 200 27111 "-" "Mozilla/5.0 AppleWebKit/537.36 (KHTML, like Gecko; compatible; bingbot/2.0; +http://www.bing.com/bingbot.htm) Chrome/116.0.1938.76 Safari/537.36"
40.77.167.14 - - [16/Nov/2024:06:58:26 +0000] "GET /54533390 HTTP/1.1" 200 39946 "-" "Mozilla/5.0 AppleWebKit/537.36 (KHTML, like Gecko; compatible; bingbot/2.0; +http://www.bing.com/bingbot.htm) Chrome/116.0.1938.76 Safari/537.36"
40.77.167.14 - - [16/Nov/2024:06:58:27 +0000] "GET /190531550 HTTP/1.1" 200 25083 "-" "Mozilla/5.0 AppleWebKit/537.36 (KHTML, like Gecko; compatible; bingbot/2.0; +http://www.bing.com/bingbot.htm) Chrome/116.0.1938.76 Safari/537.36"
40.77.167.14 - - [16/Nov/2024:06:58:27 +0000] "GET /108790070 HTTP/1.1" 200 32907 "-" "Mozilla/5.0 AppleWebKit/537.36 (KHTML, like Gecko; compatible; bingbot/2.0; +http://www.bing.com/bingbot.htm) Chrome/116.0.1938.76 Safari/537.36"
44.212.232.231 - - [16/Nov/2024:06:58:29 +0000] "GET /28081gbzsetidm6.htm HTTP/1.1" 404 30911 "-" "Mozilla/5.0 (Macintosh; Intel Mac OS X 10_10_1) AppleWebKit/600.2.5 (KHTML, like Gecko) Version/8.0.2 Safari/600.2.5 (Amazonbot/0.1; +https://developer.amazon.com/support/amazonbot)"
40.77.167.14 - - [16/Nov/2024:06:58:29 +0000] "GET /241694630 HTTP/1.1" 200 25446 "-" "Mozilla/5.0 AppleWebKit/537.36 (KHTML, like Gecko; compatible; bingbot/2.0; +http://www.bing.com/bingbot.htm) Chrome/116.0.1938.76 Safari/537.36"
40.77.167.14 - - [16/Nov/2024:06:58:30 +0000] "GET /108167990 HTTP/1.1" 200 34137 "-" "Mozilla/5.0 AppleWebKit/537.36 (KHTML, like Gecko; compatible; bingbot/2.0; +http://www.bing.com/bingbot.htm) Chrome/116.0.1938.76 Safari/537.36"
40.77.167.14 - - [16/Nov/2024:06:58:31 +0000] "GET /58793750 HTTP/1.1" 200 28685 "-" "Mozilla/5.0 AppleWebKit/537.36 (KHTML, like Gecko; compatible; bingbot/2.0; +http://www.bing.com/bingbot.htm) Chrome/116.0.1938.76 Safari/537.36"
40.77.190.177 - - [16/Nov/2024:06:58:32 +0000] "GET /359927630 HTTP/1.1" 200 146366 "-" "Mozilla/5.0 AppleWebKit/537.36 (KHTML, like Gecko; compatible; bingbot/2.0; +http://www.bing.com/bingbot.htm) Chrome/100.0.4896.127 Safari/537.36"
40.77.167.14 - - [16/Nov/2024:06:58:33 +0000] "GET /232418390 HTTP/1.1" 200 24431 "-" "Mozilla/5.0 AppleWebKit/537.36 (KHTML, like Gecko; compatible; bingbot/2.0; +http://www.bing.com/bingbot.htm) Chrome/116.0.1938.76 Safari/537.36"
127.0.0.1 - - [16/Nov/2024:06:58:33 +0000] "POST /wp-cron.php?doing_wp_cron=1731740313.0984640121459960937500 HTTP/1.1" 500 5 "-" "WordPress/6.6.2; https://guide.quickscrum.com"
18.209.201.119 - - [16/Nov/2024:06:58:33 +0000] "GET /68187dboyitems/etidm43p.html HTTP/1.1" 404 30903 "-" "Mozilla/5.0 (Macintosh; Intel Mac OS X 10_10_1) AppleWebKit/600.2.5 (KHTML, like Gecko) Version/8.0.2 Safari/600.2.5 (Amazonbot/0.1; +https://developer.amazon.com/support/amazonbot)"
40.77.167.14 - - [16/Nov/2024:06:58:34 +0000] "GET /167837270 HTTP/1.1" 200 23718 "-" "Mozilla/5.0 AppleWebKit/537.36 (KHTML, like Gecko; compatible; bingbot/2.0; +http://www.bing.com/bingbot.htm) Chrome/116.0.1938.76 Safari/537.36"
57.141.3.14 - - [16/Nov/2024:06:58:35 +0000] "GET /71220yyynetidm85gy.html HTTP/1.1" 404 140466 "-" "meta-externalagent/1.1 (+https://developers.facebook.com/docs/sharing/webmasters/crawler)"
156.59.198.135 - - [16/Nov/2024:06:58:35 +0000] "GET /wp-content/uploads/2020/03/pic4.png HTTP/1.1" 404 152 "-" "Mozilla/5.0 (Linux; Android 5.0) AppleWebKit/537.36 (KHTML, like Gecko) Mobile Safari/537.36 (compatible; Bytespider; spider-feedback@bytedance.com)"
40.77.167.14 - - [16/Nov/2024:06:58:36 +0000] "GET /186276710 HTTP/1.1" 200 24137 "-" "Mozilla/5.0 AppleWebKit/537.36 (KHTML, like Gecko; compatible; bingbot/2.0; +http://www.bing.com/bingbot.htm) Chrome/116.0.1938.76 Safari/537.36"
40.77.167.14 - - [16/Nov/2024:06:58:37 +0000] "GET /26207390 HTTP/1.1" 200 27084 "-" "Mozilla/5.0 AppleWebKit/537.36 (KHTML, like Gecko; compatible; bingbot/2.0; +http://www.bing.com/bingbot.htm) Chrome/116.0.1938.76 Safari/537.36"
52.203.68.145 - - [16/Nov/2024:06:58:37 +0000] "GET /134731gvsfetidm57z.htm HTTP/1.1" 404 30917 "-" "Mozilla/5.0 (Macintosh; Intel Mac OS X 10_10_1) AppleWebKit/600.2.5 (KHTML, like Gecko) Version/8.0.2 Safari/600.2.5 (Amazonbot/0.1; +https://developer.amazon.com/support/amazonbot)"
40.77.167.14 - - [16/Nov/2024:06:58:38 +0000] "GET /334463390 HTTP/1.1" 200 26070 "-" "Mozilla/5.0 AppleWebKit/537.36 (KHTML, like Gecko; compatible; bingbot/2.0; +http://www.bing.com/bingbot.htm) Chrome/116.0.1938.76 Safari/537.36"
40.77.167.14 - - [16/Nov/2024:06:58:40 +0000] "GET /247350950 HTTP/1.1" 200 25374 "-" "Mozilla/5.0 AppleWebKit/537.36 (KHTML, like Gecko; compatible; bingbot/2.0; +http://www.bing.com/bingbot.htm) Chrome/116.0.1938.76 Safari/537.36"
100.28.133.214 - - [16/Nov/2024:06:58:41 +0000] "GET /74443yyynetidm59f.htm HTTP/1.1" 404 30914 "-" "Mozilla/5.0 (Macintosh; Intel Mac OS X 10_10_1) AppleWebKit/600.2.5 (KHTML, like Gecko) Version/8.0.2 Safari/600.2.5 (Amazonbot/0.1; +https://developer.amazon.com/support/amazonbot)"
40.77.167.14 - - [16/Nov/2024:06:58:41 +0000] "GET /43559870 HTTP/1.1" 200 29322 "-" "Mozilla/5.0 AppleWebKit/537.36 (KHTML, like Gecko; compatible; bingbot/2.0; +http://www.bing.com/bingbot.htm) Chrome/116.0.1938.76 Safari/537.36"
40.77.167.14 - - [16/Nov/2024:06:58:42 +0000] "GET /71167190 HTTP/1.1" 200 28184 "-" "Mozilla/5.0 AppleWebKit/537.36 (KHTML, like Gecko; compatible; bingbot/2.0; +http://www.bing.com/bingbot.htm) Chrome/116.0.1938.76 Safari/537.36"
40.77.167.14 - - [16/Nov/2024:06:58:43 +0000] "GET /98496470 HTTP/1.1" 200 25469 "-" "Mozilla/5.0 AppleWebKit/537.36 (KHTML, like Gecko; compatible; bingbot/2.0; +http://www.bing.com/bingbot.htm) Chrome/116.0.1938.76 Safari/537.36"
57.141.3.4 - - [16/Nov/2024:06:58:44 +0000] "GET /168017tbjqetidm12fbp HTTP/1.1" 404 140468 "-" "meta-externalagent/1.1 (+https://developers.facebook.com/docs/sharing/webmasters/crawler)"
40.77.167.14 - - [16/Nov/2024:06:58:45 +0000] "GET /73366310 HTTP/1.1" 200 30307 "-" "Mozilla/5.0 AppleWebKit/537.36 (KHTML, like Gecko; compatible; bingbot/2.0; +http://www.bing.com/bingbot.htm) Chrome/116.0.1938.76 Safari/537.36"
23.22.59.87 - - [16/Nov/2024:06:58:45 +0000] "GET /257745dboyitems/etidm1.html HTTP/1.1" 404 30900 "-" "Mozilla/5.0 (Macintosh; Intel Mac OS X 10_10_1) AppleWebKit/600.2.5 (KHTML, like Gecko) Version/8.0.2 Safari/600.2.5 (Amazonbot/0.1; +https://developer.amazon.com/support/amazonbot)"
40.77.167.14 - - [16/Nov/2024:06:58:46 +0000] "GET /258719630 HTTP/1.1" 200 27409 "-" "Mozilla/5.0 AppleWebKit/537.36 (KHTML, like Gecko; compatible; bingbot/2.0; +http://www.bing.com/bingbot.htm) Chrome/116.0.1938.76 Safari/537.36"
40.77.167.14 - - [16/Nov/2024:06:58:47 +0000] "GET /266059310 HTTP/1.1" 200 24351 "-" "Mozilla/5.0 AppleWebKit/537.36 (KHTML, like Gecko; compatible; bingbot/2.0; +http://www.bing.com/bingbot.htm) Chrome/116.0.1938.76 Safari/537.36"
40.77.167.14 - - [16/Nov/2024:06:58:48 +0000] "GET /335900150 HTTP/1.1" 200 23852 "-" "Mozilla/5.0 AppleWebKit/537.36 (KHTML, like Gecko; compatible; bingbot/2.0; +http://www.bing.com/bingbot.htm) Chrome/116.0.1938.76 Safari/537.36"
23.23.137.202 - - [16/Nov/2024:06:58:49 +0000] "GET /263659dboyetidm88t.htm HTTP/1.1" 404 30912 "-" "Mozilla/5.0 (Macintosh; Intel Mac OS X 10_10_1) AppleWebKit/600.2.5 (KHTML, like Gecko) Version/8.0.2 Safari/600.2.5 (Amazonbot/0.1; +https://developer.amazon.com/support/amazonbot)"
40.77.167.14 - - [16/Nov/2024:06:58:49 +0000] "GET /124399670 HTTP/1.1" 200 25523 "-" "Mozilla/5.0 AppleWebKit/537.36 (KHTML, like Gecko; compatible; bingbot/2.0; +http://www.bing.com/bingbot.htm) Chrome/116.0.1938.76 Safari/537.36"
40.77.167.14 - - [16/Nov/2024:06:58:50 +0000] "GET /258877070 HTTP/1.1" 200 28173 "-" "Mozilla/5.0 AppleWebKit/537.36 (KHTML, like Gecko; compatible; bingbot/2.0; +http://www.bing.com/bingbot.htm) Chrome/116.0.1938.76 Safari/537.36"
40.77.167.14 - - [16/Nov/2024:06:58:51 +0000] "GET /125549630 HTTP/1.1" 200 30274 "-" "Mozilla/5.0 AppleWebKit/537.36 (KHTML, like Gecko; compatible; bingbot/2.0; +http://www.bing.com/bingbot.htm) Chrome/116.0.1938.76 Safari/537.36"
40.77.167.14 - - [16/Nov/2024:06:58:51 +0000] "GET /269018150 HTTP/1.1" 200 23912 "-" "Mozilla/5.0 AppleWebKit/537.36 (KHTML, like Gecko; compatible; bingbot/2.0; +http://www.bing.com/bingbot.htm) Chrome/116.0.1938.76 Safari/537.36"
40.77.167.14 - - [16/Nov/2024:06:58:52 +0000] "GET /121881950 HTTP/1.1" 200 27181 "-" "Mozilla/5.0 AppleWebKit/537.36 (KHTML, like Gecko; compatible; bingbot/2.0; +http://www.bing.com/bingbot.htm) Chrome/116.0.1938.76 Safari/537.36"
40.77.167.14 - - [16/Nov/2024:06:58:52 +0000] "GET /303393950 HTTP/1.1" 200 25988 "-" "Mozilla/5.0 AppleWebKit/537.36 (KHTML, like Gecko; compatible; bingbot/2.0; +http://www.bing.com/bingbot.htm) Chrome/116.0.1938.76 Safari/537.36"
52.3.102.51 - - [16/Nov/2024:06:58:53 +0000] "GET /51340gvsfitems/etidm91qg.htm HTTP/1.1" 404 30899 "-" "Mozilla/5.0 (Macintosh; Intel Mac OS X 10_10_1) AppleWebKit/600.2.5 (KHTML, like Gecko) Version/8.0.2 Safari/600.2.5 (Amazonbot/0.1; +https://developer.amazon.com/support/amazonbot)"
40.77.167.14 - - [16/Nov/2024:06:58:53 +0000] "GET /37054190 HTTP/1.1" 200 27114 "-" "Mozilla/5.0 AppleWebKit/537.36 (KHTML, like Gecko; compatible; bingbot/2.0; +http://www.bing.com/bingbot.htm) Chrome/116.0.1938.76 Safari/537.36"
45.227.254.34 - - [16/Nov/2024:06:58:54 +0000] "GET / HTTP/1.1" 200 67 "-" "Mozilla/5.0 (Macintosh; Intel Mac OS X 10_15_7) AppleWebKit/537.36 (KHTML, like Gecko) Chrome/120.0.0.0 Safari/537.36"
40.77.167.14 - - [16/Nov/2024:06:58:54 +0000] "GET /215383430 HTTP/1.1" 200 23902 "-" "Mozilla/5.0 AppleWebKit/537.36 (KHTML, like Gecko; compatible; bingbot/2.0; +http://www.bing.com/bingbot.htm) Chrome/116.0.1938.76 Safari/537.36"
40.77.167.14 - - [16/Nov/2024:06:58:55 +0000] "GET /5478710 HTTP/1.1" 200 24789 "-" "Mozilla/5.0 AppleWebKit/537.36 (KHTML, like Gecko; compatible; bingbot/2.0; +http://www.bing.com/bingbot.htm) Chrome/116.0.1938.76 Safari/537.36"
40.77.167.14 - - [16/Nov/2024:06:58:56 +0000] "GET /203045510 HTTP/1.1" 200 25317 "-" "Mozilla/5.0 AppleWebKit/537.36 (KHTML, like Gecko; compatible; bingbot/2.0; +http://www.bing.com/bingbot.htm) Chrome/116.0.1938.76 Safari/537.36"
40.77.167.14 - - [16/Nov/2024:06:58:56 +0000] "GET /110474630 HTTP/1.1" 200 27160 "-" "Mozilla/5.0 AppleWebKit/537.36 (KHTML, like Gecko; compatible; bingbot/2.0; +http://www.bing.com/bingbot.htm) Chrome/116.0.1938.76 Safari/537.36"
3.211.105.134 - - [16/Nov/2024:06:58:57 +0000] "GET /7941gbzsitems/etidm58lbl.html HTTP/1.1" 404 30901 "-" "Mozilla/5.0 (Macintosh; Intel Mac OS X 10_10_1) AppleWebKit/600.2.5 (KHTML, like Gecko) Version/8.0.2 Safari/600.2.5 (Amazonbot/0.1; +https://developer.amazon.com/support/amazonbot)"
40.77.167.14 - - [16/Nov/2024:06:58:57 +0000] "GET /87085310 HTTP/1.1" 200 25181 "-" "Mozilla/5.0 AppleWebKit/537.36 (KHTML, like Gecko; compatible; bingbot/2.0; +http://www.bing.com/bingbot.htm) Chrome/116.0.1938.76 Safari/537.36"
40.77.167.14 - - [16/Nov/2024:06:58:57 +0000] "GET /143798390 HTTP/1.1" 200 26972 "-" "Mozilla/5.0 AppleWebKit/537.36 (KHTML, like Gecko; compatible; bingbot/2.0; +http://www.bing.com/bingbot.htm) Chrome/116.0.1938.76 Safari/537.36"
40.77.167.14 - - [16/Nov/2024:06:58:58 +0000] "GET /98026310 HTTP/1.1" 200 27730 "-" "Mozilla/5.0 AppleWebKit/537.36 (KHTML, like Gecko; compatible; bingbot/2.0; +http://www.bing.com/bingbot.htm) Chrome/116.0.1938.76 Safari/537.36"
40.77.167.14 - - [16/Nov/2024:06:58:59 +0000] "GET /276712310 HTTP/1.1" 200 26095 "-" "Mozilla/5.0 AppleWebKit/537.36 (KHTML, like Gecko; compatible; bingbot/2.0; +http://www.bing.com/bingbot.htm) Chrome/116.0.1938.76 Safari/537.36"
40.77.167.14 - - [16/Nov/2024:06:59:00 +0000] "GET /91101230 HTTP/1.1" 200 25205 "-" "Mozilla/5.0 AppleWebKit/537.36 (KHTML, like Gecko; compatible; bingbot/2.0; +http://www.bing.com/bingbot.htm) Chrome/116.0.1938.76 Safari/537.36"
98.80.130.239 - - [16/Nov/2024:06:59:01 +0000] "GET /222587dboyetidm85b HTTP/1.1" 404 30908 "-" "Mozilla/5.0 (Macintosh; Intel Mac OS X 10_10_1) AppleWebKit/600.2.5 (KHTML, like Gecko) Version/8.0.2 Safari/600.2.5 (Amazonbot/0.1; +https://developer.amazon.com/support/amazonbot)"
45.227.254.34 - - [16/Nov/2024:06:59:01 +0000] "POST / HTTP/1.1" 200 59 "-" "Mozilla/5.0 (Macintosh; Intel Mac OS X 10_15_7) AppleWebKit/537.36 (KHTML, like Gecko) Chrome/120.0.0.0 Safari/537.36"
40.77.167.14 - - [16/Nov/2024:06:59:01 +0000] "GET /13735070 HTTP/1.1" 200 32206 "-" "Mozilla/5.0 AppleWebKit/537.36 (KHTML, like Gecko; compatible; bingbot/2.0; +http://www.bing.com/bingbot.htm) Chrome/116.0.1938.76 Safari/537.36"
40.77.167.14 - - [16/Nov/2024:06:59:03 +0000] "GET /143148590 HTTP/1.1" 200 25183 "-" "Mozilla/5.0 AppleWebKit/537.36 (KHTML, like Gecko; compatible; bingbot/2.0; +http://www.bing.com/bingbot.htm) Chrome/116.0.1938.76 Safari/537.36"
40.77.167.14 - - [16/Nov/2024:06:59:04 +0000] "GET /78009830 HTTP/1.1" 200 26208 "-" "Mozilla/5.0 AppleWebKit/537.36 (KHTML, like Gecko; compatible; bingbot/2.0; +http://www.bing.com/bingbot.htm) Chrome/116.0.1938.76 Safari/537.36"
52.6.5.24 - - [16/Nov/2024:06:59:05 +0000] "GET /224078gbzsitems/eti HTTP/1.1" 404 30899 "-" "Mozilla/5.0 (Macintosh; Intel Mac OS X 10_10_1) AppleWebKit/600.2.5 (KHTML, like Gecko) Version/8.0.2 Safari/600.2.5 (Amazonbot/0.1; +https://developer.amazon.com/support/amazonbot)"
40.77.167.14 - - [16/Nov/2024:06:59:05 +0000] "GET /349436390 HTTP/1.1" 200 24731 "-" "Mozilla/5.0 AppleWebKit/537.36 (KHTML, like Gecko; compatible; bingbot/2.0; +http://www.bing.com/bingbot.htm) Chrome/116.0.1938.76 Safari/537.36"
40.77.167.14 - - [16/Nov/2024:06:59:07 +0000] "GET /158638670 HTTP/1.1" 200 24469 "-" "Mozilla/5.0 AppleWebKit/537.36 (KHTML, like Gecko; compatible; bingbot/2.0; +http://www.bing.com/bingbot.htm) Chrome/116.0.1938.76 Safari/537.36"
57.141.3.21 - - [16/Nov/2024:06:59:07 +0000] "GET /232401wgwwitems/etidm7.html HTTP/1.1" 404 140473 "-" "meta-externalagent/1.1 (+https://developers.facebook.com/docs/sharing/webmasters/crawler)"
40.77.167.14 - - [16/Nov/2024:06:59:08 +0000] "GET /278442110 HTTP/1.1" 200 25606 "-" "Mozilla/5.0 AppleWebKit/537.36 (KHTML, like Gecko; compatible; bingbot/2.0; +http://www.bing.com/bingbot.htm) Chrome/116.0.1938.76 Safari/537.36"
3.94.199.128 - - [16/Nov/2024:06:59:08 +0000] "GET /253702zmdditems/eti.htm HTTP/1.1" 404 30904 "-" "Mozilla/5.0 (Macintosh; Intel Mac OS X 10_10_1) AppleWebKit/600.2.5 (KHTML, like Gecko) Version/8.0.2 Safari/600.2.5 (Amazonbot/0.1; +https://developer.amazon.com/support/amazonbot)"
40.77.167.14 - - [16/Nov/2024:06:59:09 +0000] "GET /5032670 HTTP/1.1" 200 26052 "-" "Mozilla/5.0 AppleWebKit/537.36 (KHTML, like Gecko; compatible; bingbot/2.0; +http://www.bing.com/bingbot.htm) Chrome/116.0.1938.76 Safari/537.36"
57.141.3.20 - - [16/Nov/2024:06:59:10 +0000] "GET /117474gbzsetidm46gzp HTTP/1.1" 404 140463 "-" "meta-externalagent/1.1 (+https://developers.facebook.com/docs/sharing/webmasters/crawler)"
40.77.167.14 - - [16/Nov/2024:06:59:11 +0000] "GET /68394470 HTTP/1.1" 200 28638 "-" "Mozilla/5.0 AppleWebKit/537.36 (KHTML, like Gecko; compatible; bingbot/2.0; +http://www.bing.com/bingbot.htm) Chrome/116.0.1938.76 Safari/537.36"
57.141.3.16 - - [16/Nov/2024:06:59:12 +0000] "GET /46373gvsfetidm13pvp HTTP/1.1" 404 140477 "-" "meta-externalagent/1.1 (+https://developers.facebook.com/docs/sharing/webmasters/crawler)"
40.77.167.14 - - [16/Nov/2024:06:59:12 +0000] "GET /335290670 HTTP/1.1" 200 32518 "-" "Mozilla/5.0 AppleWebKit/537.36 (KHTML, like Gecko; compatible; bingbot/2.0; +http://www.bing.com/bingbot.htm) Chrome/116.0.1938.76 Safari/537.36"
54.156.248.117 - - [16/Nov/2024:06:59:12 +0000] "GET /60673yyynetidm2.htm HTTP/1.1" 404 30912 "-" "Mozilla/5.0 (Macintosh; Intel Mac OS X 10_10_1) AppleWebKit/600.2.5 (KHTML, like Gecko) Version/8.0.2 Safari/600.2.5 (Amazonbot/0.1; +https://developer.amazon.com/support/amazonbot)"
40.77.167.14 - - [16/Nov/2024:06:59:14 +0000] "GET /66868430 HTTP/1.1" 200 30164 "-" "Mozilla/5.0 AppleWebKit/537.36 (KHTML, like Gecko; compatible; bingbot/2.0; +http://www.bing.com/bingbot.htm) Chrome/116.0.1938.76 Safari/537.36"
40.77.167.14 - - [16/Nov/2024:06:59:15 +0000] "GET /92501750 HTTP/1.1" 200 24990 "-" "Mozilla/5.0 AppleWebKit/537.36 (KHTML, like Gecko; compatible; bingbot/2.0; +http://www.bing.com/bingbot.htm) Chrome/116.0.1938.76 Safari/537.36"
40.77.167.14 - - [16/Nov/2024:06:59:16 +0000] "GET /110625590 HTTP/1.1" 200 29956 "-" "Mozilla/5.0 AppleWebKit/537.36 (KHTML, like Gecko; compatible; bingbot/2.0; +http://www.bing.com/bingbot.htm) Chrome/116.0.1938.76 Safari/537.36"
3.220.148.166 - - [16/Nov/2024:06:59:17 +0000] "GET /167022dboyeti.html HTTP/1.1" 404 30911 "-" "Mozilla/5.0 (Macintosh; Intel Mac OS X 10_10_1) AppleWebKit/600.2.5 (KHTML, like Gecko) Version/8.0.2 Safari/600.2.5 (Amazonbot/0.1; +https://developer.amazon.com/support/amazonbot)"
40.77.167.14 - - [16/Nov/2024:06:59:18 +0000] "GET /292208990 HTTP/1.1" 200 25830 "-" "Mozilla/5.0 AppleWebKit/537.36 (KHTML, like Gecko; compatible; bingbot/2.0; +http://www.bing.com/bingbot.htm) Chrome/116.0.1938.76 Safari/537.36"
40.77.167.14 - - [16/Nov/2024:06:59:19 +0000] "GET /343051070 HTTP/1.1" 200 24037 "-" "Mozilla/5.0 AppleWebKit/537.36 (KHTML, like Gecko; compatible; bingbot/2.0; +http://www.bing.com/bingbot.htm) Chrome/116.0.1938.76 Safari/537.36"
40.77.167.14 - - [16/Nov/2024:06:59:20 +0000] "GET /245795390 HTTP/1.1" 200 23834 "-" "Mozilla/5.0 AppleWebKit/537.36 (KHTML, like Gecko; compatible; bingbot/2.0; +http://www.bing.com/bingbot.htm) Chrome/116.0.1938.76 Safari/537.36"
107.22.208.39 - - [16/Nov/2024:06:59:21 +0000] "GET /238976yyynitems/etidm HTTP/1.1" 404 30904 "-" "Mozilla/5.0 (Macintosh; Intel Mac OS X 10_10_1) AppleWebKit/600.2.5 (KHTML, like Gecko) Version/8.0.2 Safari/600.2.5 (Amazonbot/0.1; +https://developer.amazon.com/support/amazonbot)"
40.77.167.14 - - [16/Nov/2024:06:59:21 +0000] "GET /190093190 HTTP/1.1" 200 23893 "-" "Mozilla/5.0 AppleWebKit/537.36 (KHTML, like Gecko; compatible; bingbot/2.0; +http://www.bing.com/bingbot.htm) Chrome/116.0.1938.76 Safari/537.36"
40.77.167.14 - - [16/Nov/2024:06:59:21 +0000] "GET /127583630 HTTP/1.1" 200 26999 "-" "Mozilla/5.0 AppleWebKit/537.36 (KHTML, like Gecko; compatible; bingbot/2.0; +http://www.bing.com/bingbot.htm) Chrome/116.0.1938.76 Safari/537.36"
40.77.167.14 - - [16/Nov/2024:06:59:22 +0000] "GET /96733070 HTTP/1.1" 200 25744 "-" "Mozilla/5.0 AppleWebKit/537.36 (KHTML, like Gecko; compatible; bingbot/2.0; +http://www.bing.com/bingbot.htm) Chrome/116.0.1938.76 Safari/537.36"
40.77.167.14 - - [16/Nov/2024:06:59:22 +0000] "GET /309998030 HTTP/1.1" 200 25165 "-" "Mozilla/5.0 AppleWebKit/537.36 (KHTML, like Gecko; compatible; bingbot/2.0; +http://www.bing.com/bingbot.htm) Chrome/116.0.1938.76 Safari/537.36"
40.77.167.14 - - [16/Nov/2024:06:59:23 +0000] "GET /313155950 HTTP/1.1" 200 23843 "-" "Mozilla/5.0 AppleWebKit/537.36 (KHTML, like Gecko; compatible; bingbot/2.0; +http://www.bing.com/bingbot.htm) Chrome/116.0.1938.76 Safari/537.36"
40.77.167.14 - - [16/Nov/2024:06:59:24 +0000] "GET /343670390 HTTP/1.1" 200 27064 "-" "Mozilla/5.0 AppleWebKit/537.36 (KHTML, like Gecko; compatible; bingbot/2.0; +http://www.bing.com/bingbot.htm) Chrome/116.0.1938.76 Safari/537.36"
40.77.167.14 - - [16/Nov/2024:06:59:25 +0000] "GET /101322830 HTTP/1.1" 200 29410 "-" "Mozilla/5.0 AppleWebKit/537.36 (KHTML, like Gecko; compatible; bingbot/2.0; +http://www.bing.com/bingbot.htm) Chrome/116.0.1938.76 Safari/537.36"
40.77.167.14 - - [16/Nov/2024:06:59:25 +0000] "GET /362966390 HTTP/1.1" 200 24414 "-" "Mozilla/5.0 AppleWebKit/537.36 (KHTML, like Gecko; compatible; bingbot/2.0; +http://www.bing.com/bingbot.htm) Chrome/116.0.1938.76 Safari/537.36"
18.213.240.226 - - [16/Nov/2024:06:59:25 +0000] "GET /167962qmpiitems/etidm99.htm HTTP/1.1" 404 30905 "-" "Mozilla/5.0 (Macintosh; Intel Mac OS X 10_10_1) AppleWebKit/600.2.5 (KHTML, like Gecko) Version/8.0.2 Safari/600.2.5 (Amazonbot/0.1; +https://developer.amazon.com/support/amazonbot)"
40.77.167.14 - - [16/Nov/2024:06:59:26 +0000] "GET /145431950 HTTP/1.1" 200 26849 "-" "Mozilla/5.0 AppleWebKit/537.36 (KHTML, like Gecko; compatible; bingbot/2.0; +http://www.bing.com/bingbot.htm) Chrome/116.0.1938.76 Safari/537.36"
40.77.167.14 - - [16/Nov/2024:06:59:26 +0000] "GET /70756430 HTTP/1.1" 200 29152 "-" "Mozilla/5.0 AppleWebKit/537.36 (KHTML, like Gecko; compatible; bingbot/2.0; +http://www.bing.com/bingbot.htm) Chrome/116.0.1938.76 Safari/537.36"
40.77.167.14 - - [16/Nov/2024:06:59:27 +0000] "GET /25990310 HTTP/1.1" 200 30609 "-" "Mozilla/5.0 AppleWebKit/537.36 (KHTML, like Gecko; compatible; bingbot/2.0; +http://www.bing.com/bingbot.htm) Chrome/116.0.1938.76 Safari/537.36"
185.191.171.13 - - [16/Nov/2024:06:59:27 +0000] "GET /153827yhreucleltio HTTP/1.1" 500 5 "-" "Mozilla/5.0 (compatible; SemrushBot/7~bl; +http://www.semrush.com/bot.html)"
40.77.167.14 - - [16/Nov/2024:06:59:27 +0000] "GET /20687270 HTTP/1.1" 200 27151 "-" "Mozilla/5.0 AppleWebKit/537.36 (KHTML, like Gecko; compatible; bingbot/2.0; +http://www.bing.com/bingbot.htm) Chrome/116.0.1938.76 Safari/537.36"
40.77.167.14 - - [16/Nov/2024:06:59:28 +0000] "GET /354377510 HTTP/1.1" 200 25508 "-" "Mozilla/5.0 AppleWebKit/537.36 (KHTML, like Gecko; compatible; bingbot/2.0; +http://www.bing.com/bingbot.htm) Chrome/116.0.1938.76 Safari/537.36"
40.77.167.14 - - [16/Nov/2024:06:59:28 +0000] "GET /275145230 HTTP/1.1" 200 24282 "-" "Mozilla/5.0 AppleWebKit/537.36 (KHTML, like Gecko; compatible; bingbot/2.0; +http://www.bing.com/bingbot.htm) Chrome/116.0.1938.76 Safari/537.36"
40.77.167.14 - - [16/Nov/2024:06:59:30 +0000] "GET /198320510 HTTP/1.1" 200 23220 "-" "Mozilla/5.0 AppleWebKit/537.36 (KHTML, like Gecko; compatible; bingbot/2.0; +http://www.bing.com/bingbot.htm) Chrome/116.0.1938.76 Safari/537.36"
18.213.27.222 - - [16/Nov/2024:06:59:30 +0000] "GET /268252yyynitems/etidm10ky.htm HTTP/1.1" 404 30903 "-" "Mozilla/5.0 (Macintosh; Intel Mac OS X 10_10_1) AppleWebKit/600.2.5 (KHTML, like Gecko) Version/8.0.2 Safari/600.2.5 (Amazonbot/0.1; +https://developer.amazon.com/support/amazonbot)"
40.77.167.14 - - [16/Nov/2024:06:59:31 +0000] "GET /10391750 HTTP/1.1" 200 25975 "-" "Mozilla/5.0 AppleWebKit/537.36 (KHTML, like Gecko; compatible; bingbot/2.0; +http://www.bing.com/bingbot.htm) Chrome/116.0.1938.76 Safari/537.36"
40.77.167.14 - - [16/Nov/2024:06:59:32 +0000] "GET /228093830 HTTP/1.1" 200 25721 "-" "Mozilla/5.0 AppleWebKit/537.36 (KHTML, like Gecko; compatible; bingbot/2.0; +http://www.bing.com/bingbot.htm) Chrome/116.0.1938.76 Safari/537.36"
52.5.242.243 - - [16/Nov/2024:06:59:33 +0000] "GET /19914zmddetidm85.html HTTP/1.1" 404 30913 "-" "Mozilla/5.0 (Macintosh; Intel Mac OS X 10_10_1) AppleWebKit/600.2.5 (KHTML, like Gecko) Version/8.0.2 Safari/600.2.5 (Amazonbot/0.1; +https://developer.amazon.com/support/amazonbot)"
40.77.167.14 - - [16/Nov/2024:06:59:33 +0000] "GET /314159270 HTTP/1.1" 200 26079 "-" "Mozilla/5.0 AppleWebKit/537.36 (KHTML, like Gecko; compatible; bingbot/2.0; +http://www.bing.com/bingbot.htm) Chrome/116.0.1938.76 Safari/537.36"
40.77.167.14 - - [16/Nov/2024:06:59:35 +0000] "GET /137368670 HTTP/1.1" 200 33384 "-" "Mozilla/5.0 AppleWebKit/537.36 (KHTML, like Gecko; compatible; bingbot/2.0; +http://www.bing.com/bingbot.htm) Chrome/116.0.1938.76 Safari/537.36"
127.0.0.1 - - [16/Nov/2024:06:59:35 +0000] "POST /wp-cron.php?doing_wp_cron=1731740375.4687330722808837890625 HTTP/1.1" 500 5 "-" "WordPress/6.6.2; https://guide.quickscrum.com"
40.77.167.14 - - [16/Nov/2024:06:59:36 +0000] "GET /215301830 HTTP/1.1" 200 23390 "-" "Mozilla/5.0 AppleWebKit/537.36 (KHTML, like Gecko; compatible; bingbot/2.0; +http://www.bing.com/bingbot.htm) Chrome/116.0.1938.76 Safari/537.36"
40.77.167.14 - - [16/Nov/2024:06:59:37 +0000] "GET /347212670 HTTP/1.1" 200 24131 "-" "Mozilla/5.0 AppleWebKit/537.36 (KHTML, like Gecko; compatible; bingbot/2.0; +http://www.bing.com/bingbot.htm) Chrome/116.0.1938.76 Safari/537.36"
52.3.102.51 - - [16/Nov/2024:06:59:37 +0000] "GET /165052wgwwitems/etidm77ew.htm HTTP/1.1" 404 30902 "-" "Mozilla/5.0 (Macintosh; Intel Mac OS X 10_10_1) AppleWebKit/600.2.5 (KHTML, like Gecko) Version/8.0.2 Safari/600.2.5 (Amazonbot/0.1; +https://developer.amazon.com/support/amazonbot)"
40.77.167.14 - - [16/Nov/2024:06:59:38 +0000] "GET /57273830 HTTP/1.1" 200 30633 "-" "Mozilla/5.0 AppleWebKit/537.36 (KHTML, like Gecko; compatible; bingbot/2.0; +http://www.bing.com/bingbot.htm) Chrome/116.0.1938.76 Safari/537.36"
40.77.167.14 - - [16/Nov/2024:06:59:39 +0000] "GET /75476030 HTTP/1.1" 200 26699 "-" "Mozilla/5.0 AppleWebKit/537.36 (KHTML, like Gecko; compatible; bingbot/2.0; +http://www.bing.com/bingbot.htm) Chrome/116.0.1938.76 Safari/537.36"
40.77.167.14 - - [16/Nov/2024:06:59:41 +0000] "GET /180251870 HTTP/1.1" 200 23585 "-" "Mozilla/5.0 AppleWebKit/537.36 (KHTML, like Gecko; compatible; bingbot/2.0; +http://www.bing.com/bingbot.htm) Chrome/116.0.1938.76 Safari/537.36"
44.223.115.10 - - [16/Nov/2024:06:59:41 +0000] "GET /144236yhrejp/ucoyotion HTTP/1.1" 404 30903 "-" "Mozilla/5.0 (Macintosh; Intel Mac OS X 10_10_1) AppleWebKit/600.2.5 (KHTML, like Gecko) Version/8.0.2 Safari/600.2.5 (Amazonbot/0.1; +https://developer.amazon.com/support/amazonbot)"
40.77.167.14 - - [16/Nov/2024:06:59:42 +0000] "GET /365308190 HTTP/1.1" 200 23601 "-" "Mozilla/5.0 AppleWebKit/537.36 (KHTML, like Gecko; compatible; bingbot/2.0; +http://www.bing.com/bingbot.htm) Chrome/116.0.1938.76 Safari/537.36"
40.77.167.14 - - [16/Nov/2024:06:59:43 +0000] "GET /273511310 HTTP/1.1" 200 24233 "-" "Mozilla/5.0 AppleWebKit/537.36 (KHTML, like Gecko; compatible; bingbot/2.0; +http://www.bing.com/bingbot.htm) Chrome/116.0.1938.76 Safari/537.36"
40.77.167.14 - - [16/Nov/2024:06:59:44 +0000] "GET /202103510 HTTP/1.1" 200 23862 "-" "Mozilla/5.0 AppleWebKit/537.36 (KHTML, like Gecko; compatible; bingbot/2.0; +http://www.bing.com/bingbot.htm) Chrome/116.0.1938.76 Safari/537.36"
44.212.131.50 - - [16/Nov/2024:06:59:44 +0000] "GET /221154dboyetidm73.html HTTP/1.1" 404 30911 "-" "Mozilla/5.0 (Macintosh; Intel Mac OS X 10_10_1) AppleWebKit/600.2.5 (KHTML, like Gecko) Version/8.0.2 Safari/600.2.5 (Amazonbot/0.1; +https://developer.amazon.com/support/amazonbot)"
40.77.167.14 - - [16/Nov/2024:06:59:46 +0000] "GET /102074990 HTTP/1.1" 200 28980 "-" "Mozilla/5.0 AppleWebKit/537.36 (KHTML, like Gecko; compatible; bingbot/2.0; +http://www.bing.com/bingbot.htm) Chrome/116.0.1938.76 Safari/537.36"
40.77.167.14 - - [16/Nov/2024:06:59:47 +0000] "GET /5634710 HTTP/1.1" 200 33006 "-" "Mozilla/5.0 AppleWebKit/537.36 (KHTML, like Gecko; compatible; bingbot/2.0; +http://www.bing.com/bingbot.htm) Chrome/116.0.1938.76 Safari/537.36"
40.77.167.14 - - [16/Nov/2024:06:59:48 +0000] "GET /240129710 HTTP/1.1" 200 25679 "-" "Mozilla/5.0 AppleWebKit/537.36 (KHTML, like Gecko; compatible; bingbot/2.0; +http://www.bing.com/bingbot.htm) Chrome/116.0.1938.76 Safari/537.36"
57.141.3.27 - - [16/Nov/2024:06:59:48 +0000] "GET /68235gbzsitems/etidm97l.html HTTP/1.1" 404 140464 "-" "meta-externalagent/1.1 (+https://developers.facebook.com/docs/sharing/webmasters/crawler)"
54.157.99.244 - - [16/Nov/2024:06:59:49 +0000] "GET /142717dboyetidm62dbd.htm HTTP/1.1" 404 30920 "-" "Mozilla/5.0 (Macintosh; Intel Mac OS X 10_10_1) AppleWebKit/600.2.5 (KHTML, like Gecko) Version/8.0.2 Safari/600.2.5 (Amazonbot/0.1; +https://developer.amazon.com/support/amazonbot)"
40.77.167.14 - - [16/Nov/2024:06:59:49 +0000] "GET /16976870 HTTP/1.1" 200 25838 "-" "Mozilla/5.0 AppleWebKit/537.36 (KHTML, like Gecko; compatible; bingbot/2.0; +http://www.bing.com/bingbot.htm) Chrome/116.0.1938.76 Safari/537.36"
40.77.167.14 - - [16/Nov/2024:06:59:50 +0000] "GET /317335190 HTTP/1.1" 200 24720 "-" "Mozilla/5.0 AppleWebKit/537.36 (KHTML, like Gecko; compatible; bingbot/2.0; +http://www.bing.com/bingbot.htm) Chrome/116.0.1938.76 Safari/537.36"
40.77.167.14 - - [16/Nov/2024:06:59:51 +0000] "GET /184128590 HTTP/1.1" 200 24397 "-" "Mozilla/5.0 AppleWebKit/537.36 (KHTML, like Gecko; compatible; bingbot/2.0; +http://www.bing.com/bingbot.htm) Chrome/116.0.1938.76 Safari/537.36"
57.141.3.30 - - [16/Nov/2024:06:59:51 +0000] "GET /15176yhrejp/ucsys HTTP/1.1" 404 140469 "-" "meta-externalagent/1.1 (+https://developers.facebook.com/docs/sharing/webmasters/crawler)"
40.77.167.14 - - [16/Nov/2024:06:59:52 +0000] "GET /42746270 HTTP/1.1" 200 27725 "-" "Mozilla/5.0 AppleWebKit/537.36 (KHTML, like Gecko; compatible; bingbot/2.0; +http://www.bing.com/bingbot.htm) Chrome/116.0.1938.76 Safari/537.36"
40.77.167.14 - - [16/Nov/2024:06:59:52 +0000] "GET /275426510 HTTP/1.1" 200 25246 "-" "Mozilla/5.0 AppleWebKit/537.36 (KHTML, like Gecko; compatible; bingbot/2.0; +http://www.bing.com/bingbot.htm) Chrome/116.0.1938.76 Safari/537.36"
52.44.174.136 - - [16/Nov/2024:06:59:53 +0000] "GET /150721qmpietidm5.htm HTTP/1.1" 404 30912 "-" "Mozilla/5.0 (Macintosh; Intel Mac OS X 10_10_1) AppleWebKit/600.2.5 (KHTML, like Gecko) Version/8.0.2 Safari/600.2.5 (Amazonbot/0.1; +https://developer.amazon.com/support/amazonbot)"
40.77.167.14 - - [16/Nov/2024:06:59:53 +0000] "GET /359712590 HTTP/1.1" 200 24462 "-" "Mozilla/5.0 AppleWebKit/537.36 (KHTML, like Gecko; compatible; bingbot/2.0; +http://www.bing.com/bingbot.htm) Chrome/116.0.1938.76 Safari/537.36"
40.77.167.14 - - [16/Nov/2024:06:59:53 +0000] "GET /262607150 HTTP/1.1" 200 25262 "-" "Mozilla/5.0 AppleWebKit/537.36 (KHTML, like Gecko; compatible; bingbot/2.0; +http://www.bing.com/bingbot.htm) Chrome/116.0.1938.76 Safari/537.36"
40.77.167.14 - - [16/Nov/2024:06:59:54 +0000] "GET /289872350 HTTP/1.1" 200 23490 "-" "Mozilla/5.0 AppleWebKit/537.36 (KHTML, like Gecko; compatible; bingbot/2.0; +http://www.bing.com/bingbot.htm) Chrome/116.0.1938.76 Safari/537.36"
40.77.167.14 - - [16/Nov/2024:06:59:54 +0000] "GET /181872230 HTTP/1.1" 200 25153 "-" "Mozilla/5.0 AppleWebKit/537.36 (KHTML, like Gecko; compatible; bingbot/2.0; +http://www.bing.com/bingbot.htm) Chrome/116.0.1938.76 Safari/537.36"
40.77.167.14 - - [16/Nov/2024:06:59:55 +0000] "GET /271911350 HTTP/1.1" 200 26249 "-" "Mozilla/5.0 AppleWebKit/537.36 (KHTML, like Gecko; compatible; bingbot/2.0; +http://www.bing.com/bingbot.htm) Chrome/116.0.1938.76 Safari/537.36"
40.77.167.14 - - [16/Nov/2024:06:59:56 +0000] "GET /150667910 HTTP/1.1" 200 26774 "-" "Mozilla/5.0 AppleWebKit/537.36 (KHTML, like Gecko; compatible; bingbot/2.0; +http://www.bing.com/bingbot.htm) Chrome/116.0.1938.76 Safari/537.36"
40.77.167.14 - - [16/Nov/2024:06:59:57 +0000] "GET /188677310 HTTP/1.1" 200 25625 "-" "Mozilla/5.0 AppleWebKit/537.36 (KHTML, like Gecko; compatible; bingbot/2.0; +http://www.bing.com/bingbot.htm) Chrome/116.0.1938.76 Safari/537.36"
40.77.167.14 - - [16/Nov/2024:06:59:57 +0000] "GET /62048750 HTTP/1.1" 200 34875 "-" "Mozilla/5.0 AppleWebKit/537.36 (KHTML, like Gecko; compatible; bingbot/2.0; +http://www.bing.com/bingbot.htm) Chrome/116.0.1938.76 Safari/537.36"
34.225.24.180 - - [16/Nov/2024:06:59:57 +0000] "GET /259332wgwwetidm83iw.html HTTP/1.1" 404 30917 "-" "Mozilla/5.0 (Macintosh; Intel Mac OS X 10_10_1) AppleWebKit/600.2.5 (KHTML, like Gecko) Version/8.0.2 Safari/600.2.5 (Amazonbot/0.1; +https://developer.amazon.com/support/amazonbot)"
40.77.167.14 - - [16/Nov/2024:06:59:58 +0000] "GET /163230830 HTTP/1.1" 200 27930 "-" "Mozilla/5.0 AppleWebKit/537.36 (KHTML, like Gecko; compatible; bingbot/2.0; +http://www.bing.com/bingbot.htm) Chrome/116.0.1938.76 Safari/537.36"
40.77.167.14 - - [16/Nov/2024:06:59:59 +0000] "GET /364090310 HTTP/1.1" 200 25571 "-" "Mozilla/5.0 AppleWebKit/537.36 (KHTML, like Gecko; compatible; bingbot/2.0; +http://www.bing.com/bingbot.htm) Chrome/116.0.1938.76 Safari/537.36"
3.213.46.222 - - [16/Nov/2024:07:00:01 +0000] "GET /172656dboyetidm.html HTTP/1.1" 404 30910 "-" "Mozilla/5.0 (Macintosh; Intel Mac OS X 10_10_1) AppleWebKit/600.2.5 (KHTML, like Gecko) Version/8.0.2 Safari/600.2.5 (Amazonbot/0.1; +https://developer.amazon.com/support/amazonbot)"
40.77.167.14 - - [16/Nov/2024:07:00:01 +0000] "GET /22758350 HTTP/1.1" 200 27825 "-" "Mozilla/5.0 AppleWebKit/537.36 (KHTML, like Gecko; compatible; bingbot/2.0; +http://www.bing.com/bingbot.htm) Chrome/116.0.1938.76 Safari/537.36"
40.77.167.14 - - [16/Nov/2024:07:00:02 +0000] "GET /257291630 HTTP/1.1" 200 25250 "-" "Mozilla/5.0 AppleWebKit/537.36 (KHTML, like Gecko; compatible; bingbot/2.0; +http://www.bing.com/bingbot.htm) Chrome/116.0.1938.76 Safari/537.36"
40.77.167.14 - - [16/Nov/2024:07:00:04 +0000] "GET /77110910 HTTP/1.1" 200 24097 "-" "Mozilla/5.0 AppleWebKit/537.36 (KHTML, like Gecko; compatible; bingbot/2.0; +http://www.bing.com/bingbot.htm) Chrome/116.0.1938.76 Safari/537.36"
50.19.102.70 - - [16/Nov/2024:07:00:04 +0000] "GET /43229yyynetidm48ryr HTTP/1.1" 404 30907 "-" "Mozilla/5.0 (Macintosh; Intel Mac OS X 10_10_1) AppleWebKit/600.2.5 (KHTML, like Gecko) Version/8.0.2 Safari/600.2.5 (Amazonbot/0.1; +https://developer.amazon.com/support/amazonbot)"
40.77.167.14 - - [16/Nov/2024:07:00:05 +0000] "GET /348541070 HTTP/1.1" 200 24193 "-" "Mozilla/5.0 AppleWebKit/537.36 (KHTML, like Gecko; compatible; bingbot/2.0; +http://www.bing.com/bingbot.htm) Chrome/116.0.1938.76 Safari/537.36"
40.77.167.14 - - [16/Nov/2024:07:00:06 +0000] "GET /317331350 HTTP/1.1" 200 22917 "-" "Mozilla/5.0 AppleWebKit/537.36 (KHTML, like Gecko; compatible; bingbot/2.0; +http://www.bing.com/bingbot.htm) Chrome/116.0.1938.76 Safari/537.36"
40.77.167.14 - - [16/Nov/2024:07:00:08 +0000] "GET /184400870 HTTP/1.1" 200 25127 "-" "Mozilla/5.0 AppleWebKit/537.36 (KHTML, like Gecko; compatible; bingbot/2.0; +http://www.bing.com/bingbot.htm) Chrome/116.0.1938.76 Safari/537.36"
54.235.172.96 - - [16/Nov/2024:07:00:09 +0000] "GET /214020tbjqetidm43ot.html HTTP/1.1" 404 30917 "-" "Mozilla/5.0 (Macintosh; Intel Mac OS X 10_10_1) AppleWebKit/600.2.5 (KHTML, like Gecko) Version/8.0.2 Safari/600.2.5 (Amazonbot/0.1; +https://developer.amazon.com/support/amazonbot)"
40.77.167.14 - - [16/Nov/2024:07:00:09 +0000] "GET /103098590 HTTP/1.1" 200 40863 "-" "Mozilla/5.0 AppleWebKit/537.36 (KHTML, like Gecko; compatible; bingbot/2.0; +http://www.bing.com/bingbot.htm) Chrome/116.0.1938.76 Safari/537.36"
40.77.167.14 - - [16/Nov/2024:07:00:11 +0000] "GET /153769910 HTTP/1.1" 200 34330 "-" "Mozilla/5.0 AppleWebKit/537.36 (KHTML, like Gecko; compatible; bingbot/2.0; +http://www.bing.com/bingbot.htm) Chrome/116.0.1938.76 Safari/537.36"
40.77.167.14 - - [16/Nov/2024:07:00:12 +0000] "GET /89906510 HTTP/1.1" 200 27091 "-" "Mozilla/5.0 AppleWebKit/537.36 (KHTML, like Gecko; compatible; bingbot/2.0; +http://www.bing.com/bingbot.htm) Chrome/116.0.1938.76 Safari/537.36"
52.70.138.176 - - [16/Nov/2024:07:00:13 +0000] "GET /167834dboyitems/etidm17 HTTP/1.1" 404 30904 "-" "Mozilla/5.0 (Macintosh; Intel Mac OS X 10_10_1) AppleWebKit/600.2.5 (KHTML, like Gecko) Version/8.0.2 Safari/600.2.5 (Amazonbot/0.1; +https://developer.amazon.com/support/amazonbot)"
40.77.167.14 - - [16/Nov/2024:07:00:14 +0000] "GET /265999790 HTTP/1.1" 200 24047 "-" "Mozilla/5.0 AppleWebKit/537.36 (KHTML, like Gecko; compatible; bingbot/2.0; +http://www.bing.com/bingbot.htm) Chrome/116.0.1938.76 Safari/537.36"
40.77.167.14 - - [16/Nov/2024:07:00:15 +0000] "GET /362955230 HTTP/1.1" 200 25998 "-" "Mozilla/5.0 AppleWebKit/537.36 (KHTML, like Gecko; compatible; bingbot/2.0; +http://www.bing.com/bingbot.htm) Chrome/116.0.1938.76 Safari/537.36"
44.213.36.21 - - [16/Nov/2024:07:00:16 +0000] "GET /178537ygvoetidm5.htm HTTP/1.1" 404 30909 "-" "Mozilla/5.0 (Macintosh; Intel Mac OS X 10_10_1) AppleWebKit/600.2.5 (KHTML, like Gecko) Version/8.0.2 Safari/600.2.5 (Amazonbot/0.1; +https://developer.amazon.com/support/amazonbot)"
40.77.167.14 - - [16/Nov/2024:07:00:16 +0000] "GET /95709590 HTTP/1.1" 200 25866 "-" "Mozilla/5.0 AppleWebKit/537.36 (KHTML, like Gecko; compatible; bingbot/2.0; +http://www.bing.com/bingbot.htm) Chrome/116.0.1938.76 Safari/537.36"
40.77.167.14 - - [16/Nov/2024:07:00:18 +0000] "GET /226984670 HTTP/1.1" 200 25403 "-" "Mozilla/5.0 AppleWebKit/537.36 (KHTML, like Gecko; compatible; bingbot/2.0; +http://www.bing.com/bingbot.htm) Chrome/116.0.1938.76 Safari/537.36"
57.141.3.8 - - [16/Nov/2024:07:00:19 +0000] "GET /183659tbjqetidm23v HTTP/1.1" 404 140459 "-" "meta-externalagent/1.1 (+https://developers.facebook.com/docs/sharing/webmasters/crawler)"
40.77.167.14 - - [16/Nov/2024:07:00:19 +0000] "GET /307937510 HTTP/1.1" 200 26978 "-" "Mozilla/5.0 AppleWebKit/537.36 (KHTML, like Gecko; compatible; bingbot/2.0; +http://www.bing.com/bingbot.htm) Chrome/116.0.1938.76 Safari/537.36"
40.77.167.14 - - [16/Nov/2024:07:00:20 +0000] "GET /195611870 HTTP/1.1" 200 25340 "-" "Mozilla/5.0 AppleWebKit/537.36 (KHTML, like Gecko; compatible; bingbot/2.0; +http://www.bing.com/bingbot.htm) Chrome/116.0.1938.76 Safari/537.36"
40.77.167.14 - - [16/Nov/2024:07:00:20 +0000] "GET /210684110 HTTP/1.1" 200 23180 "-" "Mozilla/5.0 AppleWebKit/537.36 (KHTML, like Gecko; compatible; bingbot/2.0; +http://www.bing.com/bingbot.htm) Chrome/116.0.1938.76 Safari/537.36"
34.227.156.153 - - [16/Nov/2024:07:00:21 +0000] "GET /320863tbjqetid.htm HTTP/1.1" 404 30912 "-" "Mozilla/5.0 (Macintosh; Intel Mac OS X 10_10_1) AppleWebKit/600.2.5 (KHTML, like Gecko) Version/8.0.2 Safari/600.2.5 (Amazonbot/0.1; +https://developer.amazon.com/support/amazonbot)"
40.77.167.14 - - [16/Nov/2024:07:00:21 +0000] "GET /318687710 HTTP/1.1" 200 26100 "-" "Mozilla/5.0 AppleWebKit/537.36 (KHTML, like Gecko; compatible; bingbot/2.0; +http://www.bing.com/bingbot.htm) Chrome/116.0.1938.76 Safari/537.36"
40.77.167.14 - - [16/Nov/2024:07:00:22 +0000] "GET /35831510 HTTP/1.1" 200 31464 "-" "Mozilla/5.0 AppleWebKit/537.36 (KHTML, like Gecko; compatible; bingbot/2.0; +http://www.bing.com/bingbot.htm) Chrome/116.0.1938.76 Safari/537.36"
40.77.167.14 - - [16/Nov/2024:07:00:22 +0000] "GET /46806110 HTTP/1.1" 200 30785 "-" "Mozilla/5.0 AppleWebKit/537.36 (KHTML, like Gecko; compatible; bingbot/2.0; +http://www.bing.com/bingbot.htm) Chrome/116.0.1938.76 Safari/537.36"
40.77.167.14 - - [16/Nov/2024:07:00:23 +0000] "GET /360451670 HTTP/1.1" 200 25003 "-" "Mozilla/5.0 AppleWebKit/537.36 (KHTML, like Gecko; compatible; bingbot/2.0; +http://www.bing.com/bingbot.htm) Chrome/116.0.1938.76 Safari/537.36"
40.77.167.14 - - [16/Nov/2024:07:00:24 +0000] "GET /288316310 HTTP/1.1" 200 25585 "-" "Mozilla/5.0 AppleWebKit/537.36 (KHTML, like Gecko; compatible; bingbot/2.0; +http://www.bing.com/bingbot.htm) Chrome/116.0.1938.76 Safari/537.36"
44.215.231.15 - - [16/Nov/2024:07:00:25 +0000] "GET /274153yyynetidm6.htm HTTP/1.1" 404 30913 "-" "Mozilla/5.0 (Macintosh; Intel Mac OS X 10_10_1) AppleWebKit/600.2.5 (KHTML, like Gecko) Version/8.0.2 Safari/600.2.5 (Amazonbot/0.1; +https://developer.amazon.com/support/amazonbot)"
40.77.167.14 - - [16/Nov/2024:07:00:25 +0000] "GET /147475070 HTTP/1.1" 200 27988 "-" "Mozilla/5.0 AppleWebKit/537.36 (KHTML, like Gecko; compatible; bingbot/2.0; +http://www.bing.com/bingbot.htm) Chrome/116.0.1938.76 Safari/537.36"
40.77.167.14 - - [16/Nov/2024:07:00:25 +0000] "GET /5606150 HTTP/1.1" 200 27327 "-" "Mozilla/5.0 AppleWebKit/537.36 (KHTML, like Gecko; compatible; bingbot/2.0; +http://www.bing.com/bingbot.htm) Chrome/116.0.1938.76 Safari/537.36"
40.77.167.14 - - [16/Nov/2024:07:00:26 +0000] "GET /116246870 HTTP/1.1" 200 25608 "-" "Mozilla/5.0 AppleWebKit/537.36 (KHTML, like Gecko; compatible; bingbot/2.0; +http://www.bing.com/bingbot.htm) Chrome/116.0.1938.76 Safari/537.36"
40.77.167.14 - - [16/Nov/2024:07:00:26 +0000] "GET /300058910 HTTP/1.1" 200 26345 "-" "Mozilla/5.0 AppleWebKit/537.36 (KHTML, like Gecko; compatible; bingbot/2.0; +http://www.bing.com/bingbot.htm) Chrome/116.0.1938.76 Safari/537.36"
40.77.167.14 - - [16/Nov/2024:07:00:27 +0000] "GET /85244150 HTTP/1.1" 200 27852 "-" "Mozilla/5.0 AppleWebKit/537.36 (KHTML, like Gecko; compatible; bingbot/2.0; +http://www.bing.com/bingbot.htm) Chrome/116.0.1938.76 Safari/537.36"
40.77.167.14 - - [16/Nov/2024:07:00:27 +0000] "GET /174982910 HTTP/1.1" 200 25145 "-" "Mozilla/5.0 AppleWebKit/537.36 (KHTML, like Gecko; compatible; bingbot/2.0; +http://www.bing.com/bingbot.htm) Chrome/116.0.1938.76 Safari/537.36"
40.77.167.14 - - [16/Nov/2024:07:00:28 +0000] "GET /82228670 HTTP/1.1" 200 31088 "-" "Mozilla/5.0 AppleWebKit/537.36 (KHTML, like Gecko; compatible; bingbot/2.0; +http://www.bing.com/bingbot.htm) Chrome/116.0.1938.76 Safari/537.36"
18.209.201.119 - - [16/Nov/2024:07:00:29 +0000] "GET /105324dboyetidm72yd.html HTTP/1.1" 404 30916 "-" "Mozilla/5.0 (Macintosh; Intel Mac OS X 10_10_1) AppleWebKit/600.2.5 (KHTML, like Gecko) Version/8.0.2 Safari/600.2.5 (Amazonbot/0.1; +https://developer.amazon.com/support/amazonbot)"
40.77.167.14 - - [16/Nov/2024:07:00:29 +0000] "GET /105718190 HTTP/1.1" 200 32266 "-" "Mozilla/5.0 AppleWebKit/537.36 (KHTML, like Gecko; compatible; bingbot/2.0; +http://www.bing.com/bingbot.htm) Chrome/116.0.1938.76 Safari/537.36"
85.208.96.193 - - [16/Nov/2024:07:00:29 +0000] "GET /56719zmddetid.htm HTTP/1.1" 500 5 "-" "Mozilla/5.0 (compatible; SemrushBot/7~bl; +http://www.semrush.com/bot.html)"
40.77.167.14 - - [16/Nov/2024:07:00:30 +0000] "GET /162335510 HTTP/1.1" 200 26191 "-" "Mozilla/5.0 AppleWebKit/537.36 (KHTML, like Gecko; compatible; bingbot/2.0; +http://www.bing.com/bingbot.htm) Chrome/116.0.1938.76 Safari/537.36"
57.141.3.10 - - [16/Nov/2024:07:00:30 +0000] "GET /239993yhreucnhnt HTTP/1.1" 404 140459 "-" "meta-externalagent/1.1 (+https://developers.facebook.com/docs/sharing/webmasters/crawler)"
40.77.167.14 - - [16/Nov/2024:07:00:31 +0000] "GET /311542190 HTTP/1.1" 200 24587 "-" "Mozilla/5.0 AppleWebKit/537.36 (KHTML, like Gecko; compatible; bingbot/2.0; +http://www.bing.com/bingbot.htm) Chrome/116.0.1938.76 Safari/537.36"
40.77.167.14 - - [16/Nov/2024:07:00:32 +0000] "GET /229192190 HTTP/1.1" 200 23881 "-" "Mozilla/5.0 AppleWebKit/537.36 (KHTML, like Gecko; compatible; bingbot/2.0; +http://www.bing.com/bingbot.htm) Chrome/116.0.1938.76 Safari/537.36"
52.1.157.90 - - [16/Nov/2024:07:00:33 +0000] "GET /121552qmpiitems/etidm.htm HTTP/1.1" 404 30903 "-" "Mozilla/5.0 (Macintosh; Intel Mac OS X 10_10_1) AppleWebKit/600.2.5 (KHTML, like Gecko) Version/8.0.2 Safari/600.2.5 (Amazonbot/0.1; +https://developer.amazon.com/support/amazonbot)"
40.77.167.14 - - [16/Nov/2024:07:00:33 +0000] "GET /101318270 HTTP/1.1" 200 40487 "-" "Mozilla/5.0 AppleWebKit/537.36 (KHTML, like Gecko; compatible; bingbot/2.0; +http://www.bing.com/bingbot.htm) Chrome/116.0.1938.76 Safari/537.36"
40.77.167.14 - - [16/Nov/2024:07:00:34 +0000] "GET /12405830 HTTP/1.1" 200 33288 "-" "Mozilla/5.0 AppleWebKit/537.36 (KHTML, like Gecko; compatible; bingbot/2.0; +http://www.bing.com/bingbot.htm) Chrome/116.0.1938.76 Safari/537.36"
127.0.0.1 - - [16/Nov/2024:07:00:36 +0000] "POST /wp-cron.php?doing_wp_cron=1731740435.9811010360717773437500 HTTP/1.1" 500 5 "-" "WordPress/6.6.2; https://guide.quickscrum.com"
40.77.167.14 - - [16/Nov/2024:07:00:36 +0000] "GET /49160750 HTTP/1.1" 200 24878 "-" "Mozilla/5.0 AppleWebKit/537.36 (KHTML, like Gecko; compatible; bingbot/2.0; +http://www.bing.com/bingbot.htm) Chrome/116.0.1938.76 Safari/537.36"
40.77.167.14 - - [16/Nov/2024:07:00:37 +0000] "GET /219486350 HTTP/1.1" 200 25126 "-" "Mozilla/5.0 AppleWebKit/537.36 (KHTML, like Gecko; compatible; bingbot/2.0; +http://www.bing.com/bingbot.htm) Chrome/116.0.1938.76 Safari/537.36"
98.82.107.102 - - [16/Nov/2024:07:00:38 +0000] "GET /281468ygvoitems/etidm23sy HTTP/1.1" 404 30903 "-" "Mozilla/5.0 (Macintosh; Intel Mac OS X 10_10_1) AppleWebKit/600.2.5 (KHTML, like Gecko) Version/8.0.2 Safari/600.2.5 (Amazonbot/0.1; +https://developer.amazon.com/support/amazonbot)"
40.77.167.14 - - [16/Nov/2024:07:00:38 +0000] "GET /319553870 HTTP/1.1" 200 23872 "-" "Mozilla/5.0 AppleWebKit/537.36 (KHTML, like Gecko; compatible; bingbot/2.0; +http://www.bing.com/bingbot.htm) Chrome/116.0.1938.76 Safari/537.36"
40.77.167.14 - - [16/Nov/2024:07:00:39 +0000] "GET /44548670 HTTP/1.1" 200 25575 "-" "Mozilla/5.0 AppleWebKit/537.36 (KHTML, like Gecko; compatible; bingbot/2.0; +http://www.bing.com/bingbot.htm) Chrome/116.0.1938.76 Safari/537.36"
52.205.222.214 - - [16/Nov/2024:07:00:41 +0000] "GET /228716gbzsitems/etidm60ug HTTP/1.1" 404 30905 "-" "Mozilla/5.0 (Macintosh; Intel Mac OS X 10_10_1) AppleWebKit/600.2.5 (KHTML, like Gecko) Version/8.0.2 Safari/600.2.5 (Amazonbot/0.1; +https://developer.amazon.com/support/amazonbot)"
57.141.3.5 - - [16/Nov/2024:07:00:41 +0000] "GET /109720ygvoitems/etidm.htm HTTP/1.1" 404 140471 "-" "meta-externalagent/1.1 (+https://developers.facebook.com/docs/sharing/webmasters/crawler)"
40.77.167.14 - - [16/Nov/2024:07:00:41 +0000] "GET /136812470 HTTP/1.1" 200 25562 "-" "Mozilla/5.0 AppleWebKit/537.36 (KHTML, like Gecko; compatible; bingbot/2.0; +http://www.bing.com/bingbot.htm) Chrome/116.0.1938.76 Safari/537.36"
40.77.167.14 - - [16/Nov/2024:07:00:42 +0000] "GET /5744390 HTTP/1.1" 200 32279 "-" "Mozilla/5.0 AppleWebKit/537.36 (KHTML, like Gecko; compatible; bingbot/2.0; +http://www.bing.com/bingbot.htm) Chrome/116.0.1938.76 Safari/537.36"
57.141.3.12 - - [16/Nov/2024:07:00:43 +0000] "GET /294863yyynetid HTTP/1.1" 404 140464 "-" "meta-externalagent/1.1 (+https://developers.facebook.com/docs/sharing/webmasters/crawler)"
40.77.167.14 - - [16/Nov/2024:07:00:43 +0000] "GET /336421790 HTTP/1.1" 200 27583 "-" "Mozilla/5.0 AppleWebKit/537.36 (KHTML, like Gecko; compatible; bingbot/2.0; +http://www.bing.com/bingbot.htm) Chrome/116.0.1938.76 Safari/537.36"
40.77.167.14 - - [16/Nov/2024:07:00:45 +0000] "GET /210562190 HTTP/1.1" 200 24239 "-" "Mozilla/5.0 AppleWebKit/537.36 (KHTML, like Gecko; compatible; bingbot/2.0; +http://www.bing.com/bingbot.htm) Chrome/116.0.1938.76 Safari/537.36"
54.88.84.219 - - [16/Nov/2024:07:00:45 +0000] "GET /351326tbjqitems/eti HTTP/1.1" 404 30901 "-" "Mozilla/5.0 (Macintosh; Intel Mac OS X 10_10_1) AppleWebKit/600.2.5 (KHTML, like Gecko) Version/8.0.2 Safari/600.2.5 (Amazonbot/0.1; +https://developer.amazon.com/support/amazonbot)"
40.77.167.14 - - [16/Nov/2024:07:00:46 +0000] "GET /54047030 HTTP/1.1" 200 29607 "-" "Mozilla/5.0 AppleWebKit/537.36 (KHTML, like Gecko; compatible; bingbot/2.0; +http://www.bing.com/bingbot.htm) Chrome/116.0.1938.76 Safari/537.36"
57.141.3.8 - - [16/Nov/2024:07:00:47 +0000] "GET /97782ygvoitems/etidm.htm HTTP/1.1" 404 140470 "-" "meta-externalagent/1.1 (+https://developers.facebook.com/docs/sharing/webmasters/crawler)"
40.77.167.14 - - [16/Nov/2024:07:00:47 +0000] "GET /207332750 HTTP/1.1" 200 24501 "-" "Mozilla/5.0 AppleWebKit/537.36 (KHTML, like Gecko; compatible; bingbot/2.0; +http://www.bing.com/bingbot.htm) Chrome/116.0.1938.76 Safari/537.36"
40.77.167.14 - - [16/Nov/2024:07:00:49 +0000] "GET /160524350 HTTP/1.1" 200 27010 "-" "Mozilla/5.0 AppleWebKit/537.36 (KHTML, like Gecko; compatible; bingbot/2.0; +http://www.bing.com/bingbot.htm) Chrome/116.0.1938.76 Safari/537.36"
100.29.107.38 - - [16/Nov/2024:07:00:49 +0000] "GET /84729wgwwitems/etidm4.html HTTP/1.1" 404 30903 "-" "Mozilla/5.0 (Macintosh; Intel Mac OS X 10_10_1) AppleWebKit/600.2.5 (KHTML, like Gecko) Version/8.0.2 Safari/600.2.5 (Amazonbot/0.1; +https://developer.amazon.com/support/amazonbot)"
