157.55.39.62 - - [16/Nov/2024:07:10:09 +0000] "GET /255230750 HTTP/1.1" 200 23776 "-" "Mozilla/5.0 AppleWebKit/537.36 (KHTML, like Gecko; compatible; bingbot/2.0; +http://www.bing.com/bingbot.htm) Chrome/116.0.1938.76 Safari/537.36"
184.73.167.217 - - [16/Nov/2024:07:10:09 +0000] "GET /230932yhrejp/ucayation.htm HTTP/1.1" 404 30905 "-" "Mozilla/5.0 (Macintosh; Intel Mac OS X 10_10_1) AppleWebKit/600.2.5 (KHTML, like Gecko) Version/8.0.2 Safari/600.2.5 (Amazonbot/0.1; +https://developer.amazon.com/support/amazonbot)"
199.116.112.6 - - [16/Nov/2024:07:10:09 +0000] "GET / HTTP/1.1" 500 3950 "-" "Mozilla/5.0 (Macintosh; Intel Mac OS X 10_15_7) AppleWebKit/537.36 (KHTML, like Gecko) Chrome/120.0.0.0 Safari/537.36"
157.55.39.62 - - [16/Nov/2024:07:10:10 +0000] "GET /352394030 HTTP/1.1" 200 25260 "-" "Mozilla/5.0 AppleWebKit/537.36 (KHTML, like Gecko; compatible; bingbot/2.0; +http://www.bing.com/bingbot.htm) Chrome/116.0.1938.76 Safari/537.36"
157.55.39.62 - - [16/Nov/2024:07:10:11 +0000] "GET /47145590 HTTP/1.1" 200 29109 "-" "Mozilla/5.0 AppleWebKit/537.36 (KHTML, like Gecko; compatible; bingbot/2.0; +http://www.bing.com/bingbot.htm) Chrome/116.0.1938.76 Safari/537.36"
157.55.39.62 - - [16/Nov/2024:07:10:13 +0000] "GET /246380750 HTTP/1.1" 200 24439 "-" "Mozilla/5.0 AppleWebKit/537.36 (KHTML, like Gecko; compatible; bingbot/2.0; +http://www.bing.com/bingbot.htm) Chrome/116.0.1938.76 Safari/537.36"
44.216.172.204 - - [16/Nov/2024:07:10:13 +0000] "GET /126232ygvoitems/etidm.htm HTTP/1.1" 404 30903 "-" "Mozilla/5.0 (Macintosh; Intel Mac OS X 10_10_1) AppleWebKit/600.2.5 (KHTML, like Gecko) Version/8.0.2 Safari/600.2.5 (Amazonbot/0.1; +https://developer.amazon.com/support/amazonbot)"
57.141.3.27 - - [16/Nov/2024:07:10:13 +0000] "GET /40413tbjqitems/etidm25jbj.html HTTP/1.1" 404 140472 "-" "meta-externalagent/1.1 (+https://developers.facebook.com/docs/sharing/webmasters/crawler)"
157.55.39.62 - - [16/Nov/2024:07:10:14 +0000] "GET /109200950 HTTP/1.1" 200 26633 "-" "Mozilla/5.0 AppleWebKit/537.36 (KHTML, like Gecko; compatible; bingbot/2.0; +http://www.bing.com/bingbot.htm) Chrome/116.0.1938.76 Safari/537.36"
72.195.34.58 - - [16/Nov/2024:07:10:15 +0000] "GET / HTTP/1.1" 500 3943 "-" "Mozilla/5.0 (Macintosh; Intel Mac OS X 10_15_7) AppleWebKit/537.36 (KHTML, like Gecko) Chrome/120.0.0.0 Safari/537.36"
157.55.39.62 - - [16/Nov/2024:07:10:15 +0000] "GET /21939590 HTTP/1.1" 200 30954 "-" "Mozilla/5.0 AppleWebKit/537.36 (KHTML, like Gecko; compatible; bingbot/2.0; +http://www.bing.com/bingbot.htm) Chrome/116.0.1938.76 Safari/537.36"
50.19.79.213 - - [16/Nov/2024:07:10:18 +0000] "GET /270814gbzsitems/eti.htm HTTP/1.1" 404 30902 "-" "Mozilla/5.0 (Macintosh; Intel Mac OS X 10_10_1) AppleWebKit/600.2.5 (KHTML, like Gecko) Version/8.0.2 Safari/600.2.5 (Amazonbot/0.1; +https://developer.amazon.com/support/amazonbot)"
157.55.39.62 - - [16/Nov/2024:07:10:19 +0000] "GET /20270390 HTTP/1.1" 200 34856 "-" "Mozilla/5.0 AppleWebKit/537.36 (KHTML, like Gecko; compatible; bingbot/2.0; +http://www.bing.com/bingbot.htm) Chrome/116.0.1938.76 Safari/537.36"
127.0.0.1 - - [16/Nov/2024:07:10:19 +0000] "POST /wp-cron.php?doing_wp_cron=1731741019.4618439674377441406250 HTTP/1.1" 500 5 "-" "WordPress/6.6.2; https://guide.quickscrum.com"
157.55.39.62 - - [16/Nov/2024:07:10:20 +0000] "GET /222827630 HTTP/1.1" 200 24535 "-" "Mozilla/5.0 AppleWebKit/537.36 (KHTML, like Gecko; compatible; bingbot/2.0; +http://www.bing.com/bingbot.htm) Chrome/116.0.1938.76 Safari/537.36"
157.55.39.62 - - [16/Nov/2024:07:10:21 +0000] "GET /238578950 HTTP/1.1" 200 24521 "-" "Mozilla/5.0 AppleWebKit/537.36 (KHTML, like Gecko; compatible; bingbot/2.0; +http://www.bing.com/bingbot.htm) Chrome/116.0.1938.76 Safari/537.36"
52.71.216.196 - - [16/Nov/2024:07:10:21 +0000] "GET /60413gvsfetidm29pvp HTTP/1.1" 404 30909 "-" "Mozilla/5.0 (Macintosh; Intel Mac OS X 10_10_1) AppleWebKit/600.2.5 (KHTML, like Gecko) Version/8.0.2 Safari/600.2.5 (Amazonbot/0.1; +https://developer.amazon.com/support/amazonbot)"
51.255.80.151 - - [16/Nov/2024:07:10:21 +0000] "GET / HTTP/1.1" 500 3945 "-" "Mozilla/5.0 (Macintosh; Intel Mac OS X 10_15_7) AppleWebKit/537.36 (KHTML, like Gecko) Chrome/120.0.0.0 Safari/537.36"
157.55.39.62 - - [16/Nov/2024:07:10:22 +0000] "GET /98635430 HTTP/1.1" 200 25584 "-" "Mozilla/5.0 AppleWebKit/537.36 (KHTML, like Gecko; compatible; bingbot/2.0; +http://www.bing.com/bingbot.htm) Chrome/116.0.1938.76 Safari/537.36"
157.55.39.62 - - [16/Nov/2024:07:10:23 +0000] "GET /202280270 HTTP/1.1" 200 27208 "-" "Mozilla/5.0 AppleWebKit/537.36 (KHTML, like Gecko; compatible; bingbot/2.0; +http://www.bing.com/bingbot.htm) Chrome/116.0.1938.76 Safari/537.36"
157.55.39.62 - - [16/Nov/2024:07:10:24 +0000] "GET /65610230 HTTP/1.1" 200 26833 "-" "Mozilla/5.0 AppleWebKit/537.36 (KHTML, like Gecko; compatible; bingbot/2.0; +http://www.bing.com/bingbot.htm) Chrome/116.0.1938.76 Safari/537.36"
54.204.12.115 - - [16/Nov/2024:07:10:25 +0000] "GET /36738gbzsetidm99.html HTTP/1.1" 404 30915 "-" "Mozilla/5.0 (Macintosh; Intel Mac OS X 10_10_1) AppleWebKit/600.2.5 (KHTML, like Gecko) Version/8.0.2 Safari/600.2.5 (Amazonbot/0.1; +https://developer.amazon.com/support/amazonbot)"
40.77.167.20 - - [16/Nov/2024:07:10:28 +0000] "GET /95049830 HTTP/1.1" 200 26161 "-" "Mozilla/5.0 AppleWebKit/537.36 (KHTML, like Gecko; compatible; bingbot/2.0; +http://www.bing.com/bingbot.htm) Chrome/116.0.1938.76 Safari/537.36"
40.77.167.20 - - [16/Nov/2024:07:10:29 +0000] "GET /218604590 HTTP/1.1" 200 24938 "-" "Mozilla/5.0 AppleWebKit/537.36 (KHTML, like Gecko; compatible; bingbot/2.0; +http://www.bing.com/bingbot.htm) Chrome/116.0.1938.76 Safari/537.36"
157.55.39.62 - - [16/Nov/2024:07:10:29 +0000] "GET /291166910 HTTP/1.1" 200 25992 "-" "Mozilla/5.0 AppleWebKit/537.36 (KHTML, like Gecko; compatible; bingbot/2.0; +http://www.bing.com/bingbot.htm) Chrome/116.0.1938.76 Safari/537.36"
3.220.70.171 - - [16/Nov/2024:07:10:29 +0000] "GET /65048tbjqitems/etidm HTTP/1.1" 404 30901 "-" "Mozilla/5.0 (Macintosh; Intel Mac OS X 10_10_1) AppleWebKit/600.2.5 (KHTML, like Gecko) Version/8.0.2 Safari/600.2.5 (Amazonbot/0.1; +https://developer.amazon.com/support/amazonbot)"
157.55.39.62 - - [16/Nov/2024:07:10:31 +0000] "GET /277295390 HTTP/1.1" 200 24375 "-" "Mozilla/5.0 AppleWebKit/537.36 (KHTML, like Gecko; compatible; bingbot/2.0; +http://www.bing.com/bingbot.htm) Chrome/116.0.1938.76 Safari/537.36"
40.77.167.20 - - [16/Nov/2024:07:10:31 +0000] "GET /168553910 HTTP/1.1" 200 24779 "-" "Mozilla/5.0 AppleWebKit/537.36 (KHTML, like Gecko; compatible; bingbot/2.0; +http://www.bing.com/bingbot.htm) Chrome/116.0.1938.76 Safari/537.36"
157.55.39.62 - - [16/Nov/2024:07:10:32 +0000] "GET /300167630 HTTP/1.1" 200 26635 "-" "Mozilla/5.0 AppleWebKit/537.36 (KHTML, like Gecko; compatible; bingbot/2.0; +http://www.bing.com/bingbot.htm) Chrome/116.0.1938.76 Safari/537.36"
44.209.187.99 - - [16/Nov/2024:07:10:33 +0000] "GET /91698dboyetidm47.html HTTP/1.1" 404 30915 "-" "Mozilla/5.0 (Macintosh; Intel Mac OS X 10_10_1) AppleWebKit/600.2.5 (KHTML, like Gecko) Version/8.0.2 Safari/600.2.5 (Amazonbot/0.1; +https://developer.amazon.com/support/amazonbot)"
157.55.39.62 - - [16/Nov/2024:07:10:33 +0000] "GET /221252750 HTTP/1.1" 200 26794 "-" "Mozilla/5.0 AppleWebKit/537.36 (KHTML, like Gecko; compatible; bingbot/2.0; +http://www.bing.com/bingbot.htm) Chrome/116.0.1938.76 Safari/537.36"
40.77.167.20 - - [16/Nov/2024:07:10:34 +0000] "GET /258800390 HTTP/1.1" 200 26355 "-" "Mozilla/5.0 AppleWebKit/537.36 (KHTML, like Gecko; compatible; bingbot/2.0; +http://www.bing.com/bingbot.htm) Chrome/116.0.1938.76 Safari/537.36"
157.55.39.62 - - [16/Nov/2024:07:10:35 +0000] "GET /190756310 HTTP/1.1" 200 23990 "-" "Mozilla/5.0 AppleWebKit/537.36 (KHTML, like Gecko; compatible; bingbot/2.0; +http://www.bing.com/bingbot.htm) Chrome/116.0.1938.76 Safari/537.36"
40.77.167.20 - - [16/Nov/2024:07:10:35 +0000] "GET /196744190 HTTP/1.1" 200 24470 "-" "Mozilla/5.0 AppleWebKit/537.36 (KHTML, like Gecko; compatible; bingbot/2.0; +http://www.bing.com/bingbot.htm) Chrome/116.0.1938.76 Safari/537.36"
199.204.248.113 - - [16/Nov/2024:07:10:36 +0000] "GET / HTTP/1.1" 500 3943 "-" "Mozilla/5.0 (Macintosh; Intel Mac OS X 10_15_7) AppleWebKit/537.36 (KHTML, like Gecko) Chrome/120.0.0.0 Safari/537.36"
23.23.103.31 - - [16/Nov/2024:07:10:36 +0000] "GET /112061ygvoetidm96bgb HTTP/1.1" 404 30907 "-" "Mozilla/5.0 (Macintosh; Intel Mac OS X 10_10_1) AppleWebKit/600.2.5 (KHTML, like Gecko) Version/8.0.2 Safari/600.2.5 (Amazonbot/0.1; +https://developer.amazon.com/support/amazonbot)"
157.55.39.62 - - [16/Nov/2024:07:10:36 +0000] "GET /88219550 HTTP/1.1" 200 30522 "-" "Mozilla/5.0 AppleWebKit/537.36 (KHTML, like Gecko; compatible; bingbot/2.0; +http://www.bing.com/bingbot.htm) Chrome/116.0.1938.76 Safari/537.36"
40.77.167.20 - - [16/Nov/2024:07:10:36 +0000] "GET /223700630 HTTP/1.1" 200 24331 "-" "Mozilla/5.0 AppleWebKit/537.36 (KHTML, like Gecko; compatible; bingbot/2.0; +http://www.bing.com/bingbot.htm) Chrome/116.0.1938.76 Safari/537.36"
157.55.39.62 - - [16/Nov/2024:07:10:37 +0000] "GET /63687470 HTTP/1.1" 200 29682 "-" "Mozilla/5.0 AppleWebKit/537.36 (KHTML, like Gecko; compatible; bingbot/2.0; +http://www.bing.com/bingbot.htm) Chrome/116.0.1938.76 Safari/537.36"
57.141.3.22 - - [16/Nov/2024:07:10:37 +0000] "GET /169056tbjqetidm.html HTTP/1.1" 404 140478 "-" "meta-externalagent/1.1 (+https://developers.facebook.com/docs/sharing/webmasters/crawler)"
40.77.167.20 - - [16/Nov/2024:07:10:37 +0000] "GET /304647110 HTTP/1.1" 200 25550 "-" "Mozilla/5.0 AppleWebKit/537.36 (KHTML, like Gecko; compatible; bingbot/2.0; +http://www.bing.com/bingbot.htm) Chrome/116.0.1938.76 Safari/537.36"
40.77.167.20 - - [16/Nov/2024:07:10:39 +0000] "GET /175373030 HTTP/1.1" 200 26474 "-" "Mozilla/5.0 AppleWebKit/537.36 (KHTML, like Gecko; compatible; bingbot/2.0; +http://www.bing.com/bingbot.htm) Chrome/116.0.1938.76 Safari/537.36"
157.55.39.62 - - [16/Nov/2024:07:10:39 +0000] "GET /364644350 HTTP/1.1" 200 25757 "-" "Mozilla/5.0 AppleWebKit/537.36 (KHTML, like Gecko; compatible; bingbot/2.0; +http://www.bing.com/bingbot.htm) Chrome/116.0.1938.76 Safari/537.36"
40.77.167.20 - - [16/Nov/2024:07:10:40 +0000] "GET /232218830 HTTP/1.1" 200 24128 "-" "Mozilla/5.0 AppleWebKit/537.36 (KHTML, like Gecko; compatible; bingbot/2.0; +http://www.bing.com/bingbot.htm) Chrome/116.0.1938.76 Safari/537.36"
40.77.167.20 - - [16/Nov/2024:07:10:41 +0000] "GET /195804590 HTTP/1.1" 200 25644 "-" "Mozilla/5.0 AppleWebKit/537.36 (KHTML, like Gecko; compatible; bingbot/2.0; +http://www.bing.com/bingbot.htm) Chrome/116.0.1938.76 Safari/537.36"
35.169.102.85 - - [16/Nov/2024:07:10:41 +0000] "GET /140751dboyitems/etid.html HTTP/1.1" 404 30894 "-" "Mozilla/5.0 (Macintosh; Intel Mac OS X 10_10_1) AppleWebKit/600.2.5 (KHTML, like Gecko) Version/8.0.2 Safari/600.2.5 (Amazonbot/0.1; +https://developer.amazon.com/support/amazonbot)"
57.141.3.3 - - [16/Nov/2024:07:10:42 +0000] "GET /184272wgwwetidm.html HTTP/1.1" 404 140468 "-" "meta-externalagent/1.1 (+https://developers.facebook.com/docs/sharing/webmasters/crawler)"
40.77.167.20 - - [16/Nov/2024:07:10:43 +0000] "GET /19870190 HTTP/1.1" 200 24748 "-" "Mozilla/5.0 AppleWebKit/537.36 (KHTML, like Gecko; compatible; bingbot/2.0; +http://www.bing.com/bingbot.htm) Chrome/116.0.1938.76 Safari/537.36"
40.77.167.20 - - [16/Nov/2024:07:10:44 +0000] "GET /103313270 HTTP/1.1" 200 27705 "-" "Mozilla/5.0 AppleWebKit/537.36 (KHTML, like Gecko; compatible; bingbot/2.0; +http://www.bing.com/bingbot.htm) Chrome/116.0.1938.76 Safari/537.36"
40.77.167.20 - - [16/Nov/2024:07:10:45 +0000] "GET /133694510 HTTP/1.1" 200 26016 "-" "Mozilla/5.0 AppleWebKit/537.36 (KHTML, like Gecko; compatible; bingbot/2.0; +http://www.bing.com/bingbot.htm) Chrome/116.0.1938.76 Safari/537.36"
34.225.87.80 - - [16/Nov/2024:07:10:45 +0000] "GET /141511qmpietid.htm HTTP/1.1" 404 30911 "-" "Mozilla/5.0 (Macintosh; Intel Mac OS X 10_10_1) AppleWebKit/600.2.5 (KHTML, like Gecko) Version/8.0.2 Safari/600.2.5 (Amazonbot/0.1; +https://developer.amazon.com/support/amazonbot)"
40.77.167.20 - - [16/Nov/2024:07:10:46 +0000] "GET /132698030 HTTP/1.1" 200 29405 "-" "Mozilla/5.0 AppleWebKit/537.36 (KHTML, like Gecko; compatible; bingbot/2.0; +http://www.bing.com/bingbot.htm) Chrome/116.0.1938.76 Safari/537.36"
185.191.171.11 - - [16/Nov/2024:07:10:46 +0000] "GET /163817wgwwetidm5 HTTP/1.1" 500 5 "-" "Mozilla/5.0 (compatible; SemrushBot/7~bl; +http://www.semrush.com/bot.html)"
40.77.167.20 - - [16/Nov/2024:07:10:46 +0000] "GET /300390230 HTTP/1.1" 200 23825 "-" "Mozilla/5.0 AppleWebKit/537.36 (KHTML, like Gecko; compatible; bingbot/2.0; +http://www.bing.com/bingbot.htm) Chrome/116.0.1938.76 Safari/537.36"
40.77.167.20 - - [16/Nov/2024:07:10:47 +0000] "GET /192438710 HTTP/1.1" 200 23628 "-" "Mozilla/5.0 AppleWebKit/537.36 (KHTML, like Gecko; compatible; bingbot/2.0; +http://www.bing.com/bingbot.htm) Chrome/116.0.1938.76 Safari/537.36"
40.77.167.20 - - [16/Nov/2024:07:10:48 +0000] "GET /69566150 HTTP/1.1" 200 37238 "-" "Mozilla/5.0 AppleWebKit/537.36 (KHTML, like Gecko; compatible; bingbot/2.0; +http://www.bing.com/bingbot.htm) Chrome/116.0.1938.76 Safari/537.36"
54.90.8.255 - - [16/Nov/2024:07:10:48 +0000] "GET /123081tbjqitems/etidm2.html HTTP/1.1" 404 30901 "-" "Mozilla/5.0 (Macintosh; Intel Mac OS X 10_10_1) AppleWebKit/600.2.5 (KHTML, like Gecko) Version/8.0.2 Safari/600.2.5 (Amazonbot/0.1; +https://developer.amazon.com/support/amazonbot)"
45.227.254.34 - - [16/Nov/2024:07:10:49 +0000] "POST /old_wordpress/wp-includes/class-wp-term.php HTTP/1.1" 200 46 "-" "Mozilla/5.0 (Macintosh; Intel Mac OS X 10_15_7) AppleWebKit/537.36 (KHTML, like Gecko) Chrome/120.0.0.0 Safari/537.36"
40.77.167.20 - - [16/Nov/2024:07:10:49 +0000] "GET /184268870 HTTP/1.1" 200 25441 "-" "Mozilla/5.0 AppleWebKit/537.36 (KHTML, like Gecko; compatible; bingbot/2.0; +http://www.bing.com/bingbot.htm) Chrome/116.0.1938.76 Safari/537.36"
40.77.167.20 - - [16/Nov/2024:07:10:49 +0000] "GET /88336190 HTTP/1.1" 200 25912 "-" "Mozilla/5.0 AppleWebKit/537.36 (KHTML, like Gecko; compatible; bingbot/2.0; +http://www.bing.com/bingbot.htm) Chrome/116.0.1938.76 Safari/537.36"
45.227.254.34 - - [16/Nov/2024:07:10:50 +0000] "POST /wp-content/plugins/types/vendor/toolset/toolset-common/utility/condition/post_type/editor/is_block.php HTTP/1.1" 200 46 "-" "Mozilla/5.0 (Macintosh; Intel Mac OS X 10_15_7) AppleWebKit/537.36 (KHTML, like Gecko) Chrome/120.0.0.0 Safari/537.36"
40.77.167.20 - - [16/Nov/2024:07:10:50 +0000] "GET /202358630 HTTP/1.1" 200 26575 "-" "Mozilla/5.0 AppleWebKit/537.36 (KHTML, like Gecko; compatible; bingbot/2.0; +http://www.bing.com/bingbot.htm) Chrome/116.0.1938.76 Safari/537.36"
45.227.254.34 - - [16/Nov/2024:07:10:51 +0000] "POST /old_wordpress/wp-includes/ID3/module.audio.video.php HTTP/1.1" 200 46 "-" "Mozilla/5.0 (Macintosh; Intel Mac OS X 10_15_7) AppleWebKit/537.36 (KHTML, like Gecko) Chrome/120.0.0.0 Safari/537.36"
40.77.167.20 - - [16/Nov/2024:07:10:51 +0000] "GET /282534950 HTTP/1.1" 200 24003 "-" "Mozilla/5.0 AppleWebKit/537.36 (KHTML, like Gecko; compatible; bingbot/2.0; +http://www.bing.com/bingbot.htm) Chrome/116.0.1938.76 Safari/537.36"
52.167.144.147 - - [16/Nov/2024:07:10:52 +0000] "GET /197823830 HTTP/1.1" 200 23646 "-" "Mozilla/5.0 AppleWebKit/537.36 (KHTML, like Gecko; compatible; bingbot/2.0; +http://www.bing.com/bingbot.htm) Chrome/116.0.1938.76 Safari/537.36"
40.77.167.20 - - [16/Nov/2024:07:10:52 +0000] "GET /263087390 HTTP/1.1" 200 25488 "-" "Mozilla/5.0 AppleWebKit/537.36 (KHTML, like Gecko; compatible; bingbot/2.0; +http://www.bing.com/bingbot.htm) Chrome/116.0.1938.76 Safari/537.36"
45.227.254.34 - - [16/Nov/2024:07:10:52 +0000] "GET / HTTP/1.1" 200 61 "-" "Mozilla/5.0 (Macintosh; Intel Mac OS X 10_15_7) AppleWebKit/537.36 (KHTML, like Gecko) Chrome/120.0.0.0 Safari/537.36"
54.159.18.27 - - [16/Nov/2024:07:10:53 +0000] "GET /229726dboyitems/eti.htm HTTP/1.1" 404 30903 "-" "Mozilla/5.0 (Macintosh; Intel Mac OS X 10_10_1) AppleWebKit/600.2.5 (KHTML, like Gecko) Version/8.0.2 Safari/600.2.5 (Amazonbot/0.1; +https://developer.amazon.com/support/amazonbot)"
52.167.144.147 - - [16/Nov/2024:07:10:53 +0000] "GET /88511630 HTTP/1.1" 200 25649 "-" "Mozilla/5.0 AppleWebKit/537.36 (KHTML, like Gecko; compatible; bingbot/2.0; +http://www.bing.com/bingbot.htm) Chrome/116.0.1938.76 Safari/537.36"
52.167.144.147 - - [16/Nov/2024:07:10:54 +0000] "GET /63004670 HTTP/1.1" 200 32116 "-" "Mozilla/5.0 AppleWebKit/537.36 (KHTML, like Gecko; compatible; bingbot/2.0; +http://www.bing.com/bingbot.htm) Chrome/116.0.1938.76 Safari/537.36"
52.167.144.147 - - [16/Nov/2024:07:10:56 +0000] "GET /47798150 HTTP/1.1" 200 27597 "-" "Mozilla/5.0 AppleWebKit/537.36 (KHTML, like Gecko; compatible; bingbot/2.0; +http://www.bing.com/bingbot.htm) Chrome/116.0.1938.76 Safari/537.36"
40.77.189.16 - - [16/Nov/2024:07:10:56 +0000] "GET /355648070 HTTP/1.1" 200 24873 "https://guide.quickscrum.com/355648070" "Mozilla/5.0 AppleWebKit/537.36 (KHTML, like Gecko; compatible; bingbot/2.0; +http://www.bing.com/bingbot.htm) Chrome/112.0.0.0 Safari/537.36"
52.71.46.142 - - [16/Nov/2024:07:10:57 +0000] "GET /110717dboyetidm79jbj HTTP/1.1" 404 30912 "-" "Mozilla/5.0 (Macintosh; Intel Mac OS X 10_10_1) AppleWebKit/600.2.5 (KHTML, like Gecko) Version/8.0.2 Safari/600.2.5 (Amazonbot/0.1; +https://developer.amazon.com/support/amazonbot)"
52.167.144.147 - - [16/Nov/2024:07:10:57 +0000] "GET /189953750 HTTP/1.1" 200 26368 "-" "Mozilla/5.0 AppleWebKit/537.36 (KHTML, like Gecko; compatible; bingbot/2.0; +http://www.bing.com/bingbot.htm) Chrome/116.0.1938.76 Safari/537.36"
52.167.144.147 - - [16/Nov/2024:07:10:58 +0000] "GET /78584150 HTTP/1.1" 200 24854 "-" "Mozilla/5.0 AppleWebKit/537.36 (KHTML, like Gecko; compatible; bingbot/2.0; +http://www.bing.com/bingbot.htm) Chrome/116.0.1938.76 Safari/537.36"
52.167.144.147 - - [16/Nov/2024:07:10:59 +0000] "GET /142162310 HTTP/1.1" 200 32549 "-" "Mozilla/5.0 AppleWebKit/537.36 (KHTML, like Gecko; compatible; bingbot/2.0; +http://www.bing.com/bingbot.htm) Chrome/116.0.1938.76 Safari/537.36"
40.77.167.20 - - [16/Nov/2024:07:10:59 +0000] "GET /129663710 HTTP/1.1" 200 25004 "-" "Mozilla/5.0 AppleWebKit/537.36 (KHTML, like Gecko; compatible; bingbot/2.0; +http://www.bing.com/bingbot.htm) Chrome/116.0.1938.76 Safari/537.36"
52.167.144.147 - - [16/Nov/2024:07:11:00 +0000] "GET /217145030 HTTP/1.1" 200 24495 "-" "Mozilla/5.0 AppleWebKit/537.36 (KHTML, like Gecko; compatible; bingbot/2.0; +http://www.bing.com/bingbot.htm) Chrome/116.0.1938.76 Safari/537.36"
44.221.37.41 - - [16/Nov/2024:07:11:01 +0000] "GET /280615zmddetid.htm HTTP/1.1" 404 30910 "-" "Mozilla/5.0 (Macintosh; Intel Mac OS X 10_10_1) AppleWebKit/600.2.5 (KHTML, like Gecko) Version/8.0.2 Safari/600.2.5 (Amazonbot/0.1; +https://developer.amazon.com/support/amazonbot)"
52.167.144.147 - - [16/Nov/2024:07:11:02 +0000] "GET /347587190 HTTP/1.1" 200 25560 "-" "Mozilla/5.0 AppleWebKit/537.36 (KHTML, like Gecko; compatible; bingbot/2.0; +http://www.bing.com/bingbot.htm) Chrome/116.0.1938.76 Safari/537.36"
52.167.144.147 - - [16/Nov/2024:07:11:03 +0000] "GET /278167430 HTTP/1.1" 200 23922 "-" "Mozilla/5.0 AppleWebKit/537.36 (KHTML, like Gecko; compatible; bingbot/2.0; +http://www.bing.com/bingbot.htm) Chrome/116.0.1938.76 Safari/537.36"
52.167.144.147 - - [16/Nov/2024:07:11:04 +0000] "GET /20229590 HTTP/1.1" 200 32884 "-" "Mozilla/5.0 AppleWebKit/537.36 (KHTML, like Gecko; compatible; bingbot/2.0; +http://www.bing.com/bingbot.htm) Chrome/116.0.1938.76 Safari/537.36"
44.195.50.71 - - [16/Nov/2024:07:11:05 +0000] "GET /34995wgwwitems/etidm93z.html HTTP/1.1" 404 30902 "-" "Mozilla/5.0 (Macintosh; Intel Mac OS X 10_10_1) AppleWebKit/600.2.5 (KHTML, like Gecko) Version/8.0.2 Safari/600.2.5 (Amazonbot/0.1; +https://developer.amazon.com/support/amazonbot)"
52.167.144.147 - - [16/Nov/2024:07:11:06 +0000] "GET /353950790 HTTP/1.1" 200 24881 "-" "Mozilla/5.0 AppleWebKit/537.36 (KHTML, like Gecko; compatible; bingbot/2.0; +http://www.bing.com/bingbot.htm) Chrome/116.0.1938.76 Safari/537.36"
52.167.144.147 - - [16/Nov/2024:07:11:07 +0000] "GET /127435310 HTTP/1.1" 200 31627 "-" "Mozilla/5.0 AppleWebKit/537.36 (KHTML, like Gecko; compatible; bingbot/2.0; +http://www.bing.com/bingbot.htm) Chrome/116.0.1938.76 Safari/537.36"
52.167.144.147 - - [16/Nov/2024:07:11:09 +0000] "GET /202511510 HTTP/1.1" 200 24454 "-" "Mozilla/5.0 AppleWebKit/537.36 (KHTML, like Gecko; compatible; bingbot/2.0; +http://www.bing.com/bingbot.htm) Chrome/116.0.1938.76 Safari/537.36"
54.92.171.106 - - [16/Nov/2024:07:11:09 +0000] "GET /301402zmdditems/etidm43.htm HTTP/1.1" 404 30904 "-" "Mozilla/5.0 (Macintosh; Intel Mac OS X 10_10_1) AppleWebKit/600.2.5 (KHTML, like Gecko) Version/8.0.2 Safari/600.2.5 (Amazonbot/0.1; +https://developer.amazon.com/support/amazonbot)"
52.167.144.147 - - [16/Nov/2024:07:11:10 +0000] "GET /200251070 HTTP/1.1" 200 24338 "-" "Mozilla/5.0 AppleWebKit/537.36 (KHTML, like Gecko; compatible; bingbot/2.0; +http://www.bing.com/bingbot.htm) Chrome/116.0.1938.76 Safari/537.36"
52.167.144.147 - - [16/Nov/2024:07:11:11 +0000] "GET /97435190 HTTP/1.1" 200 29899 "-" "Mozilla/5.0 AppleWebKit/537.36 (KHTML, like Gecko; compatible; bingbot/2.0; +http://www.bing.com/bingbot.htm) Chrome/116.0.1938.76 Safari/537.36"
57.141.3.30 - - [16/Nov/2024:07:11:11 +0000] "GET /134979gvsfitems/etidm29n.html HTTP/1.1" 404 140465 "-" "meta-externalagent/1.1 (+https://developers.facebook.com/docs/sharing/webmasters/crawler)"
52.167.144.147 - - [16/Nov/2024:07:11:12 +0000] "GET /183006350 HTTP/1.1" 200 28259 "-" "Mozilla/5.0 AppleWebKit/537.36 (KHTML, like Gecko; compatible; bingbot/2.0; +http://www.bing.com/bingbot.htm) Chrome/116.0.1938.76 Safari/537.36"
3.210.114.189 - - [16/Nov/2024:07:11:13 +0000] "GET /162981zmdditems/etidm47nmn.html HTTP/1.1" 404 30903 "-" "Mozilla/5.0 (Macintosh; Intel Mac OS X 10_10_1) AppleWebKit/600.2.5 (KHTML, like Gecko) Version/8.0.2 Safari/600.2.5 (Amazonbot/0.1; +https://developer.amazon.com/support/amazonbot)"
52.167.144.147 - - [16/Nov/2024:07:11:14 +0000] "GET /199879070 HTTP/1.1" 200 23500 "-" "Mozilla/5.0 AppleWebKit/537.36 (KHTML, like Gecko; compatible; bingbot/2.0; +http://www.bing.com/bingbot.htm) Chrome/116.0.1938.76 Safari/537.36"
52.167.144.147 - - [16/Nov/2024:07:11:15 +0000] "GET /275634350 HTTP/1.1" 200 24022 "-" "Mozilla/5.0 AppleWebKit/537.36 (KHTML, like Gecko; compatible; bingbot/2.0; +http://www.bing.com/bingbot.htm) Chrome/116.0.1938.76 Safari/537.36"
52.167.144.147 - - [16/Nov/2024:07:11:16 +0000] "GET /96505910 HTTP/1.1" 200 25180 "-" "Mozilla/5.0 AppleWebKit/537.36 (KHTML, like Gecko; compatible; bingbot/2.0; +http://www.bing.com/bingbot.htm) Chrome/116.0.1938.76 Safari/537.36"
54.221.203.24 - - [16/Nov/2024:07:11:16 +0000] "GET /170540gvsfitems/etidm15gg HTTP/1.1" 404 30902 "-" "Mozilla/5.0 (Macintosh; Intel Mac OS X 10_10_1) AppleWebKit/600.2.5 (KHTML, like Gecko) Version/8.0.2 Safari/600.2.5 (Amazonbot/0.1; +https://developer.amazon.com/support/amazonbot)"
52.167.144.147 - - [16/Nov/2024:07:11:18 +0000] "GET /5262950 HTTP/1.1" 200 25762 "-" "Mozilla/5.0 AppleWebKit/537.36 (KHTML, like Gecko; compatible; bingbot/2.0; +http://www.bing.com/bingbot.htm) Chrome/116.0.1938.76 Safari/537.36"
127.0.0.1 - - [16/Nov/2024:07:11:19 +0000] "POST /wp-cron.php?doing_wp_cron=1731741079.6132810115814208984375 HTTP/1.1" 500 5 "-" "WordPress/6.6.2; https://guide.quickscrum.com"
52.167.144.147 - - [16/Nov/2024:07:11:19 +0000] "GET /160073870 HTTP/1.1" 200 24761 "-" "Mozilla/5.0 AppleWebKit/537.36 (KHTML, like Gecko; compatible; bingbot/2.0; +http://www.bing.com/bingbot.htm) Chrome/116.0.1938.76 Safari/537.36"
52.167.144.147 - - [16/Nov/2024:07:11:21 +0000] "GET /160291910 HTTP/1.1" 200 26239 "-" "Mozilla/5.0 AppleWebKit/537.36 (KHTML, like Gecko; compatible; bingbot/2.0; +http://www.bing.com/bingbot.htm) Chrome/116.0.1938.76 Safari/537.36"
54.85.109.140 - - [16/Nov/2024:07:11:21 +0000] "GET /66842ygvoitems/etidm83 HTTP/1.1" 404 30903 "-" "Mozilla/5.0 (Macintosh; Intel Mac OS X 10_10_1) AppleWebKit/600.2.5 (KHTML, like Gecko) Version/8.0.2 Safari/600.2.5 (Amazonbot/0.1; +https://developer.amazon.com/support/amazonbot)"
157.55.39.62 - - [16/Nov/2024:07:11:22 +0000] "GET /278120510 HTTP/1.1" 200 24344 "-" "Mozilla/5.0 AppleWebKit/537.36 (KHTML, like Gecko; compatible; bingbot/2.0; +http://www.bing.com/bingbot.htm) Chrome/116.0.1938.76 Safari/537.36"
52.167.144.147 - - [16/Nov/2024:07:11:23 +0000] "GET /278570510 HTTP/1.1" 200 24922 "-" "Mozilla/5.0 AppleWebKit/537.36 (KHTML, like Gecko; compatible; bingbot/2.0; +http://www.bing.com/bingbot.htm) Chrome/116.0.1938.76 Safari/537.36"
157.55.39.62 - - [16/Nov/2024:07:11:23 +0000] "GET /42395630 HTTP/1.1" 200 26232 "-" "Mozilla/5.0 AppleWebKit/537.36 (KHTML, like Gecko; compatible; bingbot/2.0; +http://www.bing.com/bingbot.htm) Chrome/116.0.1938.76 Safari/537.36"
52.167.144.147 - - [16/Nov/2024:07:11:24 +0000] "GET /202258550 HTTP/1.1" 200 24593 "-" "Mozilla/5.0 AppleWebKit/537.36 (KHTML, like Gecko; compatible; bingbot/2.0; +http://www.bing.com/bingbot.htm) Chrome/116.0.1938.76 Safari/537.36"
3.216.227.216 - - [16/Nov/2024:07:11:25 +0000] "GET /20809yhreucjhjt.htm HTTP/1.1" 404 30903 "-" "Mozilla/5.0 (Macintosh; Intel Mac OS X 10_10_1) AppleWebKit/600.2.5 (KHTML, like Gecko) Version/8.0.2 Safari/600.2.5 (Amazonbot/0.1; +https://developer.amazon.com/support/amazonbot)"
157.55.39.62 - - [16/Nov/2024:07:11:25 +0000] "GET /119517710 HTTP/1.1" 200 25665 "-" "Mozilla/5.0 AppleWebKit/537.36 (KHTML, like Gecko; compatible; bingbot/2.0; +http://www.bing.com/bingbot.htm) Chrome/116.0.1938.76 Safari/537.36"
52.167.144.147 - - [16/Nov/2024:07:11:25 +0000] "GET /69045950 HTTP/1.1" 200 26371 "-" "Mozilla/5.0 AppleWebKit/537.36 (KHTML, like Gecko; compatible; bingbot/2.0; +http://www.bing.com/bingbot.htm) Chrome/116.0.1938.76 Safari/537.36"
157.55.39.62 - - [16/Nov/2024:07:11:26 +0000] "GET /350584310 HTTP/1.1" 200 24612 "-" "Mozilla/5.0 AppleWebKit/537.36 (KHTML, like Gecko; compatible; bingbot/2.0; +http://www.bing.com/bingbot.htm) Chrome/116.0.1938.76 Safari/537.36"
52.167.144.147 - - [16/Nov/2024:07:11:26 +0000] "GET /219651710 HTTP/1.1" 200 23252 "-" "Mozilla/5.0 AppleWebKit/537.36 (KHTML, like Gecko; compatible; bingbot/2.0; +http://www.bing.com/bingbot.htm) Chrome/116.0.1938.76 Safari/537.36"
52.167.144.147 - - [16/Nov/2024:07:11:28 +0000] "GET /324973190 HTTP/1.1" 200 34757 "-" "Mozilla/5.0 AppleWebKit/537.36 (KHTML, like Gecko; compatible; bingbot/2.0; +http://www.bing.com/bingbot.htm) Chrome/116.0.1938.76 Safari/537.36"
157.55.39.62 - - [16/Nov/2024:07:11:28 +0000] "GET /318144470 HTTP/1.1" 200 25095 "-" "Mozilla/5.0 AppleWebKit/537.36 (KHTML, like Gecko; compatible; bingbot/2.0; +http://www.bing.com/bingbot.htm) Chrome/116.0.1938.76 Safari/537.36"
54.87.62.248 - - [16/Nov/2024:07:11:29 +0000] "GET /41196wgwwetidm25mw.html HTTP/1.1" 404 30902 "-" "Mozilla/5.0 (Macintosh; Intel Mac OS X 10_10_1) AppleWebKit/600.2.5 (KHTML, like Gecko) Version/8.0.2 Safari/600.2.5 (Amazonbot/0.1; +https://developer.amazon.com/support/amazonbot)"
52.167.144.147 - - [16/Nov/2024:07:11:29 +0000] "GET /48110510 HTTP/1.1" 200 29337 "-" "Mozilla/5.0 AppleWebKit/537.36 (KHTML, like Gecko; compatible; bingbot/2.0; +http://www.bing.com/bingbot.htm) Chrome/116.0.1938.76 Safari/537.36"
157.55.39.62 - - [16/Nov/2024:07:11:29 +0000] "GET /261639470 HTTP/1.1" 200 24289 "-" "Mozilla/5.0 AppleWebKit/537.36 (KHTML, like Gecko; compatible; bingbot/2.0; +http://www.bing.com/bingbot.htm) Chrome/116.0.1938.76 Safari/537.36"
52.167.144.147 - - [16/Nov/2024:07:11:30 +0000] "GET /281612750 HTTP/1.1" 200 23337 "-" "Mozilla/5.0 AppleWebKit/537.36 (KHTML, like Gecko; compatible; bingbot/2.0; +http://www.bing.com/bingbot.htm) Chrome/116.0.1938.76 Safari/537.36"
157.55.39.62 - - [16/Nov/2024:07:11:31 +0000] "GET /292145630 HTTP/1.1" 200 24903 "-" "Mozilla/5.0 AppleWebKit/537.36 (KHTML, like Gecko; compatible; bingbot/2.0; +http://www.bing.com/bingbot.htm) Chrome/116.0.1938.76 Safari/537.36"
157.55.39.62 - - [16/Nov/2024:07:11:32 +0000] "GET /72943310 HTTP/1.1" 200 27317 "-" "Mozilla/5.0 AppleWebKit/537.36 (KHTML, like Gecko; compatible; bingbot/2.0; +http://www.bing.com/bingbot.htm) Chrome/116.0.1938.76 Safari/537.36"
18.233.24.238 - - [16/Nov/2024:07:11:33 +0000] "GET /319333tbjqetidm62bbb.htm HTTP/1.1" 404 30915 "-" "Mozilla/5.0 (Macintosh; Intel Mac OS X 10_10_1) AppleWebKit/600.2.5 (KHTML, like Gecko) Version/8.0.2 Safari/600.2.5 (Amazonbot/0.1; +https://developer.amazon.com/support/amazonbot)"
157.55.39.62 - - [16/Nov/2024:07:11:33 +0000] "GET /347517110 HTTP/1.1" 200 27141 "-" "Mozilla/5.0 AppleWebKit/537.36 (KHTML, like Gecko; compatible; bingbot/2.0; +http://www.bing.com/bingbot.htm) Chrome/116.0.1938.76 Safari/537.36"
157.55.39.62 - - [16/Nov/2024:07:11:34 +0000] "GET /20256110 HTTP/1.1" 200 25245 "-" "Mozilla/5.0 AppleWebKit/537.36 (KHTML, like Gecko; compatible; bingbot/2.0; +http://www.bing.com/bingbot.htm) Chrome/116.0.1938.76 Safari/537.36"
157.55.39.62 - - [16/Nov/2024:07:11:35 +0000] "GET /313976390 HTTP/1.1" 200 24905 "-" "Mozilla/5.0 AppleWebKit/537.36 (KHTML, like Gecko; compatible; bingbot/2.0; +http://www.bing.com/bingbot.htm) Chrome/116.0.1938.76 Safari/537.36"
3.217.82.254 - - [16/Nov/2024:07:11:37 +0000] "GET /244285ygvoetidm64pgp.htm HTTP/1.1" 404 30917 "-" "Mozilla/5.0 (Macintosh; Intel Mac OS X 10_10_1) AppleWebKit/600.2.5 (KHTML, like Gecko) Version/8.0.2 Safari/600.2.5 (Amazonbot/0.1; +https://developer.amazon.com/support/amazonbot)"
157.55.39.62 - - [16/Nov/2024:07:11:37 +0000] "GET /193572710 HTTP/1.1" 200 24758 "-" "Mozilla/5.0 AppleWebKit/537.36 (KHTML, like Gecko; compatible; bingbot/2.0; +http://www.bing.com/bingbot.htm) Chrome/116.0.1938.76 Safari/537.36"
157.55.39.62 - - [16/Nov/2024:07:11:39 +0000] "GET /263084990 HTTP/1.1" 200 27757 "-" "Mozilla/5.0 AppleWebKit/537.36 (KHTML, like Gecko; compatible; bingbot/2.0; +http://www.bing.com/bingbot.htm) Chrome/116.0.1938.76 Safari/537.36"
157.55.39.62 - - [16/Nov/2024:07:11:40 +0000] "GET /89402030 HTTP/1.1" 200 30643 "-" "Mozilla/5.0 AppleWebKit/537.36 (KHTML, like Gecko; compatible; bingbot/2.0; +http://www.bing.com/bingbot.htm) Chrome/116.0.1938.76 Safari/537.36"
34.194.95.99 - - [16/Nov/2024:07:11:41 +0000] "GET /157972qmpiitems/etidm30wq.htm HTTP/1.1" 404 30903 "-" "Mozilla/5.0 (Macintosh; Intel Mac OS X 10_10_1) AppleWebKit/600.2.5 (KHTML, like Gecko) Version/8.0.2 Safari/600.2.5 (Amazonbot/0.1; +https://developer.amazon.com/support/amazonbot)"
157.55.39.62 - - [16/Nov/2024:07:11:42 +0000] "GET /278168630 HTTP/1.1" 200 24956 "-" "Mozilla/5.0 AppleWebKit/537.36 (KHTML, like Gecko; compatible; bingbot/2.0; +http://www.bing.com/bingbot.htm) Chrome/116.0.1938.76 Safari/537.36"
157.55.39.62 - - [16/Nov/2024:07:11:43 +0000] "GET /364479590 HTTP/1.1" 200 24241 "-" "Mozilla/5.0 AppleWebKit/537.36 (KHTML, like Gecko; compatible; bingbot/2.0; +http://www.bing.com/bingbot.htm) Chrome/116.0.1938.76 Safari/537.36"
157.55.39.62 - - [16/Nov/2024:07:11:44 +0000] "GET /361412870 HTTP/1.1" 200 25724 "-" "Mozilla/5.0 AppleWebKit/537.36 (KHTML, like Gecko; compatible; bingbot/2.0; +http://www.bing.com/bingbot.htm) Chrome/116.0.1938.76 Safari/537.36"
3.221.50.71 - - [16/Nov/2024:07:11:45 +0000] "GET /233034gbzsetidm87.html HTTP/1.1" 404 30914 "-" "Mozilla/5.0 (Macintosh; Intel Mac OS X 10_10_1) AppleWebKit/600.2.5 (KHTML, like Gecko) Version/8.0.2 Safari/600.2.5 (Amazonbot/0.1; +https://developer.amazon.com/support/amazonbot)"
157.55.39.62 - - [16/Nov/2024:07:11:46 +0000] "GET /338200910 HTTP/1.1" 200 27619 "-" "Mozilla/5.0 AppleWebKit/537.36 (KHTML, like Gecko; compatible; bingbot/2.0; +http://www.bing.com/bingbot.htm) Chrome/116.0.1938.76 Safari/537.36"
85.208.96.199 - - [16/Nov/2024:07:11:48 +0000] "GET /110274ygvoetidm90.html HTTP/1.1" 500 5 "-" "Mozilla/5.0 (compatible; SemrushBot/7~bl; +http://www.semrush.com/bot.html)"
3.210.223.61 - - [16/Nov/2024:07:11:49 +0000] "GET /40717yhreucbhbtion.htm HTTP/1.1" 404 30919 "-" "Mozilla/5.0 (Macintosh; Intel Mac OS X 10_10_1) AppleWebKit/600.2.5 (KHTML, like Gecko) Version/8.0.2 Safari/600.2.5 (Amazonbot/0.1; +https://developer.amazon.com/support/amazonbot)"
157.55.39.62 - - [16/Nov/2024:07:11:50 +0000] "GET /280603070 HTTP/1.1" 200 23968 "-" "Mozilla/5.0 AppleWebKit/537.36 (KHTML, like Gecko; compatible; bingbot/2.0; +http://www.bing.com/bingbot.htm) Chrome/116.0.1938.76 Safari/537.36"
57.141.3.15 - - [16/Nov/2024:07:11:50 +0000] "GET /284568dboyitems/etidm.htm HTTP/1.1" 404 140458 "-" "meta-externalagent/1.1 (+https://developers.facebook.com/docs/sharing/webmasters/crawler)"
157.55.39.62 - - [16/Nov/2024:07:11:51 +0000] "GET /20219510 HTTP/1.1" 200 25485 "-" "Mozilla/5.0 AppleWebKit/537.36 (KHTML, like Gecko; compatible; bingbot/2.0; +http://www.bing.com/bingbot.htm) Chrome/116.0.1938.76 Safari/537.36"
157.55.39.62 - - [16/Nov/2024:07:11:52 +0000] "GET /43780550 HTTP/1.1" 200 31814 "-" "Mozilla/5.0 AppleWebKit/537.36 (KHTML, like Gecko; compatible; bingbot/2.0; +http://www.bing.com/bingbot.htm) Chrome/116.0.1938.76 Safari/537.36"
157.55.39.62 - - [16/Nov/2024:07:11:52 +0000] "GET /47130470 HTTP/1.1" 200 27357 "-" "Mozilla/5.0 AppleWebKit/537.36 (KHTML, like Gecko; compatible; bingbot/2.0; +http://www.bing.com/bingbot.htm) Chrome/116.0.1938.76 Safari/537.36"
44.218.6.93 - - [16/Nov/2024:07:11:53 +0000] "GET /72315gvsfitems/etidm53j.html HTTP/1.1" 404 30900 "-" "Mozilla/5.0 (Macintosh; Intel Mac OS X 10_10_1) AppleWebKit/600.2.5 (KHTML, like Gecko) Version/8.0.2 Safari/600.2.5 (Amazonbot/0.1; +https://developer.amazon.com/support/amazonbot)"
157.55.39.62 - - [16/Nov/2024:07:11:53 +0000] "GET /324381470 HTTP/1.1" 200 29496 "-" "Mozilla/5.0 AppleWebKit/537.36 (KHTML, like Gecko; compatible; bingbot/2.0; +http://www.bing.com/bingbot.htm) Chrome/116.0.1938.76 Safari/537.36"
157.55.39.62 - - [16/Nov/2024:07:11:54 +0000] "GET /215840150 HTTP/1.1" 200 24155 "-" "Mozilla/5.0 AppleWebKit/537.36 (KHTML, like Gecko; compatible; bingbot/2.0; +http://www.bing.com/bingbot.htm) Chrome/116.0.1938.76 Safari/537.36"
157.55.39.62 - - [16/Nov/2024:07:11:55 +0000] "GET /271069670 HTTP/1.1" 200 26765 "-" "Mozilla/5.0 AppleWebKit/537.36 (KHTML, like Gecko; compatible; bingbot/2.0; +http://www.bing.com/bingbot.htm) Chrome/116.0.1938.76 Safari/537.36"
157.55.39.62 - - [16/Nov/2024:07:11:56 +0000] "GET /254949590 HTTP/1.1" 200 27685 "-" "Mozilla/5.0 AppleWebKit/537.36 (KHTML, like Gecko; compatible; bingbot/2.0; +http://www.bing.com/bingbot.htm) Chrome/116.0.1938.76 Safari/537.36"
157.55.39.62 - - [16/Nov/2024:07:11:58 +0000] "GET /222654350 HTTP/1.1" 200 25022 "-" "Mozilla/5.0 AppleWebKit/537.36 (KHTML, like Gecko; compatible; bingbot/2.0; +http://www.bing.com/bingbot.htm) Chrome/116.0.1938.76 Safari/537.36"
157.55.39.62 - - [16/Nov/2024:07:11:58 +0000] "GET /130845350 HTTP/1.1" 200 31395 "-" "Mozilla/5.0 AppleWebKit/537.36 (KHTML, like Gecko; compatible; bingbot/2.0; +http://www.bing.com/bingbot.htm) Chrome/116.0.1938.76 Safari/537.36"
54.159.18.27 - - [16/Nov/2024:07:11:59 +0000] "GET /217695qmpiitems/etid.html HTTP/1.1" 404 30904 "-" "Mozilla/5.0 (Macintosh; Intel Mac OS X 10_10_1) AppleWebKit/600.2.5 (KHTML, like Gecko) Version/8.0.2 Safari/600.2.5 (Amazonbot/0.1; +https://developer.amazon.com/support/amazonbot)"
157.55.39.62 - - [16/Nov/2024:07:12:00 +0000] "GET /202517990 HTTP/1.1" 200 26429 "-" "Mozilla/5.0 AppleWebKit/537.36 (KHTML, like Gecko; compatible; bingbot/2.0; +http://www.bing.com/bingbot.htm) Chrome/116.0.1938.76 Safari/537.36"
157.55.39.62 - - [16/Nov/2024:07:12:00 +0000] "GET /82220030 HTTP/1.1" 200 26023 "-" "Mozilla/5.0 AppleWebKit/537.36 (KHTML, like Gecko; compatible; bingbot/2.0; +http://www.bing.com/bingbot.htm) Chrome/116.0.1938.76 Safari/537.36"
34.233.114.237 - - [16/Nov/2024:07:12:01 +0000] "GET /69201qmpiitems/etidm1.html HTTP/1.1" 404 30884 "-" "Mozilla/5.0 (Macintosh; Intel Mac OS X 10_10_1) AppleWebKit/600.2.5 (KHTML, like Gecko) Version/8.0.2 Safari/600.2.5 (Amazonbot/0.1; +https://developer.amazon.com/support/amazonbot)"
157.55.39.62 - - [16/Nov/2024:07:12:02 +0000] "GET /254192990 HTTP/1.1" 200 25119 "-" "Mozilla/5.0 AppleWebKit/537.36 (KHTML, like Gecko; compatible; bingbot/2.0; +http://www.bing.com/bingbot.htm) Chrome/116.0.1938.76 Safari/537.36"
157.55.39.62 - - [16/Nov/2024:07:12:02 +0000] "GET /35935670 HTTP/1.1" 200 32209 "-" "Mozilla/5.0 AppleWebKit/537.36 (KHTML, like Gecko; compatible; bingbot/2.0; +http://www.bing.com/bingbot.htm) Chrome/116.0.1938.76 Safari/537.36"
40.77.188.15 - - [16/Nov/2024:07:12:02 +0000] "GET /189953750 HTTP/1.1" 200 26225 "https://guide.quickscrum.com/189953750" "Mozilla/5.0 AppleWebKit/537.36 (KHTML, like Gecko; compatible; bingbot/2.0; +http://www.bing.com/bingbot.htm) Chrome/112.0.0.0 Safari/537.36"
115.246.36.228 - - [16/Nov/2024:07:12:02 +0000] "GET /wp-content/uploads/2021/01/scrum-36x36.png HTTP/1.1" 200 2454 "https://www.quickscrum.com/" "Mozilla/5.0 (Windows NT 10.0; Win64; x64) AppleWebKit/537.36 (KHTML, like Gecko) Chrome/131.0.0.0 Safari/537.36"
115.246.36.228 - - [16/Nov/2024:07:12:02 +0000] "GET /wp-content/uploads/2021/01/Kanban-36x36.png HTTP/1.1" 200 1976 "https://www.quickscrum.com/" "Mozilla/5.0 (Windows NT 10.0; Win64; x64) AppleWebKit/537.36 (KHTML, like Gecko) Chrome/131.0.0.0 Safari/537.36"
115.246.36.228 - - [16/Nov/2024:07:12:03 +0000] "GET /wp-content/uploads/2021/01/try-quickscrum-framwork.png HTTP/1.1" 200 82619 "https://www.quickscrum.com/" "Mozilla/5.0 (Windows NT 10.0; Win64; x64) AppleWebKit/537.36 (KHTML, like Gecko) Chrome/131.0.0.0 Safari/537.36"
115.246.36.228 - - [16/Nov/2024:07:12:03 +0000] "GET /wp-content/uploads/2021/01/reduce-bench-size.png HTTP/1.1" 200 50237 "https://www.quickscrum.com/" "Mozilla/5.0 (Windows NT 10.0; Win64; x64) AppleWebKit/537.36 (KHTML, like Gecko) Chrome/131.0.0.0 Safari/537.36"
115.246.36.228 - - [16/Nov/2024:07:12:03 +0000] "GET /wp-content/uploads/2021/01/accelerate-the-project-execution.png HTTP/1.1" 200 47771 "https://www.quickscrum.com/" "Mozilla/5.0 (Windows NT 10.0; Win64; x64) AppleWebKit/537.36 (KHTML, like Gecko) Chrome/131.0.0.0 Safari/537.36"
115.246.36.228 - - [16/Nov/2024:07:12:03 +0000] "GET /wp-content/uploads/2021/01/increase-the-revenue.png HTTP/1.1" 200 30598 "https://www.quickscrum.com/" "Mozilla/5.0 (Windows NT 10.0; Win64; x64) AppleWebKit/537.36 (KHTML, like Gecko) Chrome/131.0.0.0 Safari/537.36"
115.246.36.228 - - [16/Nov/2024:07:12:03 +0000] "GET /wp-content/uploads/2021/02/customer-success-manager.png HTTP/1.1" 200 26565 "https://www.quickscrum.com/" "Mozilla/5.0 (Windows NT 10.0; Win64; x64) AppleWebKit/537.36 (KHTML, like Gecko) Chrome/131.0.0.0 Safari/537.36"
115.246.36.228 - - [16/Nov/2024:07:12:03 +0000] "GET /wp-content/uploads/2021/02/all-In-one-scrum-tool.png HTTP/1.1" 200 23390 "https://www.quickscrum.com/" "Mozilla/5.0 (Windows NT 10.0; Win64; x64) AppleWebKit/537.36 (KHTML, like Gecko) Chrome/131.0.0.0 Safari/537.36"
115.246.36.228 - - [16/Nov/2024:07:12:03 +0000] "GET /wp-content/uploads/2021/02/free-on-boarding-training.png HTTP/1.1" 200 19291 "https://www.quickscrum.com/" "Mozilla/5.0 (Windows NT 10.0; Win64; x64) AppleWebKit/537.36 (KHTML, like Gecko) Chrome/131.0.0.0 Safari/537.36"
115.246.36.228 - - [16/Nov/2024:07:12:03 +0000] "GET /wp-content/uploads/2021/02/process-consulting-coaching.png HTTP/1.1" 200 29428 "https://www.quickscrum.com/" "Mozilla/5.0 (Windows NT 10.0; Win64; x64) AppleWebKit/537.36 (KHTML, like Gecko) Chrome/131.0.0.0 Safari/537.36"
115.246.36.228 - - [16/Nov/2024:07:12:03 +0000] "GET /wp-content/uploads/2021/02/customization-and-Integration.png HTTP/1.1" 200 29466 "https://www.quickscrum.com/" "Mozilla/5.0 (Windows NT 10.0; Win64; x64) AppleWebKit/537.36 (KHTML, like Gecko) Chrome/131.0.0.0 Safari/537.36"
115.246.36.228 - - [16/Nov/2024:07:12:03 +0000] "GET /wp-content/uploads/2021/02/data-migration.png HTTP/1.1" 200 17353 "https://www.quickscrum.com/" "Mozilla/5.0 (Windows NT 10.0; Win64; x64) AppleWebKit/537.36 (KHTML, like Gecko) Chrome/131.0.0.0 Safari/537.36"
115.246.36.228 - - [16/Nov/2024:07:12:03 +0000] "GET /wp-content/uploads/2019/03/02-1.jpg HTTP/1.1" 200 2102 "https://www.quickscrum.com/" "Mozilla/5.0 (Windows NT 10.0; Win64; x64) AppleWebKit/537.36 (KHTML, like Gecko) Chrome/131.0.0.0 Safari/537.36"
115.246.36.228 - - [16/Nov/2024:07:12:03 +0000] "GET /wp-content/uploads/2019/03/01-2.jpg HTTP/1.1" 200 2439 "https://www.quickscrum.com/" "Mozilla/5.0 (Windows NT 10.0; Win64; x64) AppleWebKit/537.36 (KHTML, like Gecko) Chrome/131.0.0.0 Safari/537.36"
115.246.36.228 - - [16/Nov/2024:07:12:03 +0000] "GET /wp-content/uploads/2019/03/05.jpg HTTP/1.1" 200 2499 "https://www.quickscrum.com/" "Mozilla/5.0 (Windows NT 10.0; Win64; x64) AppleWebKit/537.36 (KHTML, like Gecko) Chrome/131.0.0.0 Safari/537.36"
115.246.36.228 - - [16/Nov/2024:07:12:03 +0000] "GET /wp-content/uploads/2020/04/05.jpg HTTP/1.1" 200 3160 "https://www.quickscrum.com/" "Mozilla/5.0 (Windows NT 10.0; Win64; x64) AppleWebKit/537.36 (KHTML, like Gecko) Chrome/131.0.0.0 Safari/537.36"
115.246.36.228 - - [16/Nov/2024:07:12:03 +0000] "GET /wp-content/uploads/2019/03/03-2.jpg HTTP/1.1" 200 4383 "https://www.quickscrum.com/" "Mozilla/5.0 (Windows NT 10.0; Win64; x64) AppleWebKit/537.36 (KHTML, like Gecko) Chrome/131.0.0.0 Safari/537.36"
115.246.36.228 - - [16/Nov/2024:07:12:03 +0000] "GET /wp-content/uploads/2019/03/07-1.jpg HTTP/1.1" 200 4331 "https://www.quickscrum.com/" "Mozilla/5.0 (Windows NT 10.0; Win64; x64) AppleWebKit/537.36 (KHTML, like Gecko) Chrome/131.0.0.0 Safari/537.36"
115.246.36.228 - - [16/Nov/2024:07:12:03 +0000] "GET /wp-content/uploads/2019/03/08-1.jpg HTTP/1.1" 200 3657 "https://www.quickscrum.com/" "Mozilla/5.0 (Windows NT 10.0; Win64; x64) AppleWebKit/537.36 (KHTML, like Gecko) Chrome/131.0.0.0 Safari/537.36"
115.246.36.228 - - [16/Nov/2024:07:12:03 +0000] "GET /wp-content/uploads/2019/03/06.jpg HTTP/1.1" 200 2665 "https://www.quickscrum.com/" "Mozilla/5.0 (Windows NT 10.0; Win64; x64) AppleWebKit/537.36 (KHTML, like Gecko) Chrome/131.0.0.0 Safari/537.36"
157.55.39.62 - - [16/Nov/2024:07:12:03 +0000] "GET /66326390 HTTP/1.1" 200 41619 "-" "Mozilla/5.0 AppleWebKit/537.36 (KHTML, like Gecko; compatible; bingbot/2.0; +http://www.bing.com/bingbot.htm) Chrome/116.0.1938.76 Safari/537.36"
115.246.36.228 - - [16/Nov/2024:07:12:03 +0000] "GET /wp-content/uploads/2019/03/guesttalk.jpg HTTP/1.1" 200 2622 "https://www.quickscrum.com/" "Mozilla/5.0 (Windows NT 10.0; Win64; x64) AppleWebKit/537.36 (KHTML, like Gecko) Chrome/131.0.0.0 Safari/537.36"
115.246.36.228 - - [16/Nov/2024:07:12:03 +0000] "GET /wp-content/uploads/2019/03/10.jpg HTTP/1.1" 200 3126 "https://www.quickscrum.com/" "Mozilla/5.0 (Windows NT 10.0; Win64; x64) AppleWebKit/537.36 (KHTML, like Gecko) Chrome/131.0.0.0 Safari/537.36"
115.246.36.228 - - [16/Nov/2024:07:12:03 +0000] "GET /wp-content/uploads/2019/03/11.jpg HTTP/1.1" 200 2812 "https://www.quickscrum.com/" "Mozilla/5.0 (Windows NT 10.0; Win64; x64) AppleWebKit/537.36 (KHTML, like Gecko) Chrome/131.0.0.0 Safari/537.36"
115.246.36.228 - - [16/Nov/2024:07:12:03 +0000] "GET /wp-content/uploads/2019/03/12.jpg HTTP/1.1" 200 2959 "https://www.quickscrum.com/" "Mozilla/5.0 (Windows NT 10.0; Win64; x64) AppleWebKit/537.36 (KHTML, like Gecko) Chrome/131.0.0.0 Safari/537.36"
157.55.39.62 - - [16/Nov/2024:07:12:03 +0000] "GET /74094350 HTTP/1.1" 200 26320 "-" "Mozilla/5.0 AppleWebKit/537.36 (KHTML, like Gecko; compatible; bingbot/2.0; +http://www.bing.com/bingbot.htm) Chrome/116.0.1938.76 Safari/537.36"
157.55.39.62 - - [16/Nov/2024:07:12:04 +0000] "GET /275051270 HTTP/1.1" 200 23754 "-" "Mozilla/5.0 AppleWebKit/537.36 (KHTML, like Gecko; compatible; bingbot/2.0; +http://www.bing.com/bingbot.htm) Chrome/116.0.1938.76 Safari/537.36"
157.55.39.62 - - [16/Nov/2024:07:12:05 +0000] "GET /84686030 HTTP/1.1" 200 34178 "-" "Mozilla/5.0 AppleWebKit/537.36 (KHTML, like Gecko; compatible; bingbot/2.0; +http://www.bing.com/bingbot.htm) Chrome/116.0.1938.76 Safari/537.36"
52.0.105.244 - - [16/Nov/2024:07:12:05 +0000] "GET /268502gbzsitems/eti HTTP/1.1" 404 30902 "-" "Mozilla/5.0 (Macintosh; Intel Mac OS X 10_10_1) AppleWebKit/600.2.5 (KHTML, like Gecko) Version/8.0.2 Safari/600.2.5 (Amazonbot/0.1; +https://developer.amazon.com/support/amazonbot)"
157.55.39.62 - - [16/Nov/2024:07:12:06 +0000] "GET /126558470 HTTP/1.1" 200 27301 "-" "Mozilla/5.0 AppleWebKit/537.36 (KHTML, like Gecko; compatible; bingbot/2.0; +http://www.bing.com/bingbot.htm) Chrome/116.0.1938.76 Safari/537.36"
157.55.39.62 - - [16/Nov/2024:07:12:06 +0000] "GET /148554230 HTTP/1.1" 200 31258 "-" "Mozilla/5.0 AppleWebKit/537.36 (KHTML, like Gecko; compatible; bingbot/2.0; +http://www.bing.com/bingbot.htm) Chrome/116.0.1938.76 Safari/537.36"
57.141.3.9 - - [16/Nov/2024:07:12:08 +0000] "GET /11508wgwwetidm86qw.html HTTP/1.1" 404 140479 "-" "meta-externalagent/1.1 (+https://developers.facebook.com/docs/sharing/webmasters/crawler)"
157.55.39.62 - - [16/Nov/2024:07:12:08 +0000] "GET /45526550 HTTP/1.1" 200 31414 "-" "Mozilla/5.0 AppleWebKit/537.36 (KHTML, like Gecko; compatible; bingbot/2.0; +http://www.bing.com/bingbot.htm) Chrome/116.0.1938.76 Safari/537.36"
157.55.39.62 - - [16/Nov/2024:07:12:08 +0000] "GET /49591670 HTTP/1.1" 200 30015 "-" "Mozilla/5.0 AppleWebKit/537.36 (KHTML, like Gecko; compatible; bingbot/2.0; +http://www.bing.com/bingbot.htm) Chrome/116.0.1938.76 Safari/537.36"
34.194.226.74 - - [16/Nov/2024:07:12:09 +0000] "GET /260986tbjqitems/etidm23.htm HTTP/1.1" 404 30905 "-" "Mozilla/5.0 (Macintosh; Intel Mac OS X 10_10_1) AppleWebKit/600.2.5 (KHTML, like Gecko) Version/8.0.2 Safari/600.2.5 (Amazonbot/0.1; +https://developer.amazon.com/support/amazonbot)"
157.55.39.62 - - [16/Nov/2024:07:12:09 +0000] "GET /169831550 HTTP/1.1" 200 25472 "-" "Mozilla/5.0 AppleWebKit/537.36 (KHTML, like Gecko; compatible; bingbot/2.0; +http://www.bing.com/bingbot.htm) Chrome/116.0.1938.76 Safari/537.36"
157.55.39.62 - - [16/Nov/2024:07:12:10 +0000] "GET /98552030 HTTP/1.1" 200 27336 "-" "Mozilla/5.0 AppleWebKit/537.36 (KHTML, like Gecko; compatible; bingbot/2.0; +http://www.bing.com/bingbot.htm) Chrome/116.0.1938.76 Safari/537.36"
157.55.39.62 - - [16/Nov/2024:07:12:13 +0000] "GET /96340910 HTTP/1.1" 200 32193 "-" "Mozilla/5.0 AppleWebKit/537.36 (KHTML, like Gecko; compatible; bingbot/2.0; +http://www.bing.com/bingbot.htm) Chrome/116.0.1938.76 Safari/537.36"
98.82.40.168 - - [16/Nov/2024:07:12:13 +0000] "GET /218250gbzsetidm21.html HTTP/1.1" 404 30915 "-" "Mozilla/5.0 (Macintosh; Intel Mac OS X 10_10_1) AppleWebKit/600.2.5 (KHTML, like Gecko) Version/8.0.2 Safari/600.2.5 (Amazonbot/0.1; +https://developer.amazon.com/support/amazonbot)"
157.55.39.62 - - [16/Nov/2024:07:12:14 +0000] "GET /200140550 HTTP/1.1" 200 25575 "-" "Mozilla/5.0 AppleWebKit/537.36 (KHTML, like Gecko; compatible; bingbot/2.0; +http://www.bing.com/bingbot.htm) Chrome/116.0.1938.76 Safari/537.36"
3.221.156.96 - - [16/Nov/2024:07:12:17 +0000] "GET /165466zmdditems/etidm12.htm HTTP/1.1" 404 30904 "-" "Mozilla/5.0 (Macintosh; Intel Mac OS X 10_10_1) AppleWebKit/600.2.5 (KHTML, like Gecko) Version/8.0.2 Safari/600.2.5 (Amazonbot/0.1; +https://developer.amazon.com/support/amazonbot)"
157.55.39.62 - - [16/Nov/2024:07:12:18 +0000] "GET /268029590 HTTP/1.1" 200 24143 "-" "Mozilla/5.0 AppleWebKit/537.36 (KHTML, like Gecko; compatible; bingbot/2.0; +http://www.bing.com/bingbot.htm) Chrome/116.0.1938.76 Safari/537.36"
157.55.39.62 - - [16/Nov/2024:07:12:20 +0000] "GET /270983630 HTTP/1.1" 200 24620 "-" "Mozilla/5.0 AppleWebKit/537.36 (KHTML, like Gecko; compatible; bingbot/2.0; +http://www.bing.com/bingbot.htm) Chrome/116.0.1938.76 Safari/537.36"
50.19.79.213 - - [16/Nov/2024:07:12:20 +0000] "GET /254290tbjqitems/etidm74.htm HTTP/1.1" 404 30903 "-" "Mozilla/5.0 (Macintosh; Intel Mac OS X 10_10_1) AppleWebKit/600.2.5 (KHTML, like Gecko) Version/8.0.2 Safari/600.2.5 (Amazonbot/0.1; +https://developer.amazon.com/support/amazonbot)"
157.55.39.62 - - [16/Nov/2024:07:12:21 +0000] "GET /85717790 HTTP/1.1" 200 30437 "-" "Mozilla/5.0 AppleWebKit/537.36 (KHTML, like Gecko; compatible; bingbot/2.0; +http://www.bing.com/bingbot.htm) Chrome/116.0.1938.76 Safari/537.36"
157.55.39.62 - - [16/Nov/2024:07:12:22 +0000] "GET /240492110 HTTP/1.1" 200 24423 "-" "Mozilla/5.0 AppleWebKit/537.36 (KHTML, like Gecko; compatible; bingbot/2.0; +http://www.bing.com/bingbot.htm) Chrome/116.0.1938.76 Safari/537.36"
157.55.39.62 - - [16/Nov/2024:07:12:23 +0000] "GET /319389710 HTTP/1.1" 200 23689 "-" "Mozilla/5.0 AppleWebKit/537.36 (KHTML, like Gecko; compatible; bingbot/2.0; +http://www.bing.com/bingbot.htm) Chrome/116.0.1938.76 Safari/537.36"
157.55.39.62 - - [16/Nov/2024:07:12:23 +0000] "GET /201720710 HTTP/1.1" 200 24945 "-" "Mozilla/5.0 AppleWebKit/537.36 (KHTML, like Gecko; compatible; bingbot/2.0; +http://www.bing.com/bingbot.htm) Chrome/116.0.1938.76 Safari/537.36"
127.0.0.1 - - [16/Nov/2024:07:12:23 +0000] "POST /wp-cron.php?doing_wp_cron=1731741143.4737319946289062500000 HTTP/1.1" 500 5 "-" "WordPress/6.6.2; https://guide.quickscrum.com"
157.55.39.62 - - [16/Nov/2024:07:12:24 +0000] "GET /115445510 HTTP/1.1" 200 25515 "-" "Mozilla/5.0 AppleWebKit/537.36 (KHTML, like Gecko; compatible; bingbot/2.0; +http://www.bing.com/bingbot.htm) Chrome/116.0.1938.76 Safari/537.36"
157.55.39.62 - - [16/Nov/2024:07:12:24 +0000] "GET /60607070 HTTP/1.1" 200 27548 "-" "Mozilla/5.0 AppleWebKit/537.36 (KHTML, like Gecko; compatible; bingbot/2.0; +http://www.bing.com/bingbot.htm) Chrome/116.0.1938.76 Safari/537.36"
184.73.167.217 - - [16/Nov/2024:07:12:25 +0000] "GET /270465tbjqitems/etidm4.html HTTP/1.1" 404 30905 "-" "Mozilla/5.0 (Macintosh; Intel Mac OS X 10_10_1) AppleWebKit/600.2.5 (KHTML, like Gecko) Version/8.0.2 Safari/600.2.5 (Amazonbot/0.1; +https://developer.amazon.com/support/amazonbot)"
157.55.39.62 - - [16/Nov/2024:07:12:25 +0000] "GET /288185510 HTTP/1.1" 200 24860 "-" "Mozilla/5.0 AppleWebKit/537.36 (KHTML, like Gecko; compatible; bingbot/2.0; +http://www.bing.com/bingbot.htm) Chrome/116.0.1938.76 Safari/537.36"
